	
	
	
	
{"id":9248,"date":"2024-05-09T23:25:36","date_gmt":"2024-05-09T21:25:36","guid":{"rendered":"https:\/\/www.grintoura.fr\/product\/les-sens-en-herbe-paysans-distillateurs\/"},"modified":"2024-05-09T23:25:36","modified_gmt":"2024-05-09T21:25:36","slug":"les-sens-en-herbe-paysans-distillateurs","status":"publish","type":"product","link":"https:\/\/www.grintoura.fr\/en\/product\/les-sens-en-herbe-paysans-distillateurs\/","title":{"rendered":"Les Sens en herbe \u2013 Paysans Distillateurs"},"content":{"rendered":"<p>Pendant ses dix ann\u00e9es en tant qu\u2019ing\u00e9nieur dans l\u2019automobile et l\u2019a\u00e9ronautique en r\u00e9gion parisienne, de folles id\u00e9es trottent dans les pens\u00e9es de Ga\u00e9tan.<\/p>\n<p>C\u2019est un r\u00eave d\u2019enfant qui m\u00eale le travail de la terre, la vie de la ferme entour\u00e9e d\u2019animaux et les plantes aromatiques et m\u00e9dicinales. C\u2019est \u00e9galement, une imp\u00e9rieuse n\u00e9cessit\u00e9 de reconnecter sa vie \u00e0 ce qui fait sens pour lui et ses proches.<\/p>\n<p>Apr\u00e8s presque 2 ans de pr\u00e9paration, Ga\u00e9tan lance les Sens en Herbe en 2017. Il s\u2019agit d\u2019une ferme de culture, de cueillette sauvage et de transformation de plantes aromatiques et m\u00e9dicinales. Au coeur, l\u2019alambic distillera les plantes pour obtenir huiles essentielles et hydrolats.<\/p>\n<p>Pendant ce temps l\u00e0 et de son c\u00f4t\u00e9, Na\u00efs r\u00eave elle aussi de retrouver la campagne de son enfance, celle des cueillettes des fruits et l\u00e9gumes sortis ce jour, celle des longues promenades \u00e0 pieds ou \u00e0 v\u00e9lo o\u00f9 l\u2019on apprend le nom des fleurs et des arbres, celle des petits ruisseaux aux lits de pierres o\u00f9 l\u2019on aime se mouiller l\u2019\u00e9t\u00e9.<\/p>\n<p>Vivre \u00e0 la campagne compl\u00e8tement! Pas juste le soir ou le week-end pour se reposer. Vivre \u00e0 la campagne, faire pousser, fabriquer, rythmer ses journ\u00e9es et ses ann\u00e9es sur celles du soleil et des saisons.<\/p>\n<p>Alors de son c\u00f4t\u00e9 Na\u00efs invente une ferme et commence \u00e0 distiller.<\/p>\n<p>En 2019 Ga\u00e9tan et Na\u00efs se rencontrent \u201caux SIMPLES\u201d, aux r\u00e9unions du syndicat des SIMPLES. Puis na\u00eet l\u2019id\u00e9e de travailler ensemble. Pour la saison 2022, Na\u00efs rejoindra donc l\u2019aventure!<\/p>\n<p>Aujourd\u2019hui nous sommes donc tous deux associ\u00e9s, tant dans les champs qu\u2019\u00e0 la distillation ou au laboratoire, pour poursuivre le chemin.<\/p>\n<p>&nbsp;<\/p>\n<p><em>Nos labels qualit\u00e9<\/em><\/p>\n<p>Nous respectons le cahier des charges de l\u2019agriculture biologique qui repr\u00e9sente le stricte minimum \u00e0 nos yeux\u2026 Pour aller plus loin dans la d\u00e9marche de respect de l\u2019environnement et de qualit\u00e9 des produits propos\u00e9s, nous avons fait le choix de deux autres labels qui ont beaucoup de sens \u00e0 nos yeux.<\/p>\n<p>&nbsp;<\/p>\n<p>Nous sommes labellis\u00e9s Syndicat des SIMPLES (Syndicat professionnel de productrices et de producteurs de plantes aromatiques et m\u00e9dicinales).\u00a0 Il s\u2019agit d\u2019un label propre aux plantes m\u00e9dicinales et qui d\u00e9taille dans son cahier des charges un grand nombre de points \u00e0 respecter comme les semis, la culture, la cueillette, la distillation, la transformation cosm\u00e9tique, etc. Vous retrouverez le cahier des charges ici https:\/\/www.syndicat-simples.org\/le-cahier-des-charges\/\u00a0 \u00e0 sa lecture, vous d\u00e9couvrirez la multitudes d\u2019\u00e9l\u00e9ments qui m\u00e9ritent une attention particuli\u00e8re pour parvenir \u00e0 proposer des produits de haute qualit\u00e9!<\/p>\n<p>&nbsp;<\/p>\n<p>Enfin, nous avons fait le choix d\u2019\u00eatre labellis\u00e9s Nature et Progr\u00e8s. Il s\u2019agit d\u2019une association qui promeut l\u2019agriculture paysanne depuis 1964. Au sein de l\u2019association, nous sommes au contact de paysans oeuvrant \u00e0 d\u2019autres productions que celle de plantes m\u00e9dicinales. Cela nous permet de nous enrichir de pratiques issues d\u2019autres milieux.\u00a0 Aussi, nous nous sentons appartenir au monde paysan et cela fait sens \u00e0 nos yeux de partager cela avec d\u2019autres producteurs.<\/p>\n<p>&nbsp;<\/p>\n<p><em>L\u2019utilisation de la traction animale a \u00e9t\u00e9 tout un chemin\u2026<\/em><\/p>\n<p>La premi\u00e8re jument Daisy (\u00e0 droite sur la photo) est arriv\u00e9e d\u00e8s 2017. Rapidement, elle a d\u00e9velopp\u00e9e un kyste osseux au niveau de l\u2019\u00e9paule droite rendant son utilisation impossible. Par\u00a0la suite, Arianne est arriv\u00e9e. Nous n\u2019avons jamais pu travailler sereinement ensemble, elle repartie apr\u00e8s une ann\u00e9e.Finalement Quarmina (\u00e0 gauche sur la photo) est arriv\u00e9e en\u00a0Novembre 2018 sur la ferme. Avec elle c\u2019est un r\u00e9el bonheur. Au quotidien, comme\u00a0dans le travail on fait une superbe \u00e9quipe.<\/p>\n<p>Nous avons choisi la traction animale avec une jument pour la pr\u00e9paration des terrains (travail du sol l\u00e9ger en surface) et le d\u00e9sherbage entre les rangs. Le travail du sol se fait principalement au printemps avant le repiquage des plants produits dans les serres et \u00e0 l\u2019automne pour la mise en place des engrais. Ce choix est anim\u00e9 par le souci de m\u00e9nager la nature et \u00eatre le plus possible ind\u00e9pendants des \u00e9nergies fossiles. Ces pratiques permettent d\u2019\u00eatre au plus pr\u00e8s du vivant: la jument \u00e9quipi\u00e8re, le sol comme \u00e9cosyst\u00e8me et les plantes.<\/p>\n<p>&nbsp;<\/p>\n<p><em>La distillerie<\/em><\/p>\n<p>La production des huiles essentielles et hydrolats bio se fait \u00e0 la ferme dans un b\u00e2timent en ossature de bois local. Nous avons opt\u00e9 pour un alambic de 1000 litres environ en inox de qualit\u00e9 m\u00e9dicinale (316 L).<\/p>\n<p>Pour la production de vapeur une chaudi\u00e8re \u00e0 bois est utilis\u00e9e. Il faut environ une heure de chauffe pour que la vapeur soit pr\u00eate pour la distillation et environ 15kg de bois par heure de chauffe. Le bois qui aliment la chaudi\u00e8re provient des parcelles de la ferme. Quarmina permet de d\u00e9barder le bois. Quel plaisir d\u2019\u00eatre en autonomie avec la source de chaleur et de ne pas d\u00e9pendre du p\u00e9trole ou du gaz.<\/p>\n<p>&nbsp;<\/p>\n<p><em>La cosm\u00e9tique paysanne<\/em><\/p>\n<p>Nos cosm\u00e9tiques ne contiennent absolument aucun produit de l\u2019industrie. Nous avons fait le choix d\u2019ingr\u00e9dients exclusivement issus de l\u2019agriculture paysanne.<\/p>\n<p>Les mati\u00e8res premi\u00e8res sont essentiellement les notres: mac\u00e9rats huileux et huiles essentielles. Nous avons parfois ajout\u00e9 de la cire d\u2019abeille ou une huile v\u00e9g\u00e9tale d\u2019un paysan voisin (Noir\u00e9table (42), Bo\u00ebn(42), Thuret (63)). Notre huile d\u2019olive, la plus lointaine, provient d\u2019Espagne.<\/p>\n<p>Nous avons fait le choix de formuler des produits sans eau (donc sans hydrolats) car sinon, la r\u00e9glementation nous aurait contraint \u00e0 ajouter des conservateurs obtenus par des proc\u00e9d\u00e9s industriels. Pour autant, nous vous conseillons -pour un soin quotidien du visage ou pour une affection cutan\u00e9e- de vaporiser sur votre peau un hydrolat adapt\u00e9 \u00e0 votre besoin puis de venir masser avec l\u2019huile choisie\u00a0 (Visage anti-\u00e2ge ou mac\u00e9rat huileux de calendula par exemple) afin de cr\u00e9er -m\u00e9caniquement \u2013 une \u00e9mulsion et donc une texture cr\u00e8me!<\/p>\n<p>&nbsp;<\/p>\n<p><em>Visite de la ferme<\/em><\/p>\n<p>La ferme vous accueille pour une visite gratuite qui vous enmenera des serres \u00e0 la distillerie en passant par les parcelles de culture.<\/p>\n<p>Vous pourrez \u00e9galement vous arr\u00e9ter \u00e0 la boutiques o\u00f9 trouver des huiles essentielles bio, des hydrolats bio et des produits cosm\u00e9tiques paysans bio.<\/p>\n<p>&nbsp;<\/p>\n<p>De juin \u00e0 septembre \u00e0 15h uniquement sur RDV<\/p>\n<p>contacter Ga\u00e9tan au\u00a0 06 18 25 00 34<\/p>\n<p>&nbsp;<\/p>\n<p>&nbsp;<\/p>","protected":false},"excerpt":{"rendered":"<p>Pendant ses dix ann\u00e9es en tant qu\u2019ing\u00e9nieur dans l\u2019automobile et l\u2019a\u00e9ronautique en r\u00e9gion parisienne, de folles id\u00e9es trottent dans les pens\u00e9es de Ga\u00e9tan. C\u2019est un r\u00eave d\u2019enfant qui m\u00eale le travail de la terre, la vie de la ferme entour\u00e9e d\u2019animaux et les plantes aromatiques et m\u00e9dicinales. C\u2019est \u00e9galement, une imp\u00e9rieuse n\u00e9cessit\u00e9 de reconnecter sa [&hellip;]<\/p>","protected":false},"featured_media":0,"template":"","meta":[],"product_cat":[21],"product_tag":[],"_links":{"self":[{"href":"https:\/\/www.grintoura.fr\/en\/wp-json\/wp\/v2\/product\/9248"}],"collection":[{"href":"https:\/\/www.grintoura.fr\/en\/wp-json\/wp\/v2\/product"}],"about":[{"href":"https:\/\/www.grintoura.fr\/en\/wp-json\/wp\/v2\/types\/product"}],"wp:attachment":[{"href":"https:\/\/www.grintoura.fr\/en\/wp-json\/wp\/v2\/media?parent=9248"}],"wp:term":[{"taxonomy":"product_cat","embeddable":true,"href":"https:\/\/www.grintoura.fr\/en\/wp-json\/wp\/v2\/product_cat?post=9248"},{"taxonomy":"product_tag","embeddable":true,"href":"https:\/\/www.grintoura.fr\/en\/wp-json\/wp\/v2\/product_tag?post=9248"}],"curies":[{"name":"wp","href":"https:\/\/api.w.org\/{rel}","templated":true}]}}

<p>Pendant ses dix années en tant qu’ingénieur dans l’automobile et l’aéronautique en région parisienne, de folles idées trottent dans les pensées de Gaétan.</p>
<p>C’est un rêve d’enfant qui mêle le travail de la terre, la vie de la ferme entourée d’animaux et les plantes aromatiques et médicinales. C’est également, une impérieuse nécessité de reconnecter sa vie à ce qui fait sens pour lui et ses proches.</p>
<p>Après presque 2 ans de préparation, Gaétan lance les Sens en Herbe en 2017. Il s’agit d’une ferme de culture, de cueillette sauvage et de transformation de plantes aromatiques et médicinales. Au coeur, l’alambic distillera les plantes pour obtenir huiles essentielles et hydrolats.</p>
<p>Pendant ce temps là et de son côté, Naïs rêve elle aussi de retrouver la campagne de son enfance, celle des cueillettes des fruits et légumes sortis ce jour, celle des longues promenades à pieds ou à vélo où l’on apprend le nom des fleurs et des arbres, celle des petits ruisseaux aux lits de pierres où l’on aime se mouiller l’été.</p>
<p>Vivre à la campagne complètement! Pas juste le soir ou le week-end pour se reposer. Vivre à la campagne, faire pousser, fabriquer, rythmer ses journées et ses années sur celles du soleil et des saisons.</p>
<p>Alors de son côté Naïs invente une ferme et commence à distiller.</p>
<p>En 2019 Gaétan et Naïs se rencontrent “aux SIMPLES”, aux réunions du syndicat des SIMPLES. Puis naît l’idée de travailler ensemble. Pour la saison 2022, Naïs rejoindra donc l’aventure!</p>
<p>Aujourd’hui nous sommes donc tous deux associés, tant dans les champs qu’à la distillation ou au laboratoire, pour poursuivre le chemin.</p>
<p>&nbsp;</p>
<p><em>Nos labels qualité</em></p>
<p>Nous respectons le cahier des charges de l’agriculture biologique qui représente le stricte minimum à nos yeux… Pour aller plus loin dans la démarche de respect de l’environnement et de qualité des produits proposés, nous avons fait le choix de deux autres labels qui ont beaucoup de sens à nos yeux.</p>
<p>&nbsp;</p>
<p>Nous sommes labellisés Syndicat des SIMPLES (Syndicat professionnel de productrices et de producteurs de plantes aromatiques et médicinales).  Il s’agit d’un label propre aux plantes médicinales et qui détaille dans son cahier des charges un grand nombre de points à respecter comme les semis, la culture, la cueillette, la distillation, la transformation cosmétique, etc. Vous retrouverez le cahier des charges ici https://www.syndicat-simples.org/le-cahier-des-charges/  à sa lecture, vous découvrirez la multitudes d’éléments qui méritent une attention particulière pour parvenir à proposer des produits de haute qualité!</p>
<p>&nbsp;</p>
<p>Enfin, nous avons fait le choix d’être labellisés Nature et Progrès. Il s’agit d’une association qui promeut l’agriculture paysanne depuis 1964. Au sein de l’association, nous sommes au contact de paysans oeuvrant à d’autres productions que celle de plantes médicinales. Cela nous permet de nous enrichir de pratiques issues d’autres milieux.  Aussi, nous nous sentons appartenir au monde paysan et cela fait sens à nos yeux de partager cela avec d’autres producteurs.</p>
<p>&nbsp;</p>
<p><em>L’utilisation de la traction animale a été tout un chemin…</em></p>
<p>La première jument Daisy (à droite sur la photo) est arrivée dès 2017. Rapidement, elle a développée un kyste osseux au niveau de l’épaule droite rendant son utilisation impossible. Par la suite, Arianne est arrivée. Nous n’avons jamais pu travailler sereinement ensemble, elle repartie après une année.Finalement Quarmina (à gauche sur la photo) est arrivée en Novembre 2018 sur la ferme. Avec elle c’est un réel bonheur. Au quotidien, comme dans le travail on fait une superbe équipe.</p>
<p>Nous avons choisi la traction animale avec une jument pour la préparation des terrains (travail du sol léger en surface) et le désherbage entre les rangs. Le travail du sol se fait principalement au printemps avant le repiquage des plants produits dans les serres et à l’automne pour la mise en place des engrais. Ce choix est animé par le souci de ménager la nature et être le plus possible indépendants des énergies fossiles. Ces pratiques permettent d’être au plus près du vivant: la jument équipière, le sol comme écosystème et les plantes.</p>
<p>&nbsp;</p>
<p><em>La distillerie</em></p>
<p>La production des huiles essentielles et hydrolats bio se fait à la ferme dans un bâtiment en ossature de bois local. Nous avons opté pour un alambic de 1000 litres environ en inox de qualité médicinale (316 L).</p>
<p>Pour la production de vapeur une chaudière à bois est utilisée. Il faut environ une heure de chauffe pour que la vapeur soit prête pour la distillation et environ 15kg de bois par heure de chauffe. Le bois qui aliment la chaudière provient des parcelles de la ferme. Quarmina permet de débarder le bois. Quel plaisir d’être en autonomie avec la source de chaleur et de ne pas dépendre du pétrole ou du gaz.</p>
<p>&nbsp;</p>
<p><em>La cosmétique paysanne</em></p>
<p>Nos cosmétiques ne contiennent absolument aucun produit de l’industrie. Nous avons fait le choix d’ingrédients exclusivement issus de l’agriculture paysanne.</p>
<p>Les matières premières sont essentiellement les notres: macérats huileux et huiles essentielles. Nous avons parfois ajouté de la cire d’abeille ou une huile végétale d’un paysan voisin (Noirétable (42), Boën(42), Thuret (63)). Notre huile d’olive, la plus lointaine, provient d’Espagne.</p>
<p>Nous avons fait le choix de formuler des produits sans eau (donc sans hydrolats) car sinon, la réglementation nous aurait contraint à ajouter des conservateurs obtenus par des procédés industriels. Pour autant, nous vous conseillons -pour un soin quotidien du visage ou pour une affection cutanée- de vaporiser sur votre peau un hydrolat adapté à votre besoin puis de venir masser avec l’huile choisie  (Visage anti-âge ou macérat huileux de calendula par exemple) afin de créer -mécaniquement – une émulsion et donc une texture crème!</p>
<p>&nbsp;</p>
<p><em>Visite de la ferme</em></p>
<p>La ferme vous accueille pour une visite gratuite qui vous enmenera des serres à la distillerie en passant par les parcelles de culture.</p>
<p>Vous pourrez également vous arréter à la boutiques où trouver des huiles essentielles bio, des hydrolats bio et des produits cosmétiques paysans bio.</p>
<p>&nbsp;</p>
<p>De juin à septembre à 15h uniquement sur RDV</p>
<p>contacter Gaétan au  06 18 25 00 34</p>
<p>&nbsp;</p>
<p>&nbsp;</p>

<p>Pendant ses dix années en tant qu’ingénieur dans l’automobile et l’aéronautique en région parisienne, de folles idées trottent dans les pensées de Gaétan. C’est un rêve d’enfant qui mêle le travail de la terre, la vie de la ferme entourée d’animaux et les plantes aromatiques et médicinales. C’est également, une impérieuse nécessité de reconnecter sa [&hellip;]</p>
