	
	
	
	
{"id":7579,"date":"2023-10-05T06:46:58","date_gmt":"2023-10-05T04:46:58","guid":{"rendered":"https:\/\/www.grintoura.fr\/product\/lastratella-huiles-essentielles-corses-2\/"},"modified":"2023-10-05T06:51:18","modified_gmt":"2023-10-05T04:51:18","slug":"lastratella-huiles-essentielles-corses-2","status":"publish","type":"product","link":"https:\/\/www.grintoura.fr\/en\/product\/lastratella-huiles-essentielles-corses-2\/","title":{"rendered":"L\u2019Astratella \u2013 Huiles essentielles corses"},"content":{"rendered":"<p>-Ouvert juillet,ao\u00fbt,septembre tous les jours de 10h \u00e0 12h et de 14h \u00e0 19h.<\/p>\n<p>-D&rsquo;octobre \u00e0 juin de 14h \u00e0 19h sauf Janvier F\u00e9vrier Mars sur rendez-vous<\/p>\n<p>-Jour de fermeture le dimanche.<\/p>\n<p>&nbsp;<\/p>\n<p><strong>La petite histoire d&rsquo;Astratella<\/strong><\/p>\n<p>Astratella (qui veut dire genevrier nain en langue corse) est avant tout une belle histoire. Celle d\u2019une rencontre, d\u2019un projet, d\u2019une r\u00e9sistance.<\/p>\n<p>La rencontre a lieu au c\u0153ur des terres, \u00e0 Cort\u00e9, \u00e0 la fin des ann\u00e9es 1980. Une association voit le jour pour tenter de d\u00e9velopper une plateforme \u00e9conomique viable sur l\u2019\u00eele. N\u00f6elle Irolla est la jeune employ\u00e9e recrut\u00e9e par le groupe cortenais, Milou Corteggiani est aussi engag\u00e9e dans l\u2019aventure. Na\u00eet alors une amiti\u00e9 forte entre les deux femmes qui d\u00e9cident de fonder \u00e0 Lumio (r\u00e9gion dont est originaire No\u00eblle) le GAEC Astratella, en ao\u00fbt 1993, avec pour passion commune : a tarra, la terre.<\/p>\n<p>Ensemble, elles apprendront l\u2019aromath\u00e9rapie, les techniques de distillerie, \u00e0 Carg\u00e8se au sein de la premi\u00e8re infrastructure de l\u2019\u00e9poque. Trente ans plus tard, l\u2019Astratella propose \u00e0 la vente une gamme d&rsquo;huiles essentielles et hydrolats et d&rsquo;huiles de massage pour apaiser beaucoup de maux.<\/p>\n<p>\u00ab\u00a0Notre volont\u00e9 est de cr\u00e9er un laboratoire cosm\u00e9tique, explique Milou, afin de pouvoir transformer nos cueillettes de plantes sauvages et le fruit de nos cultures. Car pouvoir transmettre ce savoir est pr\u00e9cieux.\u00a0\u00bb Les plantes sauvages et la connaissance de leurs vertus sont comme un retour aux sources indispensable.<\/p>\n<p>&nbsp;<\/p>\n<p>&nbsp;<\/p>\n<p><strong>HUILES ESSENTIELLES, HUILES DE MASSAGE, HYDROLATS<\/strong><\/p>\n<p>Face \u00e0 la baie de Calvi en Balagne, le magnifique village de Lumio accueille cette petite unit\u00e9 de distillation \u00e0 caract\u00e8re familial.<\/p>\n<p>Cr\u00e9\u00e9e il y a une trentaine d\u2019ann\u00e9es, elle a su pr\u00e9server, tout en se d\u00e9veloppant la qualit\u00e9 biologique et artisanale de ses huiles essentielles et de ses eaux florales dont la r\u00e9putation n\u2019est plus \u00e0 faire \u00e0 travers le monde.<\/p>\n<p>Et c\u2019est depuis une dizaine d\u2019ann\u00e9e qu\u2019un laboratoire de produits cosm\u00e9tiques a vu le jour, permettant d\u2019\u00e9toffer la gamme d\u2019une vingtaine d\u2019huiles de massage.<\/p>\n<p>&nbsp;<\/p>\n<p>&nbsp;<\/p>\n<p><strong>De la cueillette \u00e0 l&rsquo;huile essentielle<\/strong><\/p>\n<p>Si certaines plantes peuvent \u00eatre cueillies toute l&rsquo;ann\u00e9e, la plupart ont une p\u00e9riode de coupe bien pr\u00e9cise. L&rsquo;esp\u00e8ce et le cycle botanique de la plante, ses exigences en mati\u00e8re d&rsquo;ensoleillement, de quantit\u00e9 pluviom\u00e9trique\u2026 sont d&rsquo;autant d&rsquo;\u00e9l\u00e9ments que le cueilleur doit obligatoirement ma\u00eetriser afin de pouvoir d&rsquo;une part g\u00e9rer au mieux ses sites de cueillettes, et d&rsquo;autre part assurer une qualit\u00e9 biochimique constante de l&rsquo;huile essentielle.<\/p>\n<p>La cueillette se pratique soit \u00e0 la faucille, soit au s\u00e9cateur en respectant une hauteur de coupe bien d\u00e9finie. La plante, fra\u00eechement cueillie, est achemin\u00e9e \u00e0 la distillerie o\u00f9 elle est transform\u00e9e dans les heures qui suivent la cueillette.<\/p>\n<p>Si quelques esp\u00e8ces sont au pr\u00e9alable broy\u00e9es afin de faciliter le \u00ab\u00a0travail\u00a0\u00bb de la vapeur, la majorit\u00e9 des plantes que nous ramassons sont mises tel quel dans la cuve et tass\u00e9es l\u00e9g\u00e8rement. Cette derni\u00e8re remplie (capacit\u00e9 de la cuve 1200 litres, env. 350 kg de plantes fra\u00eeches), la vapeur va p\u00e9n\u00e9trer \u00e0 pression atmosph\u00e9rique dans la rampe vapeur situ\u00e9e au fond de la cuve. C&rsquo;est en traversant toute la hauteur des plantes qu&rsquo;elle va entra\u00eener l&rsquo;essence contenue dans les appareils s\u00e9cr\u00e9teurs jusque dans le serpentin r\u00e9frig\u00e9rant. Au contact du froid, la vapeur va passer en phase aqueuse et l&rsquo;essence va subir des r\u00e9actions physico-chimiques pour donner la phase huileuse.<\/p>\n<p>L&rsquo;huile essentielle est donc l&rsquo;essence de la plante distill\u00e9e \u00e0 la vapeur. C&rsquo;est ensuite dans l&rsquo;essencier que nous retrouverons les deux phases\u00a0: la phase huileuse, plus l\u00e9g\u00e8re que l&rsquo;eau sera recueillie par le bec verseur en bouchant la \u00ab\u00a0sortie\u00a0\u00bb hydrolat (ou eau florale ou eau de distillation).<\/p>\n<p>L&rsquo;huile essentielle sera entrepos\u00e9e dans un endroit frais \u00e0 l&rsquo;abri de la lumi\u00e8re o\u00f9 elle reposera pour \u00eatre ensuite filtr\u00e9e et conditionn\u00e9e. C&rsquo;est en traversant toute la hauteur des plantes qu&rsquo;elle va entra\u00eener l&rsquo;essence contenue dans les appareils s\u00e9cr\u00e9teurs jusque dans le serpentin r\u00e9frig\u00e9rant. Au contact du froid, la vapeur va passer en phase aqueuse et l&rsquo;essence va subir des r\u00e9actions physico-chimiques pour donner la phase huileuse.<\/p>\n<p>&nbsp;<\/p>\n<p>&nbsp;<\/p>\n<p><strong>UNIQUE ET AUTHENTIQUE<\/strong><\/p>\n<p>Une sp\u00e9cificit\u00e9 de la flore insulaire encore pr\u00e9serv\u00e9e.<br \/>\nUne ma\u00eetrise totale dans la connaissance du cycle de la plante et de sa cueillette jusqu\u2019\u00e0 la transformation en huile essentielle.<\/p>\n<p>Une certification des esp\u00e8ces botaniques et une labellisation biologique de l\u2019huile essentielle assurant au consommateur un suivi qualit\u00e9.<\/p>\n<p>Une \u00e9troite collaboration avec un docteur en m\u00e9decine et un docteur en chimie permet de proposer toute une gamme cosm\u00e9tique \u00e9labor\u00e9e avec des ingr\u00e9dients issus de l\u2019Agriculture Biologique et ceci dans le respect de la s\u00e9curit\u00e9 et du confort du consommateur.<\/p>\n<p>&nbsp;<\/p>\n<p>&nbsp;<\/p>\n<p>&nbsp;<\/p>\n<p>&nbsp;<\/p>\n<p>&nbsp;<\/p>\n<p>Pour tous conseils, questions ou commentaires, n&rsquo;h\u00e9sitez pas \u00e0 nous contacter.<\/p>\n<p>+33(0)6 87 28 32 45<\/p>\n<p>info@astratella.com<\/p>","protected":false},"excerpt":{"rendered":"<p>-Ouvert juillet,ao\u00fbt,septembre tous les jours de 10h \u00e0 12h et de 14h \u00e0 19h. -D&rsquo;octobre \u00e0 juin de 14h \u00e0 19h sauf Janvier F\u00e9vrier Mars sur rendez-vous -Jour de fermeture le dimanche. &nbsp; La petite histoire d&rsquo;Astratella Astratella (qui veut dire genevrier nain en langue corse) est avant tout une belle histoire. Celle d\u2019une rencontre, [&hellip;]<\/p>","protected":false},"featured_media":0,"template":"","meta":[],"product_cat":[21],"product_tag":[],"_links":{"self":[{"href":"https:\/\/www.grintoura.fr\/en\/wp-json\/wp\/v2\/product\/7579"}],"collection":[{"href":"https:\/\/www.grintoura.fr\/en\/wp-json\/wp\/v2\/product"}],"about":[{"href":"https:\/\/www.grintoura.fr\/en\/wp-json\/wp\/v2\/types\/product"}],"wp:attachment":[{"href":"https:\/\/www.grintoura.fr\/en\/wp-json\/wp\/v2\/media?parent=7579"}],"wp:term":[{"taxonomy":"product_cat","embeddable":true,"href":"https:\/\/www.grintoura.fr\/en\/wp-json\/wp\/v2\/product_cat?post=7579"},{"taxonomy":"product_tag","embeddable":true,"href":"https:\/\/www.grintoura.fr\/en\/wp-json\/wp\/v2\/product_tag?post=7579"}],"curies":[{"name":"wp","href":"https:\/\/api.w.org\/{rel}","templated":true}]}}

<p>-Ouvert juillet,août,septembre tous les jours de 10h à 12h et de 14h à 19h.</p>
<p>-D&rsquo;octobre à juin de 14h à 19h sauf Janvier Février Mars sur rendez-vous</p>
<p>-Jour de fermeture le dimanche.</p>
<p>&nbsp;</p>
<p><strong>La petite histoire d&rsquo;Astratella</strong></p>
<p>Astratella (qui veut dire genevrier nain en langue corse) est avant tout une belle histoire. Celle d’une rencontre, d’un projet, d’une résistance.</p>
<p>La rencontre a lieu au cœur des terres, à Corté, à la fin des années 1980. Une association voit le jour pour tenter de développer une plateforme économique viable sur l’île. Nöelle Irolla est la jeune employée recrutée par le groupe cortenais, Milou Corteggiani est aussi engagée dans l’aventure. Naît alors une amitié forte entre les deux femmes qui décident de fonder à Lumio (région dont est originaire Noëlle) le GAEC Astratella, en août 1993, avec pour passion commune : a tarra, la terre.</p>
<p>Ensemble, elles apprendront l’aromathérapie, les techniques de distillerie, à Cargèse au sein de la première infrastructure de l’époque. Trente ans plus tard, l’Astratella propose à la vente une gamme d&rsquo;huiles essentielles et hydrolats et d&rsquo;huiles de massage pour apaiser beaucoup de maux.</p>
<p>« Notre volonté est de créer un laboratoire cosmétique, explique Milou, afin de pouvoir transformer nos cueillettes de plantes sauvages et le fruit de nos cultures. Car pouvoir transmettre ce savoir est précieux. » Les plantes sauvages et la connaissance de leurs vertus sont comme un retour aux sources indispensable.</p>
<p>&nbsp;</p>
<p>&nbsp;</p>
<p><strong>HUILES ESSENTIELLES, HUILES DE MASSAGE, HYDROLATS</strong></p>
<p>Face à la baie de Calvi en Balagne, le magnifique village de Lumio accueille cette petite unité de distillation à caractère familial.</p>
<p>Créée il y a une trentaine d’années, elle a su préserver, tout en se développant la qualité biologique et artisanale de ses huiles essentielles et de ses eaux florales dont la réputation n’est plus à faire à travers le monde.</p>
<p>Et c’est depuis une dizaine d’année qu’un laboratoire de produits cosmétiques a vu le jour, permettant d’étoffer la gamme d’une vingtaine d’huiles de massage.</p>
<p>&nbsp;</p>
<p>&nbsp;</p>
<p><strong>De la cueillette à l&rsquo;huile essentielle</strong></p>
<p>Si certaines plantes peuvent être cueillies toute l&rsquo;année, la plupart ont une période de coupe bien précise. L&rsquo;espèce et le cycle botanique de la plante, ses exigences en matière d&rsquo;ensoleillement, de quantité pluviométrique… sont d&rsquo;autant d&rsquo;éléments que le cueilleur doit obligatoirement maîtriser afin de pouvoir d&rsquo;une part gérer au mieux ses sites de cueillettes, et d&rsquo;autre part assurer une qualité biochimique constante de l&rsquo;huile essentielle.</p>
<p>La cueillette se pratique soit à la faucille, soit au sécateur en respectant une hauteur de coupe bien définie. La plante, fraîchement cueillie, est acheminée à la distillerie où elle est transformée dans les heures qui suivent la cueillette.</p>
<p>Si quelques espèces sont au préalable broyées afin de faciliter le « travail » de la vapeur, la majorité des plantes que nous ramassons sont mises tel quel dans la cuve et tassées légèrement. Cette dernière remplie (capacité de la cuve 1200 litres, env. 350 kg de plantes fraîches), la vapeur va pénétrer à pression atmosphérique dans la rampe vapeur située au fond de la cuve. C&rsquo;est en traversant toute la hauteur des plantes qu&rsquo;elle va entraîner l&rsquo;essence contenue dans les appareils sécréteurs jusque dans le serpentin réfrigérant. Au contact du froid, la vapeur va passer en phase aqueuse et l&rsquo;essence va subir des réactions physico-chimiques pour donner la phase huileuse.</p>
<p>L&rsquo;huile essentielle est donc l&rsquo;essence de la plante distillée à la vapeur. C&rsquo;est ensuite dans l&rsquo;essencier que nous retrouverons les deux phases : la phase huileuse, plus légère que l&rsquo;eau sera recueillie par le bec verseur en bouchant la « sortie » hydrolat (ou eau florale ou eau de distillation).</p>
<p>L&rsquo;huile essentielle sera entreposée dans un endroit frais à l&rsquo;abri de la lumière où elle reposera pour être ensuite filtrée et conditionnée. C&rsquo;est en traversant toute la hauteur des plantes qu&rsquo;elle va entraîner l&rsquo;essence contenue dans les appareils sécréteurs jusque dans le serpentin réfrigérant. Au contact du froid, la vapeur va passer en phase aqueuse et l&rsquo;essence va subir des réactions physico-chimiques pour donner la phase huileuse.</p>
<p>&nbsp;</p>
<p>&nbsp;</p>
<p><strong>UNIQUE ET AUTHENTIQUE</strong></p>
<p>Une spécificité de la flore insulaire encore préservée.<br />
Une maîtrise totale dans la connaissance du cycle de la plante et de sa cueillette jusqu’à la transformation en huile essentielle.</p>
<p>Une certification des espèces botaniques et une labellisation biologique de l’huile essentielle assurant au consommateur un suivi qualité.</p>
<p>Une étroite collaboration avec un docteur en médecine et un docteur en chimie permet de proposer toute une gamme cosmétique élaborée avec des ingrédients issus de l’Agriculture Biologique et ceci dans le respect de la sécurité et du confort du consommateur.</p>
<p>&nbsp;</p>
<p>&nbsp;</p>
<p>&nbsp;</p>
<p>&nbsp;</p>
<p>&nbsp;</p>
<p>Pour tous conseils, questions ou commentaires, n&rsquo;hésitez pas à nous contacter.</p>
<p>+33(0)6 87 28 32 45</p>
<p>info@astratella.com</p>

<p>-Ouvert juillet,août,septembre tous les jours de 10h à 12h et de 14h à 19h. -D&rsquo;octobre à juin de 14h à 19h sauf Janvier Février Mars sur rendez-vous -Jour de fermeture le dimanche. &nbsp; La petite histoire d&rsquo;Astratella Astratella (qui veut dire genevrier nain en langue corse) est avant tout une belle histoire. Celle d’une rencontre, [&hellip;]</p>
