	
	
	
	
{"id":6903,"date":"2023-07-24T06:57:58","date_gmt":"2023-07-24T04:57:58","guid":{"rendered":"https:\/\/www.grintoura.fr\/product\/expo-photos-yann-arthus-bertrand\/"},"modified":"2023-07-24T06:58:08","modified_gmt":"2023-07-24T04:58:08","slug":"expo-photos-yann-arthus-bertrand","status":"publish","type":"product","link":"https:\/\/www.grintoura.fr\/en\/product\/expo-photos-yann-arthus-bertrand\/","title":{"rendered":"Expo photos Yann Arthus-Bertrand"},"content":{"rendered":"<p>Depuis 2016, le Haut du T\u00f4t, le plus haut village des Vosges, accueille Les Sentiers de la photo, avec cette ann\u00e9e une 50aine de photos de Yann Arthus Bertrand.<\/p>\n<p>Visite libre d&rsquo;acc\u00e8s et gratuite, \u00e0 l&rsquo;ext\u00e9rieur au sein de \u00ab\u00a0Les Jardins de Bernadette\u00a0\u00bb<\/p>\n<p><a href=\"https:\/\/www.jardinsdebernadette.com\" target=\"_blank\" rel=\"noopener\">https:\/\/www.jardinsdebernadette.co<\/a><\/p>\n<p>Notre vocation: Produire des plantes \u00e0 infusion et des condimentaires,<br \/>\nde toute premi\u00e8re qualit\u00e9.<br \/>\nSoit en cueillette sauvage, soit en culture, selon les r\u00e8gles de la production biologique, certifi\u00e9 par ECOCERT.<\/p>\n<p>Nous s\u00e9chons nos plantes d\u00e8s la fin de la cueillette, \u00e0 basse temp\u00e9rature, afin de conserver toutes leurs qualit\u00e9s.<\/p>\n<p>Certaines sont directement mises en sachet, pour \u00eatre utilis\u00e9es en tisane, quelques unes sont moulues pour confectionner des condiments.<\/p>\n<p>&nbsp;<\/p>\n<p>D\u2019autres transform\u00e9es en sirop.<\/p>\n<p>Nous transformons aussi des fruits que la nature nous offre.<\/p>\n<p>&nbsp;<\/p>\n<p>Nous faisons partie de \u00ab Bleu Vert Vosges \u00bb un label local qui regroupe des producteurs fabriquant leurs produits sur le massif Vosgien.<\/p>\n<p>&nbsp;<\/p>\n<p>&nbsp;<\/p>","protected":false},"excerpt":{"rendered":"<p>Depuis 2016, le Haut du T\u00f4t, le plus haut village des Vosges, accueille Les Sentiers de la photo, avec cette ann\u00e9e une 50aine de photos de Yann Arthus Bertrand. Visite libre d&rsquo;acc\u00e8s et gratuite, \u00e0 l&rsquo;ext\u00e9rieur au sein de \u00ab\u00a0Les Jardins de Bernadette\u00a0\u00bb https:\/\/www.jardinsdebernadette.co Notre vocation: Produire des plantes \u00e0 infusion et des condimentaires, de [&hellip;]<\/p>","protected":false},"featured_media":0,"template":"","meta":[],"product_cat":[21],"product_tag":[],"_links":{"self":[{"href":"https:\/\/www.grintoura.fr\/en\/wp-json\/wp\/v2\/product\/6903"}],"collection":[{"href":"https:\/\/www.grintoura.fr\/en\/wp-json\/wp\/v2\/product"}],"about":[{"href":"https:\/\/www.grintoura.fr\/en\/wp-json\/wp\/v2\/types\/product"}],"wp:attachment":[{"href":"https:\/\/www.grintoura.fr\/en\/wp-json\/wp\/v2\/media?parent=6903"}],"wp:term":[{"taxonomy":"product_cat","embeddable":true,"href":"https:\/\/www.grintoura.fr\/en\/wp-json\/wp\/v2\/product_cat?post=6903"},{"taxonomy":"product_tag","embeddable":true,"href":"https:\/\/www.grintoura.fr\/en\/wp-json\/wp\/v2\/product_tag?post=6903"}],"curies":[{"name":"wp","href":"https:\/\/api.w.org\/{rel}","templated":true}]}}

<p>Depuis 2016, le Haut du Tôt, le plus haut village des Vosges, accueille Les Sentiers de la photo, avec cette année une 50aine de photos de Yann Arthus Bertrand.</p>
<p>Visite libre d&rsquo;accès et gratuite, à l&rsquo;extérieur au sein de « Les Jardins de Bernadette »</p>
<p><a href="https://www.jardinsdebernadette.com" target="_blank" rel="noopener">https://www.jardinsdebernadette.co</a></p>
<p>Notre vocation: Produire des plantes à infusion et des condimentaires,<br />
de toute première qualité.<br />
Soit en cueillette sauvage, soit en culture, selon les règles de la production biologique, certifié par ECOCERT.</p>
<p>Nous séchons nos plantes dès la fin de la cueillette, à basse température, afin de conserver toutes leurs qualités.</p>
<p>Certaines sont directement mises en sachet, pour être utilisées en tisane, quelques unes sont moulues pour confectionner des condiments.</p>
<p>&nbsp;</p>
<p>D’autres transformées en sirop.</p>
<p>Nous transformons aussi des fruits que la nature nous offre.</p>
<p>&nbsp;</p>
<p>Nous faisons partie de « Bleu Vert Vosges » un label local qui regroupe des producteurs fabriquant leurs produits sur le massif Vosgien.</p>
<p>&nbsp;</p>
<p>&nbsp;</p>

<p>Depuis 2016, le Haut du Tôt, le plus haut village des Vosges, accueille Les Sentiers de la photo, avec cette année une 50aine de photos de Yann Arthus Bertrand. Visite libre d&rsquo;accès et gratuite, à l&rsquo;extérieur au sein de « Les Jardins de Bernadette » https://www.jardinsdebernadette.co Notre vocation: Produire des plantes à infusion et des condimentaires, de [&hellip;]</p>
