	
	
	
	
{"id":20685,"date":"2026-03-20T21:26:43","date_gmt":"2026-03-20T20:26:43","guid":{"rendered":"https:\/\/www.grintoura.fr\/product\/bergerie-de-baizenas-et-ferme-auberge-du-pre-velard\/"},"modified":"2026-03-20T22:26:02","modified_gmt":"2026-03-20T21:26:02","slug":"bergerie-de-baizenas-et-ferme-auberge-du-pre-velard","status":"publish","type":"product","link":"https:\/\/www.grintoura.fr\/en\/product\/bergerie-de-baizenas-et-ferme-auberge-du-pre-velard\/","title":{"rendered":"Bergerie de Baizenas et Ferme-Auberge du Pr\u00e9 Velard"},"content":{"rendered":"<p>LA BERGERIE<br \/>\nD\u00e9couvrez le parcours et l\u2019\u00e9volution\u00a0 de\u00a0 cette entreprise familiale.<br \/>\nFERME AUBERGE<br \/>\nSensibles au monde et aux autres, Carmela et Christian Rouph, ont eu envie de partager leurs passions et de cr\u00e9er une ferme-auberge.<br \/>\nLES SPECTACLES<br \/>\nLa ferme auberge est un lieu convivial de gastronomie, de divertissement et de rencontres. De f\u00e9vrier \u00e0 juin puis d&rsquo;octobre \u00e0 d\u00e9cembre vous pouvez manger les produits de la ferme tout en rigolant devant une bonne pi\u00e8ce de th\u00e9atre.<\/p>\n<p><strong>NOTRE HISTOIRE<\/strong><br \/>\nChristian Rouph, issu d\u2019une famille d\u2019agriculteurs dont le p\u00e8re poss\u00e9dait un troupeau de vaches laiti\u00e8res, n\u2019a jamais \u00e9t\u00e9 attir\u00e9 par l\u2019\u00e9levage bovin.<\/p>\n<p>A l&rsquo;\u00e2ge de douze ans, il commande et re\u00e7oit, dans une caisse par la SNCF, une premi\u00e8re brebis avec son agneau. La ferme familiale, trop petite pour nourrir la fille et les deux gar\u00e7ons, revenait \u00e0 son fr\u00e8re a\u00een\u00e9.<\/p>\n<p>Apr\u00e8s avoir fait une \u00e9cole d\u2019agriculture au lyc\u00e9e agricole de Contamines\/Arve et n\u2019ayant encore aucunes terres de disponibles, Christian part travailler dans une soci\u00e9t\u00e9 de transports publics \u00e0 Gen\u00e8ve tout en conservant quelques moutons (une trentaine) juste par passion.<\/p>\n<p>\u200bCe n\u2019est qu\u2019en 1980 qu\u2019avec sa femme Carmela il d\u00e9cide de vivre de sa passion, le mouton.<\/p>\n<p>&nbsp;<\/p>\n<p><strong>LE TROUPEAU<\/strong><br \/>\nIl est compos\u00e9 de 350 brebis de race Lacaune crois\u00e9es avec des Bergamasques.<\/p>\n<p>Un croisement qui permet d&rsquo;avoir de bonnes brebis laiti\u00e8res tout en ayant des agneaux avec une viande de qualit\u00e9.<\/p>\n<p>Elles sont \u00e9galement plus r\u00e9sistantes aux intemp\u00e9ries parce que le croisement leur donne plus de laine et ce sont des b\u00eates plus rustiques.<\/p>\n<p>Les brebis passent l&rsquo;hiver en bergerie ( c&rsquo;est \u00e9galement la p\u00e9riode des mises bas qu&rsquo;on appelle l&rsquo;agnelage)<\/p>\n<p>d\u00e8s le mois d&rsquo;avril, les brebis retournent en ext\u00e9rieur au p\u00e2turage puis en alpage au col de la faucille de juin \u00e0 octobre. Elle p\u00e2turent les prairies autour de la bergerie jusqu&rsquo;au d\u00e9but d\u00e9cembre.<\/p>\n<p>&nbsp;<\/p>\n<p><strong>LA FROMAGERIE<\/strong><br \/>\nEn 1999 le passage aux normes europ\u00e9ennes (obligeant \u00e0 faire de travaux dans la fromagerie) d\u00e9cide Christian et Carmela \u00e0 faire construire une nouvelle fromagerie \u00e0 c\u00f4t\u00e9 de la bergerie et en m\u00eame temps de faire construire sous le m\u00eame toit la Ferme Auberge du Pr\u00e9 Velard qui permettra de faire manger aux clients les produits de la ferme.<\/p>\n<p>L&rsquo;exploitation est reprise en 2011 par deux des enfants, \u00a0C\u00e9cile et Denis.\u200b<\/p>\n<p>D\u00e8s leur installation, il a sans cesse fallu innover en cr\u00e9ant de nouveaux produits et s&rsquo;\u00e9quiper avec du mat\u00e9riel permettant de s&rsquo;adapter aux nouvelles r\u00e9glementations en mati\u00e8re d&rsquo;\u00e9tiquetage et de conditionnement \u00a0de leurs produits (opercules sur les yaourts, codes barres &#8230;etc).<\/p>\n<p>&nbsp;<\/p>\n<p><strong>LABEL AB<\/strong><br \/>\nDepuis 2020, l&rsquo;exploitation a obtenue le label AB (agriculture biologique) suite \u00e0 2 ans de conversion.<\/p>\n<p>Les produits de l&rsquo;exploitations sont donc certifi\u00e9s AB, qui sont des signes de qualit\u00e9, de respect du troupeau et de l&rsquo;environnement suppl\u00e9mentaires.<\/p>\n<p>&nbsp;<\/p>\n<p>&nbsp;<\/p>\n<p><strong>FERME AUBERGE<\/strong><\/p>\n<p><em><strong>UN LIEU DE RENCONTRES\u00a0<\/strong><\/em><br \/>\nSensibles au monde et aux autres, Carmela et Christian Rouph, les propri\u00e9taires de la Bergerie de Baizenas, ont eu envie de partager leurs passions et de cr\u00e9er une ferme-auberge.<\/p>\n<p>En Avril 2001, ce lieu privil\u00e9gi\u00e9 de rencontres ouvre ses portes r\u00e9pondant en tous points \u00e0 la tr\u00e8s rigoureuse charte des Fermes-Auberges.<\/p>\n<p>\u200bDans la salle de restaurant, le ma\u00eetre mot est la convivialit\u00e9.<\/p>\n<p>Les grandes tables dress\u00e9es pour accueillir jusqu\u2019\u00e0 une douzaine de personnes facilitent les \u00e9changes. Et il n\u2019est pas rare qu\u2019au cours d\u2019un d\u00eener les convives fassent connaissance avec leur voisins de table et finissent la soir\u00e9e au tour d\u2019une m\u00eame bouteille.<\/p>\n<p>&nbsp;<\/p>\n<p><strong>UNE CUISINE AUTHENTIQUE<\/strong><br \/>\nA la Ferme-Auberge du Pr\u00e9 Velard, entr\u00e9e, plat principal, fromage et dessert proviennent de l\u2019exploitation familiale tandis que vins et l\u00e9gumes sont fournis par des producteurs locaux.<\/p>\n<p>C\u00f4t\u00e9 cuisine, Carmela excelle dans l\u2019art d\u2019accommoder les produits de la bergerie. Au fil de la saison, elle vous r\u00e9gale de ses confits, filets et autres sp\u00e9cialit\u00e9s \u00e0 base d&rsquo;agneau ainsi que de sa gratinade ou encore d\u2019un menu surprise lors des soir\u00e9es sp\u00e9ciales.<\/p>\n<p>Des recettes originales cr\u00e9\u00e9es pour l\u2019endroit et la mise en valeur de la production de la ferme.<\/p>\n<p>Le \u00abPlus\u00bb, c\u2019est la vue sur la bergerie depuis la salle de restaurant et sur la fromagerie depuis le hall d\u2019accueil.<\/p>\n<p>Apr\u00e8s le repas, la sc\u00e8ne offre \u00e0 la Troupe des Baladins la possibilit\u00e9 d\u2019interpr\u00e9ter des pi\u00e8ces de th\u00e9\u00e2tre de boulevard.<\/p>\n<p>&nbsp;<\/p>\n<p><strong>SPECTACLES DE TH\u00c9\u00c2TRE<\/strong><br \/>\nC\u00f4t\u00e9 sc\u00e8ne, Christian se produit r\u00e9guli\u00e8rement avec la troupe th\u00e9\u00e2trale des Baladins.<\/p>\n<p>Rapidement, l\u2019ambiance s\u2019installe. Les spectateurs accompagnent les artistes, fredonnent les airs connus, s\u2019amusent des quiproquos des pi\u00e8ces de th\u00e9\u00e2tres de boulevard.<\/p>\n<p>On se sent tellement bien \u00e0 la Ferme-Auberge du Pr\u00e9 Velard qu\u2019en fin de soir\u00e9e, il est souvent difficile de quitter ce lieu o\u00f9 il fait bon rire et de divertir.<\/p>\n<p>&nbsp;<\/p>","protected":false},"excerpt":{"rendered":"<p>LA BERGERIE D\u00e9couvrez le parcours et l\u2019\u00e9volution\u00a0 de\u00a0 cette entreprise familiale. FERME AUBERGE Sensibles au monde et aux autres, Carmela et Christian Rouph, ont eu envie de partager leurs passions et de cr\u00e9er une ferme-auberge. LES SPECTACLES La ferme auberge est un lieu convivial de gastronomie, de divertissement et de rencontres. De f\u00e9vrier \u00e0 juin [&hellip;]<\/p>","protected":false},"featured_media":0,"template":"","meta":[],"product_cat":[21],"product_tag":[],"_links":{"self":[{"href":"https:\/\/www.grintoura.fr\/en\/wp-json\/wp\/v2\/product\/20685"}],"collection":[{"href":"https:\/\/www.grintoura.fr\/en\/wp-json\/wp\/v2\/product"}],"about":[{"href":"https:\/\/www.grintoura.fr\/en\/wp-json\/wp\/v2\/types\/product"}],"wp:attachment":[{"href":"https:\/\/www.grintoura.fr\/en\/wp-json\/wp\/v2\/media?parent=20685"}],"wp:term":[{"taxonomy":"product_cat","embeddable":true,"href":"https:\/\/www.grintoura.fr\/en\/wp-json\/wp\/v2\/product_cat?post=20685"},{"taxonomy":"product_tag","embeddable":true,"href":"https:\/\/www.grintoura.fr\/en\/wp-json\/wp\/v2\/product_tag?post=20685"}],"curies":[{"name":"wp","href":"https:\/\/api.w.org\/{rel}","templated":true}]}}

Bergerie de Baizenas et Ferme-Auberge du Pré Velard

<p>LA BERGERIE<br />
Découvrez le parcours et l’évolution  de  cette entreprise familiale.<br />
FERME AUBERGE<br />
Sensibles au monde et aux autres, Carmela et Christian Rouph, ont eu envie de partager leurs passions et de créer une ferme-auberge.<br />
LES SPECTACLES<br />
La ferme auberge est un lieu convivial de gastronomie, de divertissement et de rencontres. De février à juin puis d&rsquo;octobre à décembre vous pouvez manger les produits de la ferme tout en rigolant devant une bonne pièce de théatre.</p>
<p><strong>NOTRE HISTOIRE</strong><br />
Christian Rouph, issu d’une famille d’agriculteurs dont le père possédait un troupeau de vaches laitières, n’a jamais été attiré par l’élevage bovin.</p>
<p>A l&rsquo;âge de douze ans, il commande et reçoit, dans une caisse par la SNCF, une première brebis avec son agneau. La ferme familiale, trop petite pour nourrir la fille et les deux garçons, revenait à son frère aîné.</p>
<p>Après avoir fait une école d’agriculture au lycée agricole de Contamines/Arve et n’ayant encore aucunes terres de disponibles, Christian part travailler dans une société de transports publics à Genève tout en conservant quelques moutons (une trentaine) juste par passion.</p>
<p>​Ce n’est qu’en 1980 qu’avec sa femme Carmela il décide de vivre de sa passion, le mouton.</p>
<p>&nbsp;</p>
<p><strong>LE TROUPEAU</strong><br />
Il est composé de 350 brebis de race Lacaune croisées avec des Bergamasques.</p>
<p>Un croisement qui permet d&rsquo;avoir de bonnes brebis laitières tout en ayant des agneaux avec une viande de qualité.</p>
<p>Elles sont également plus résistantes aux intempéries parce que le croisement leur donne plus de laine et ce sont des bêtes plus rustiques.</p>
<p>Les brebis passent l&rsquo;hiver en bergerie ( c&rsquo;est également la période des mises bas qu&rsquo;on appelle l&rsquo;agnelage)</p>
<p>dès le mois d&rsquo;avril, les brebis retournent en extérieur au pâturage puis en alpage au col de la faucille de juin à octobre. Elle pâturent les prairies autour de la bergerie jusqu&rsquo;au début décembre.</p>
<p>&nbsp;</p>
<p><strong>LA FROMAGERIE</strong><br />
En 1999 le passage aux normes européennes (obligeant à faire de travaux dans la fromagerie) décide Christian et Carmela à faire construire une nouvelle fromagerie à côté de la bergerie et en même temps de faire construire sous le même toit la Ferme Auberge du Pré Velard qui permettra de faire manger aux clients les produits de la ferme.</p>
<p>L&rsquo;exploitation est reprise en 2011 par deux des enfants,  Cécile et Denis.​</p>
<p>Dès leur installation, il a sans cesse fallu innover en créant de nouveaux produits et s&rsquo;équiper avec du matériel permettant de s&rsquo;adapter aux nouvelles réglementations en matière d&rsquo;étiquetage et de conditionnement  de leurs produits (opercules sur les yaourts, codes barres &#8230;etc).</p>
<p>&nbsp;</p>
<p><strong>LABEL AB</strong><br />
Depuis 2020, l&rsquo;exploitation a obtenue le label AB (agriculture biologique) suite à 2 ans de conversion.</p>
<p>Les produits de l&rsquo;exploitations sont donc certifiés AB, qui sont des signes de qualité, de respect du troupeau et de l&rsquo;environnement supplémentaires.</p>
<p>&nbsp;</p>
<p>&nbsp;</p>
<p><strong>FERME AUBERGE</strong></p>
<p><em><strong>UN LIEU DE RENCONTRES </strong></em><br />
Sensibles au monde et aux autres, Carmela et Christian Rouph, les propriétaires de la Bergerie de Baizenas, ont eu envie de partager leurs passions et de créer une ferme-auberge.</p>
<p>En Avril 2001, ce lieu privilégié de rencontres ouvre ses portes répondant en tous points à la très rigoureuse charte des Fermes-Auberges.</p>
<p>​Dans la salle de restaurant, le maître mot est la convivialité.</p>
<p>Les grandes tables dressées pour accueillir jusqu’à une douzaine de personnes facilitent les échanges. Et il n’est pas rare qu’au cours d’un dîner les convives fassent connaissance avec leur voisins de table et finissent la soirée au tour d’une même bouteille.</p>
<p>&nbsp;</p>
<p><strong>UNE CUISINE AUTHENTIQUE</strong><br />
A la Ferme-Auberge du Pré Velard, entrée, plat principal, fromage et dessert proviennent de l’exploitation familiale tandis que vins et légumes sont fournis par des producteurs locaux.</p>
<p>Côté cuisine, Carmela excelle dans l’art d’accommoder les produits de la bergerie. Au fil de la saison, elle vous régale de ses confits, filets et autres spécialités à base d&rsquo;agneau ainsi que de sa gratinade ou encore d’un menu surprise lors des soirées spéciales.</p>
<p>Des recettes originales créées pour l’endroit et la mise en valeur de la production de la ferme.</p>
<p>Le «Plus», c’est la vue sur la bergerie depuis la salle de restaurant et sur la fromagerie depuis le hall d’accueil.</p>
<p>Après le repas, la scène offre à la Troupe des Baladins la possibilité d’interpréter des pièces de théâtre de boulevard.</p>
<p>&nbsp;</p>
<p><strong>SPECTACLES DE THÉÂTRE</strong><br />
Côté scène, Christian se produit régulièrement avec la troupe théâtrale des Baladins.</p>
<p>Rapidement, l’ambiance s’installe. Les spectateurs accompagnent les artistes, fredonnent les airs connus, s’amusent des quiproquos des pièces de théâtres de boulevard.</p>
<p>On se sent tellement bien à la Ferme-Auberge du Pré Velard qu’en fin de soirée, il est souvent difficile de quitter ce lieu où il fait bon rire et de divertir.</p>
<p>&nbsp;</p>

<p>LA BERGERIE Découvrez le parcours et l’évolution  de  cette entreprise familiale. FERME AUBERGE Sensibles au monde et aux autres, Carmela et Christian Rouph, ont eu envie de partager leurs passions et de créer une ferme-auberge. LES SPECTACLES La ferme auberge est un lieu convivial de gastronomie, de divertissement et de rencontres. De février à juin [&hellip;]</p>
