	
	
	
	
{"id":18257,"date":"2025-09-11T23:20:53","date_gmt":"2025-09-11T21:20:53","guid":{"rendered":"https:\/\/www.grintoura.fr\/product\/rucher-des-3-chateaux\/"},"modified":"2025-09-11T23:20:53","modified_gmt":"2025-09-11T21:20:53","slug":"rucher-des-3-chateaux","status":"publish","type":"product","link":"https:\/\/www.grintoura.fr\/en\/product\/rucher-des-3-chateaux\/","title":{"rendered":"Rucher des 3 Ch\u00e2teaux"},"content":{"rendered":"<p><strong>Rucher des 3 Ch\u00e2teaux<\/strong><\/p>\n<p><em>Le Rucher : une passion familiale !<\/em><\/p>\n<p><strong>La production et r\u00e9colte du miel<\/strong><br \/>\nApr\u00e8s 20 ann\u00e9es pass\u00e9es dans le domaine du b\u00e2timent, j&rsquo;ai d\u00e9cid\u00e9 de devenir apiculteur r\u00e9coltant. Cette reconversion professionnelle, s&rsquo;est faite apr\u00e8s avoir pass\u00e9 le Brevet Professionnel \u00ab\u00a0Responsable d&rsquo;Entreprise Agricole\u00a0\u00bb (BPREA) au lyc\u00e9e agricole.<\/p>\n<p>Avec mon beau-p\u00e8re, apiculteur depuis de nombreuses ann\u00e9es, nous partageons la passion de l&rsquo;abeille !<\/p>\n<p>L&rsquo;ensemble des ruches que je poss\u00e8de sont situ\u00e9es en Alsace.\u00a0 Les miels r\u00e9colt\u00e9s sont ensuite mis en pot manuellement avec le plus grand soin.<\/p>\n<p>La situation g\u00e9ographique de l&rsquo;Alsace est favorable \u00e0 une production de miels vari\u00e9s.<\/p>\n<p>Nous n&rsquo;utilisons aucun r\u00e9pulsif chimique pour la r\u00e9colte du miel. De plus, nous portons une attention particuli\u00e8re aux terrains lesquels les ruches sont dispos\u00e9es.<\/p>\n<p>Ainsi, nous pouvons vous proposer :<\/p>\n<p>Miel d&rsquo;acacia<br \/>\nMiel toutes fleurs<br \/>\nMiel de ch\u00e2taignier<br \/>\nMiel de tilleul<br \/>\nMiel de for\u00eat<br \/>\nMiel de sapin<br \/>\nVous trouverez aussi sur notre site du pollen sec, v\u00e9ritable compl\u00e9ment alimentaire naturel.<\/p>\n<p>Nous commercialisons \u00e9galement d&rsquo;autres gourmandises, telles que :<\/p>\n<p>Nougat au miel de ch\u00e2taignier<br \/>\nP\u00e2te \u00e0 tartiner au miel<br \/>\n<strong>Our commitments<\/strong><\/p>\n<p>Vous garantir un miel 100% r\u00e9colt\u00e9 en Alsace et b\u00e9n\u00e9ficiant du label i.G.P (Indication G\u00e9ographique Prot\u00e9g\u00e9e)<\/p>\n<p>Vous offrir un miel nature et pur, qui garde ainsi toutes ses vertues<\/p>\n<p>&nbsp;<\/p>\n<p><strong>Vente directe du producteur<\/strong><\/p>\n<p>Commandez nos produits via notre boutique en ligne ou d\u00e9couvrez nos\u00a0miels en vente directe du producteur dans notre miellerie situ\u00e9e \u00e0 Ch\u00e2tenois, en Alsace.<\/p>\n<p>&nbsp;<\/p>\n<p>24 chemin du Neuerweg<br \/>\n67730 Ch\u00e2tenois<br \/>\nFrance<br \/>\n0615806885<\/p>\n<p>contact@rucherdes3chateaux.fr<\/p>","protected":false},"excerpt":{"rendered":"<p>Rucher des 3 Ch\u00e2teaux Le Rucher : une passion familiale ! La production et r\u00e9colte du miel Apr\u00e8s 20 ann\u00e9es pass\u00e9es dans le domaine du b\u00e2timent, j&rsquo;ai d\u00e9cid\u00e9 de devenir apiculteur r\u00e9coltant. Cette reconversion professionnelle, s&rsquo;est faite apr\u00e8s avoir pass\u00e9 le Brevet Professionnel \u00ab\u00a0Responsable d&rsquo;Entreprise Agricole\u00a0\u00bb (BPREA) au lyc\u00e9e agricole. Avec mon beau-p\u00e8re, apiculteur depuis [&hellip;]<\/p>","protected":false},"featured_media":0,"template":"","meta":[],"product_cat":[21],"product_tag":[],"_links":{"self":[{"href":"https:\/\/www.grintoura.fr\/en\/wp-json\/wp\/v2\/product\/18257"}],"collection":[{"href":"https:\/\/www.grintoura.fr\/en\/wp-json\/wp\/v2\/product"}],"about":[{"href":"https:\/\/www.grintoura.fr\/en\/wp-json\/wp\/v2\/types\/product"}],"wp:attachment":[{"href":"https:\/\/www.grintoura.fr\/en\/wp-json\/wp\/v2\/media?parent=18257"}],"wp:term":[{"taxonomy":"product_cat","embeddable":true,"href":"https:\/\/www.grintoura.fr\/en\/wp-json\/wp\/v2\/product_cat?post=18257"},{"taxonomy":"product_tag","embeddable":true,"href":"https:\/\/www.grintoura.fr\/en\/wp-json\/wp\/v2\/product_tag?post=18257"}],"curies":[{"name":"wp","href":"https:\/\/api.w.org\/{rel}","templated":true}]}}

Rucher des 3 Châteaux

<p><strong>Rucher des 3 Châteaux</strong></p>
<p><em>Le Rucher : une passion familiale !</em></p>
<p><strong>La production et récolte du miel</strong><br />
Après 20 années passées dans le domaine du bâtiment, j&rsquo;ai décidé de devenir apiculteur récoltant. Cette reconversion professionnelle, s&rsquo;est faite après avoir passé le Brevet Professionnel « Responsable d&rsquo;Entreprise Agricole » (BPREA) au lycée agricole.</p>
<p>Avec mon beau-père, apiculteur depuis de nombreuses années, nous partageons la passion de l&rsquo;abeille !</p>
<p>L&rsquo;ensemble des ruches que je possède sont situées en Alsace.  Les miels récoltés sont ensuite mis en pot manuellement avec le plus grand soin.</p>
<p>La situation géographique de l&rsquo;Alsace est favorable à une production de miels variés.</p>
<p>Nous n&rsquo;utilisons aucun répulsif chimique pour la récolte du miel. De plus, nous portons une attention particulière aux terrains lesquels les ruches sont disposées.</p>
<p>Ainsi, nous pouvons vous proposer :</p>
<p>Miel d&rsquo;acacia<br />
Miel toutes fleurs<br />
Miel de châtaignier<br />
Miel de tilleul<br />
Miel de forêt<br />
Miel de sapin<br />
Vous trouverez aussi sur notre site du pollen sec, véritable complément alimentaire naturel.</p>
<p>Nous commercialisons également d&rsquo;autres gourmandises, telles que :</p>
<p>Nougat au miel de châtaignier<br />
Pâte à tartiner au miel<br />
<strong>Our commitments</strong></p>
<p>Vous garantir un miel 100% récolté en Alsace et bénéficiant du label i.G.P (Indication Géographique Protégée)</p>
<p>Vous offrir un miel nature et pur, qui garde ainsi toutes ses vertues</p>
<p>&nbsp;</p>
<p><strong>Vente directe du producteur</strong></p>
<p>Commandez nos produits via notre boutique en ligne ou découvrez nos miels en vente directe du producteur dans notre miellerie située à Châtenois, en Alsace.</p>
<p>&nbsp;</p>
<p>24 chemin du Neuerweg<br />
67730 Châtenois<br />
France<br />
0615806885</p>
<p>contact@rucherdes3chateaux.fr</p>

<p>Rucher des 3 Châteaux Le Rucher : une passion familiale ! La production et récolte du miel Après 20 années passées dans le domaine du bâtiment, j&rsquo;ai décidé de devenir apiculteur récoltant. Cette reconversion professionnelle, s&rsquo;est faite après avoir passé le Brevet Professionnel « Responsable d&rsquo;Entreprise Agricole » (BPREA) au lycée agricole. Avec mon beau-père, apiculteur depuis [&hellip;]</p>
