	
	
	
	
{"id":11609,"date":"2024-09-21T20:56:41","date_gmt":"2024-09-21T18:56:41","guid":{"rendered":"https:\/\/www.grintoura.fr\/product\/cityzenbike\/"},"modified":"2024-09-21T20:56:41","modified_gmt":"2024-09-21T18:56:41","slug":"cityzenbike","status":"publish","type":"product","link":"https:\/\/www.grintoura.fr\/en\/product\/cityzenbike\/","title":{"rendered":"CityZen\u2019Bike"},"content":{"rendered":"<p><strong>CityZen&rsquo;Bike<\/strong><\/p>\n<p>4 Rue du Faubourg-de-Saverne<br \/>\n67000 Strasbourg 03 88 75 01 53<\/p>\n<p><a href=\"https:\/\/www.cityzen-bike.fr\/contact\/\" target=\"_blank\" rel=\"noopener\">https:\/\/www.cityzen-bike.fr\/contact\/<\/a><\/p>\n<p>&nbsp;<\/p>\n<p>\u00c0 Strasbourg, l\u2019\u00e9quipe du magasin CityZen\u2019Bike se tient \u00e0 votre disposition pour toute question concernant l\u2019achat de v\u00e9lo. Nous proposons une large s\u00e9lection de deux-roues pour tous les cyclistes, niveau d\u00e9butant ou confirm\u00e9 :<\/p>\n<p>mod\u00e8les d\u00e9di\u00e9s au cyclisme sur route (v\u00e9los urbains, v\u00e9los de travail) ;<br \/>\nv\u00e9los tout chemin (VTC) ;<br \/>\nv\u00e9los \u00e0 assistance \u00e9lectrique (VAE) ;<br \/>\nv\u00e9los peu encombrants (v\u00e9los pliants) ;<br \/>\nv\u00e9los con\u00e7us pour le transport de charge ou d\u2019enfants (v\u00e9los cargos, v\u00e9los allong\u00e9s, v\u00e9los long-tail) ;<br \/>\nv\u00e9los pour enfants (draisiennes, v\u00e9los de petite taille).<br \/>\nD\u00e8s mars 2024, profitez \u00e9galement de notre service de location de v\u00e9los. L\u2019occasion de se faire plaisir pendant quelques heures ou plusieurs jours en testant de beaux mod\u00e8les !<\/p>\n<p>Notre boutique est situ\u00e9e au c\u0153ur de la premi\u00e8re ville cyclable de France. Venez nous rencontrer \u00e0 Strasbourg et profitez de nos services dans un rayon de 5 km autour de la ville, \u00e0 Oberhausbergen, Mundolsheim, Reichstett, Ostwald, etc. Vous pouvez \u00e9galement remplir le formulaire ci-dessous pour obtenir un chiffrage gratuit de votre achat ou location de v\u00e9lo.<\/p>\n<p>&nbsp;<\/p>\n<p>Point de vente<strong> Re-Cyle-On: <\/strong><em>C<\/em><em>r\u00e9ations artisanales upcycl\u00e9es Ici rien ne se perd, tout se transforme !<\/em><\/p>\n<p><a href=\"https:\/\/re-cycle-on.fr\" target=\"_blank\" rel=\"noopener\">https:\/\/re-cycle-on.fr<\/a><\/p>\n<p>&nbsp;<\/p>\n<p>Re-Cycle-On\u00a0propose depuis 2015 diff\u00e9rents produits 100% upcycl\u00e9s, 100% faits main en Alsace, 100% z\u00e9ro d\u00e9chet, 100% r\u00e9sistants, 100% r\u00e9cup\u2019 et 100% originaux :<\/p>\n<p>-Ceintures, poign\u00e9es de transport pour v\u00e9los, porte-cl\u00e9s et organiseurs de c\u00e2bles en pneu de v\u00e9los,<br \/>\n-Boucles d\u2019oreilles, fidgets, d\u00e9corations de No\u00ebl, bracelets et porte-cl\u00e9s en cha\u00eenes de v\u00e9los,<br \/>\n-Porte-cl\u00e9s (en valves de) et \u00e9lastiques en chambre \u00e0 air de v\u00e9lo,<br \/>\n-Porte-monnaie, bracelets, porte-cartes, sacoches de guidon, \u00e9tuis \u00e0 briquet et porte-cl\u00e9s en chambre \u00e0 air de tracteur,<br \/>\n-Porte-cl\u00e9s en tuyaux de pompier,<br \/>\n-Porte-cl\u00e9s en sangles d\u2019escalade,<br \/>\n-Portefeuilles en tabliers de scooter,<br \/>\n-Porte-cl\u00e9s en balles de tennis,<br \/>\n\u2026<\/p>\n<p>Un seul mot d\u2019ordre: l\u2019upcyclage<\/p>\n<p>&nbsp;<\/p>\n<p>Re-Cycle-On \/ St\u00e9phanie Wiss<\/p>\n<p>43 rue des Mouettes<\/p>\n<p>67100 Strasbourg<\/p>\n<p>&nbsp;<\/p>","protected":false},"excerpt":{"rendered":"<p>CityZen&rsquo;Bike 4 Rue du Faubourg-de-Saverne 67000 Strasbourg 03 88 75 01 53 https:\/\/www.cityzen-bike.fr\/contact\/ &nbsp; \u00c0 Strasbourg, l\u2019\u00e9quipe du magasin CityZen\u2019Bike se tient \u00e0 votre disposition pour toute question concernant l\u2019achat de v\u00e9lo. Nous proposons une large s\u00e9lection de deux-roues pour tous les cyclistes, niveau d\u00e9butant ou confirm\u00e9 : mod\u00e8les d\u00e9di\u00e9s au cyclisme sur route (v\u00e9los [&hellip;]<\/p>","protected":false},"featured_media":0,"template":"","meta":[],"product_cat":[21],"product_tag":[],"_links":{"self":[{"href":"https:\/\/www.grintoura.fr\/en\/wp-json\/wp\/v2\/product\/11609"}],"collection":[{"href":"https:\/\/www.grintoura.fr\/en\/wp-json\/wp\/v2\/product"}],"about":[{"href":"https:\/\/www.grintoura.fr\/en\/wp-json\/wp\/v2\/types\/product"}],"wp:attachment":[{"href":"https:\/\/www.grintoura.fr\/en\/wp-json\/wp\/v2\/media?parent=11609"}],"wp:term":[{"taxonomy":"product_cat","embeddable":true,"href":"https:\/\/www.grintoura.fr\/en\/wp-json\/wp\/v2\/product_cat?post=11609"},{"taxonomy":"product_tag","embeddable":true,"href":"https:\/\/www.grintoura.fr\/en\/wp-json\/wp\/v2\/product_tag?post=11609"}],"curies":[{"name":"wp","href":"https:\/\/api.w.org\/{rel}","templated":true}]}}

<p><strong>CityZen&rsquo;Bike</strong></p>
<p>4 Rue du Faubourg-de-Saverne<br />
67000 Strasbourg 03 88 75 01 53</p>
<p><a href="https://www.cityzen-bike.fr/contact/" target="_blank" rel="noopener">https://www.cityzen-bike.fr/contact/</a></p>
<p>&nbsp;</p>
<p>À Strasbourg, l’équipe du magasin CityZen’Bike se tient à votre disposition pour toute question concernant l’achat de vélo. Nous proposons une large sélection de deux-roues pour tous les cyclistes, niveau débutant ou confirmé :</p>
<p>modèles dédiés au cyclisme sur route (vélos urbains, vélos de travail) ;<br />
vélos tout chemin (VTC) ;<br />
vélos à assistance électrique (VAE) ;<br />
vélos peu encombrants (vélos pliants) ;<br />
vélos conçus pour le transport de charge ou d’enfants (vélos cargos, vélos allongés, vélos long-tail) ;<br />
vélos pour enfants (draisiennes, vélos de petite taille).<br />
Dès mars 2024, profitez également de notre service de location de vélos. L’occasion de se faire plaisir pendant quelques heures ou plusieurs jours en testant de beaux modèles !</p>
<p>Notre boutique est située au cœur de la première ville cyclable de France. Venez nous rencontrer à Strasbourg et profitez de nos services dans un rayon de 5 km autour de la ville, à Oberhausbergen, Mundolsheim, Reichstett, Ostwald, etc. Vous pouvez également remplir le formulaire ci-dessous pour obtenir un chiffrage gratuit de votre achat ou location de vélo.</p>
<p>&nbsp;</p>
<p>Point de vente<strong> Re-Cyle-On: </strong><em>C</em><em>réations artisanales upcyclées Ici rien ne se perd, tout se transforme !</em></p>
<p><a href="https://re-cycle-on.fr" target="_blank" rel="noopener">https://re-cycle-on.fr</a></p>
<p>&nbsp;</p>
<p>Re-Cycle-On propose depuis 2015 différents produits 100% upcyclés, 100% faits main en Alsace, 100% zéro déchet, 100% résistants, 100% récup’ et 100% originaux :</p>
<p>-Ceintures, poignées de transport pour vélos, porte-clés et organiseurs de câbles en pneu de vélos,<br />
-Boucles d’oreilles, fidgets, décorations de Noël, bracelets et porte-clés en chaînes de vélos,<br />
-Porte-clés (en valves de) et élastiques en chambre à air de vélo,<br />
-Porte-monnaie, bracelets, porte-cartes, sacoches de guidon, étuis à briquet et porte-clés en chambre à air de tracteur,<br />
-Porte-clés en tuyaux de pompier,<br />
-Porte-clés en sangles d’escalade,<br />
-Portefeuilles en tabliers de scooter,<br />
-Porte-clés en balles de tennis,<br />
…</p>
<p>Un seul mot d’ordre: l’upcyclage</p>
<p>&nbsp;</p>
<p>Re-Cycle-On / Stéphanie Wiss</p>
<p>43 rue des Mouettes</p>
<p>67100 Strasbourg</p>
<p>&nbsp;</p>

<p>CityZen&rsquo;Bike 4 Rue du Faubourg-de-Saverne 67000 Strasbourg 03 88 75 01 53 https://www.cityzen-bike.fr/contact/ &nbsp; À Strasbourg, l’équipe du magasin CityZen’Bike se tient à votre disposition pour toute question concernant l’achat de vélo. Nous proposons une large sélection de deux-roues pour tous les cyclistes, niveau débutant ou confirmé : modèles dédiés au cyclisme sur route (vélos [&hellip;]</p>
