	
	
	
	
{"id":10409,"date":"2024-07-21T18:54:50","date_gmt":"2024-07-21T16:54:50","guid":{"rendered":"https:\/\/www.grintoura.fr\/product\/thierry-schwartz-table-naturelle\/"},"modified":"2024-08-13T07:10:11","modified_gmt":"2024-08-13T05:10:11","slug":"thierry-schwartz-table-naturelle","status":"publish","type":"product","link":"https:\/\/www.grintoura.fr\/en\/product\/thierry-schwartz-table-naturelle\/","title":{"rendered":"Thierry Schwartz \u2013 Table Naturelle"},"content":{"rendered":"<p><strong>Thierry Schwartz: Restaurant gastronomique \u00e9toil\u00e9 \u00e0 Obernai<\/strong><\/p>\n<p><a href=\"https:\/\/www.thierry-schwartz.fr\" target=\"_blank\" rel=\"noopener\">https:\/\/www.thierry-schwartz.fr<\/a><\/p>\n<p>&nbsp;<\/p>\n<p><strong>La cuisine nature<\/strong><\/p>\n<p><em><u>Saisons<\/u><\/em><br \/>\nFloral \u2026.<br \/>\nLune \u2026<br \/>\nClimat \u2026<br \/>\nDiversit\u00e9 \u2026<br \/>\nHumilit\u00e9 \u2026<\/p>\n<p><em><u>V\u00e9g\u00e9tal<\/u><\/em><br \/>\nFeuilles \u2026<br \/>\nRacines \u2026<br \/>\nFleurs \u2026<br \/>\nCueillette \u2026<br \/>\nFruits \u2026<\/p>\n<p><em><u>Animal<\/u><\/em><br \/>\nRespect \u2026.<br \/>\nVivant \u2026<br \/>\nSauvage \u2026<br \/>\nLibert\u00e9 \u2026<\/p>\n<p><em><u>Temps<\/u><\/em><br \/>\nPatience \u2026.<br \/>\nSavoir-Faire \u2026<br \/>\nCuisson \u2026<br \/>\nId\u00e9e \u2026<br \/>\nChemin\u00e9e\u2026<\/p>\n<p><em>Faire vivre l\u2019\u00e9cosyst\u00e8me de la Cuisine Nature<\/em><br \/>\n<em>L\u2019amiti\u00e9, le partage, l\u2019humilit\u00e9<\/em><\/p>\n<p><em>L\u2019engagement du chef aupr\u00e8s des producteurs et artisans locaux.<\/em><\/p>\n<p>&nbsp;<\/p>\n<p>35 rue de S\u00e9lestat<br \/>\n67210 \u2013 Obernai<br \/>\n+33 3 88 49 90 41<\/p>\n<p>Lundi : Ferm\u00e9<br \/>\nMardi : 19:15\u201321:30<br \/>\nMercredi : 12:00\u201313:30, 19:15\u201321:30<br \/>\nJeudi : 12:00\u201313:30, 19:15\u201321:30<br \/>\nVendredi : 12:00\u201313:30, 19:15\u201321:30<br \/>\nSamedi : 12:00\u201313:30, 19:15\u201321:30<br \/>\nDimanche : Ferm\u00e9<\/p>\n<p><strong>Menus et R\u00e9servations:<\/strong><\/p>\n<p><a href=\"https:\/\/www.thierry-schwartz.fr\/menus-reservation\/\" target=\"_blank\" rel=\"noopener\">https:\/\/www.thierry-schwartz.fr\/menus-reservation\/<\/a><\/p>","protected":false},"excerpt":{"rendered":"<p>Thierry Schwartz: Restaurant gastronomique \u00e9toil\u00e9 \u00e0 Obernai https:\/\/www.thierry-schwartz.fr &nbsp; La cuisine nature Saisons Floral \u2026. Lune \u2026 Climat \u2026 Diversit\u00e9 \u2026 Humilit\u00e9 \u2026 V\u00e9g\u00e9tal Feuilles \u2026 Racines \u2026 Fleurs \u2026 Cueillette \u2026 Fruits \u2026 Animal Respect \u2026. Vivant \u2026 Sauvage \u2026 Libert\u00e9 \u2026 Temps Patience \u2026. Savoir-Faire \u2026 Cuisson \u2026 Id\u00e9e \u2026 Chemin\u00e9e\u2026 Faire vivre [&hellip;]<\/p>","protected":false},"featured_media":0,"template":"","meta":[],"product_cat":[21],"product_tag":[],"_links":{"self":[{"href":"https:\/\/www.grintoura.fr\/en\/wp-json\/wp\/v2\/product\/10409"}],"collection":[{"href":"https:\/\/www.grintoura.fr\/en\/wp-json\/wp\/v2\/product"}],"about":[{"href":"https:\/\/www.grintoura.fr\/en\/wp-json\/wp\/v2\/types\/product"}],"wp:attachment":[{"href":"https:\/\/www.grintoura.fr\/en\/wp-json\/wp\/v2\/media?parent=10409"}],"wp:term":[{"taxonomy":"product_cat","embeddable":true,"href":"https:\/\/www.grintoura.fr\/en\/wp-json\/wp\/v2\/product_cat?post=10409"},{"taxonomy":"product_tag","embeddable":true,"href":"https:\/\/www.grintoura.fr\/en\/wp-json\/wp\/v2\/product_tag?post=10409"}],"curies":[{"name":"wp","href":"https:\/\/api.w.org\/{rel}","templated":true}]}}

<p><strong>Thierry Schwartz: Restaurant gastronomique étoilé à Obernai</strong></p>
<p><a href="https://www.thierry-schwartz.fr" target="_blank" rel="noopener">https://www.thierry-schwartz.fr</a></p>
<p>&nbsp;</p>
<p><strong>La cuisine nature</strong></p>
<p><em><u>Saisons</u></em><br />
Floral ….<br />
Lune …<br />
Climat …<br />
Diversité …<br />
Humilité …</p>
<p><em><u>Végétal</u></em><br />
Feuilles …<br />
Racines …<br />
Fleurs …<br />
Cueillette …<br />
Fruits …</p>
<p><em><u>Animal</u></em><br />
Respect ….<br />
Vivant …<br />
Sauvage …<br />
Liberté …</p>
<p><em><u>Temps</u></em><br />
Patience ….<br />
Savoir-Faire …<br />
Cuisson …<br />
Idée …<br />
Cheminée…</p>
<p><em>Faire vivre l’écosystème de la Cuisine Nature</em><br />
<em>L’amitié, le partage, l’humilité</em></p>
<p><em>L’engagement du chef auprès des producteurs et artisans locaux.</em></p>
<p>&nbsp;</p>
<p>35 rue de Sélestat<br />
67210 – Obernai<br />
+33 3 88 49 90 41</p>
<p>Lundi : Fermé<br />
Mardi : 19:15–21:30<br />
Mercredi : 12:00–13:30, 19:15–21:30<br />
Jeudi : 12:00–13:30, 19:15–21:30<br />
Vendredi : 12:00–13:30, 19:15–21:30<br />
Samedi : 12:00–13:30, 19:15–21:30<br />
Dimanche : Fermé</p>
<p><strong>Menus et Réservations:</strong></p>
<p><a href="https://www.thierry-schwartz.fr/menus-reservation/" target="_blank" rel="noopener">https://www.thierry-schwartz.fr/menus-reservation/</a></p>

<p>Thierry Schwartz: Restaurant gastronomique étoilé à Obernai https://www.thierry-schwartz.fr &nbsp; La cuisine nature Saisons Floral …. Lune … Climat … Diversité … Humilité … Végétal Feuilles … Racines … Fleurs … Cueillette … Fruits … Animal Respect …. Vivant … Sauvage … Liberté … Temps Patience …. Savoir-Faire … Cuisson … Idée … Cheminée… Faire vivre [&hellip;]</p>
