	
	
	
	
{"id":8589,"date":"2024-03-25T15:39:34","date_gmt":"2024-03-25T14:39:34","guid":{"rendered":"https:\/\/www.grintoura.fr\/?post_type=listing&#038;p=8589"},"modified":"2025-01-30T16:04:56","modified_gmt":"2025-01-30T15:04:56","slug":"office-eurometropolitain-de-tourisme-des-loisirs-et-des-congres-de-strasbourg","status":"publish","type":"listing","link":"https:\/\/www.grintoura.fr\/en\/hebergement\/alsace\/sports-nature-decouverte-du-pays\/office-eurometropolitain-de-tourisme-des-loisirs-et-des-congres-de-strasbourg\/","title":{"rendered":"Office eurom\u00e9tropolitain de Tourisme, des Loisirs et des Congr\u00e8s de Strasbourg"},"content":{"rendered":"<p>OFFICE EUROMETROPOLITAIN DE TOURISME, DES LOISIRS ET DES CONGRES DE STRASBOURG<br \/>\n17 place de la Cath\u00e9drale<br \/>\n67082 STRASBOURG CEDEX<br \/>\nTel: +33 3 88 52 28 28<\/p>\n<p><a href=\"https:\/\/www.visitstrasbourg.fr\" target=\"_blank\" rel=\"noopener\">https:\/\/www.visitstrasbourg.fr<\/a><\/p>\n<p>Le bureau d\u2019accueil et la boutique de l\u2019Office de Tourisme sont ouverts 7 jours\/7 aux horaires suivants :<\/p>\n<p>En janvier et f\u00e9vrier : 9H \u2013 13H \/ 14H \u2013 17H<br \/>\nEn mars et avril : 9H \u2013 18H<br \/>\nDe mai \u00e0 septembre : 9H \u2013 19H<br \/>\nEn octobre et novembre : 9H \u2013 18H<br \/>\nEn d\u00e9cembre : 9H \u2013 19H (le 25\/12 : 10H \u2013 17H)<\/p>\n<p>&nbsp;<\/p>\n<p>Strasbourg s\u2019est forg\u00e9, au fil des si\u00e8cles, une identit\u00e9 \u00e0 part reposant sur une double influence : fran\u00e7aise et allemande. Cette singularit\u00e9 en fait une m\u00e9tropole surprenante de diversit\u00e9. D\u00e9couvrez la richesse des quartiers de Strasbourg et des communes alentours !<\/p>\n<p>&nbsp;<\/p>\n<p>La cath\u00e9drale, la Petite France, quoi d\u2019autre ?<\/p>\n<p>Vous voulez \u00eatre s\u00fbr de ne rien manquer \u00e0 Strasbourg, m\u00eame si votre s\u00e9jour est court ?<\/p>\n<p>Voici notre s\u00e9lection des lieux incontournables \u00e0 visiter dans la capitale alsacienne, pour un voyage inoubliable !<\/p>\n<p>&nbsp;<\/p>\n<p><em>La Cath\u00e9drale:<\/em><\/p>\n<p>Avec sa fl\u00e8che culminant \u00e0 142 m\u00e8tres, la cath\u00e9drale et sa robe en dentelle de gr\u00e8s rose dominent toute la plaine d\u2019Alsace. Laissez-vous s\u00e9duire par ce chef-d\u2019\u0153uvre gothique, symbole par excellence de Strasbourg.<\/p>\n<p>&nbsp;<\/p>\n<p><em>La Grande \u00cele:<\/em><\/p>\n<p>Entour\u00e9e par l\u2019Ill, la Grande \u00cele, class\u00e9e au Patrimoine Mondial de l\u2019UNESCO, est le centre historique de Strasbourg. \u00a0 \u00a0 \u00a0 \u00a0 \u00a0 \u00a0 \u00a0 \u00a0Outre l\u2019embl\u00e9matique cath\u00e9drale Notre-Dame et l\u2019incontournable Maison Kammerzell, maintes richesses sont \u00e0 y d\u00e9couvrir\u2026<\/p>\n<p>&nbsp;<\/p>\n<p><em>La Petite France:<\/em><\/p>\n<p>Embl\u00e9matique de Strasbourg, la Petite France est l\u2019ancien quartier des meuniers, tanneurs et p\u00eacheurs. Ses maisons \u00e0 colombage, ses petites ruelles et ses quais lui conf\u00e8rent une atmosph\u00e8re romantique et intimiste.<\/p>\n<p>&nbsp;<\/p>\n<p><em>La Neustadt:<\/em><\/p>\n<p>Appel\u00e9e aussi quartier imp\u00e9rial allemand, la Neustadt est une \u00ab nouvelle ville \u00bb, construite au tournant du XXe si\u00e8cle, apr\u00e8s l\u2019annexion prussienne. Inscrite au Patrimoine mondial de l\u2019UNESCO depuis 2017, elle offre un ensemble architectural \u00e9tonnant.<\/p>\n<p>&nbsp;<\/p>\n<p><em>Le Quartier Europ\u00e9en:<\/em><\/p>\n<p>Le quartier europ\u00e9en, symbole de la r\u00e9conciliation franco-allemande et de la construction de l\u2019Europe, compte quelques superbes fleurons de l\u2019architecture contemporaine, dont le fameux Parlement Europ\u00e9en.<\/p>\n<p>&nbsp;<\/p>","protected":false},"author":233,"featured_media":8583,"comment_status":"open","ping_status":"closed","template":"","meta":[],"listing_category":[164],"event_category":[],"service_category":[],"rental_category":[],"classifieds_category":[],"listing_feature":[],"region":[99],"_links":{"self":[{"href":"https:\/\/www.grintoura.fr\/en\/wp-json\/wp\/v2\/listing\/8589"}],"collection":[{"href":"https:\/\/www.grintoura.fr\/en\/wp-json\/wp\/v2\/listing"}],"about":[{"href":"https:\/\/www.grintoura.fr\/en\/wp-json\/wp\/v2\/types\/listing"}],"author":[{"embeddable":true,"href":"https:\/\/www.grintoura.fr\/en\/wp-json\/wp\/v2\/users\/233"}],"replies":[{"embeddable":true,"href":"https:\/\/www.grintoura.fr\/en\/wp-json\/wp\/v2\/comments?post=8589"}],"wp:featuredmedia":[{"embeddable":true,"href":"https:\/\/www.grintoura.fr\/en\/wp-json\/wp\/v2\/media\/8583"}],"wp:attachment":[{"href":"https:\/\/www.grintoura.fr\/en\/wp-json\/wp\/v2\/media?parent=8589"}],"wp:term":[{"taxonomy":"listing_category","embeddable":true,"href":"https:\/\/www.grintoura.fr\/en\/wp-json\/wp\/v2\/listing_category?post=8589"},{"taxonomy":"event_category","embeddable":true,"href":"https:\/\/www.grintoura.fr\/en\/wp-json\/wp\/v2\/event_category?post=8589"},{"taxonomy":"service_category","embeddable":true,"href":"https:\/\/www.grintoura.fr\/en\/wp-json\/wp\/v2\/service_category?post=8589"},{"taxonomy":"rental_category","embeddable":true,"href":"https:\/\/www.grintoura.fr\/en\/wp-json\/wp\/v2\/rental_category?post=8589"},{"taxonomy":"classifieds_category","embeddable":true,"href":"https:\/\/www.grintoura.fr\/en\/wp-json\/wp\/v2\/classifieds_category?post=8589"},{"taxonomy":"listing_feature","embeddable":true,"href":"https:\/\/www.grintoura.fr\/en\/wp-json\/wp\/v2\/listing_feature?post=8589"},{"taxonomy":"region","embeddable":true,"href":"https:\/\/www.grintoura.fr\/en\/wp-json\/wp\/v2\/region?post=8589"}],"curies":[{"name":"wp","href":"https:\/\/api.w.org\/{rel}","templated":true}]}}

Office eurométropolitain de Tourisme, des Loisirs et des Congrès de Strasbourg

<p>OFFICE EUROMETROPOLITAIN DE TOURISME, DES LOISIRS ET DES CONGRES DE STRASBOURG<br />
17 place de la Cathédrale<br />
67082 STRASBOURG CEDEX<br />
Tel: +33 3 88 52 28 28</p>
<p><a href="https://www.visitstrasbourg.fr" target="_blank" rel="noopener">https://www.visitstrasbourg.fr</a></p>
<p>Le bureau d’accueil et la boutique de l’Office de Tourisme sont ouverts 7 jours/7 aux horaires suivants :</p>
<p>En janvier et février : 9H – 13H / 14H – 17H<br />
En mars et avril : 9H – 18H<br />
De mai à septembre : 9H – 19H<br />
En octobre et novembre : 9H – 18H<br />
En décembre : 9H – 19H (le 25/12 : 10H – 17H)</p>
<p>&nbsp;</p>
<p>Strasbourg s’est forgé, au fil des siècles, une identité à part reposant sur une double influence : française et allemande. Cette singularité en fait une métropole surprenante de diversité. Découvrez la richesse des quartiers de Strasbourg et des communes alentours !</p>
<p>&nbsp;</p>
<p>La cathédrale, la Petite France, quoi d’autre ?</p>
<p>Vous voulez être sûr de ne rien manquer à Strasbourg, même si votre séjour est court ?</p>
<p>Voici notre sélection des lieux incontournables à visiter dans la capitale alsacienne, pour un voyage inoubliable !</p>
<p>&nbsp;</p>
<p><em>La Cathédrale:</em></p>
<p>Avec sa flèche culminant à 142 mètres, la cathédrale et sa robe en dentelle de grès rose dominent toute la plaine d’Alsace. Laissez-vous séduire par ce chef-d’œuvre gothique, symbole par excellence de Strasbourg.</p>
<p>&nbsp;</p>
<p><em>La Grande Île:</em></p>
<p>Entourée par l’Ill, la Grande Île, classée au Patrimoine Mondial de l’UNESCO, est le centre historique de Strasbourg.                Outre l’emblématique cathédrale Notre-Dame et l’incontournable Maison Kammerzell, maintes richesses sont à y découvrir…</p>
<p>&nbsp;</p>
<p><em>La Petite France:</em></p>
<p>Emblématique de Strasbourg, la Petite France est l’ancien quartier des meuniers, tanneurs et pêcheurs. Ses maisons à colombage, ses petites ruelles et ses quais lui confèrent une atmosphère romantique et intimiste.</p>
<p>&nbsp;</p>
<p><em>La Neustadt:</em></p>
<p>Appelée aussi quartier impérial allemand, la Neustadt est une « nouvelle ville », construite au tournant du XXe siècle, après l’annexion prussienne. Inscrite au Patrimoine mondial de l’UNESCO depuis 2017, elle offre un ensemble architectural étonnant.</p>
<p>&nbsp;</p>
<p><em>Le Quartier Européen:</em></p>
<p>Le quartier européen, symbole de la réconciliation franco-allemande et de la construction de l’Europe, compte quelques superbes fleurons de l’architecture contemporaine, dont le fameux Parlement Européen.</p>
<p>&nbsp;</p>
