	
	
	
	
{"id":5104,"date":"2022-09-20T20:11:00","date_gmt":"2022-09-20T18:11:00","guid":{"rendered":"https:\/\/www.grintoura.fr\/?post_type=listing&#038;p=5104"},"modified":"2026-03-20T22:22:25","modified_gmt":"2026-03-20T21:22:25","slug":"atelier-3c","status":"publish","type":"listing","link":"https:\/\/www.grintoura.fr\/en\/hebergement\/occitanie\/artisans-art-culture\/atelier-3c\/","title":{"rendered":"Atelier 3C"},"content":{"rendered":"<p><strong>C\u00e9ramiques et peintures contemporaines<\/strong><\/p>\n\n\n\n<p><strong>Atelier 3C<\/strong><br><br>L&rsquo;Atelier-boutique\u00a0est situ\u00e9 au coeur des gorges de l&rsquo;H\u00e9rault dans le village pittoresque de Saint Jean-de-Fos. La poterie est l&rsquo;activit\u00e9 la plus importante de ce village avec pas moins de 10 Ateliers \u00e0 visiter, un mus\u00e9e,\u00a0la maison des potiers, la fabrication des\u00a0oyas&#8230;<br><br>\u200b<br><br>L&rsquo;environnement est propice \u00e0 la cr\u00e9ation, \u00e0 la culture et au ressourcement, vous aurez l&rsquo;occasion de visiter \u00ab\u00a0La grotte de Clamouse\u00a0\u00bb, le \u00ab\u00a0site du pont du diable\u00a0\u00bb, le \u00ab\u00a0village de Saint Guilhem-le-d\u00e9sert\u00a0\u00bb\u00a0et d&rsquo;arpenter les rives des gorges de l&rsquo;H\u00e9rault entre baignade et randonn\u00e9e.<\/p>\n\n\n\n<p><br><br>\u00a0<br><br><a href=\"https:\/\/www.grinmarket.fr\/vendeurs\/atelier-3c\/\" target=\"_blank\" rel=\"noopener\"><em><strong>-> Ma Boutique sur GrinMarket:<\/strong><\/em><\/a><\/p>\n\n\n\n<figure class=\"wp-block-image size-large is-resized\"><img fetchpriority=\"high\" decoding=\"async\" width=\"792\" height=\"1024\" src=\"https:\/\/www.grintoura.fr\/wp-content\/uploads\/2026\/03\/Capture-decran-2026-03-20-a-22.16.29-792x1024.png\" alt=\"\" class=\"wp-image-20732\" style=\"width:302px;height:auto\" title=\"\" srcset=\"https:\/\/www.grintoura.fr\/wp-content\/uploads\/2026\/03\/Capture-decran-2026-03-20-a-22.16.29-792x1024.png 792w, https:\/\/www.grintoura.fr\/wp-content\/uploads\/2026\/03\/Capture-decran-2026-03-20-a-22.16.29-232x300.png 232w, https:\/\/www.grintoura.fr\/wp-content\/uploads\/2026\/03\/Capture-decran-2026-03-20-a-22.16.29-768x993.png 768w, https:\/\/www.grintoura.fr\/wp-content\/uploads\/2026\/03\/Capture-decran-2026-03-20-a-22.16.29-9x12.png 9w, https:\/\/www.grintoura.fr\/wp-content\/uploads\/2026\/03\/Capture-decran-2026-03-20-a-22.16.29-456x590.png 456w, https:\/\/www.grintoura.fr\/wp-content\/uploads\/2026\/03\/Capture-decran-2026-03-20-a-22.16.29-518x670.png 518w, https:\/\/www.grintoura.fr\/wp-content\/uploads\/2026\/03\/Capture-decran-2026-03-20-a-22.16.29-577x746.png 577w, https:\/\/www.grintoura.fr\/wp-content\/uploads\/2026\/03\/Capture-decran-2026-03-20-a-22.16.29-600x776.png 600w, https:\/\/www.grintoura.fr\/wp-content\/uploads\/2026\/03\/Capture-decran-2026-03-20-a-22.16.29.png 976w\" sizes=\"(max-width: 792px) 100vw, 792px\" \/><figcaption><\/figcaption><\/figure>\n\n\n\n<p><\/p>\n\n\n\n<p><br><br>\u00a0<br><br>\u00a0<br><br><strong>Carole Meyer,<\/strong><em><strong>\u00a0artiste peintre et c\u00e9ramiste\u00a0<\/strong><\/em><br><br>\u200b<br><br>Carole a d\u00e9velopp\u00e9 sa passion pour la peinture et le design d\u2019objet lors de sa formation initiale en arts appliqu\u00e9s \u00e0 Strasbourg, sa ville natale. De 2004 \u00e0 2018, elle perfectionne sa ma\u00eetrise des mat\u00e9riaux, notamment la porcelaine, et d\u00e9veloppe son sens du d\u00e9tail et de la pr\u00e9cision en exer\u00e7ant le m\u00e9tier de proth\u00e9siste dentaire en sus de ses activit\u00e9s de cr\u00e9ation.<br><br>Les savoir-faire techniques acquis en cette p\u00e9riode ont permis d\u2019apporter \u00e0 ses peintures un graphisme singulier et des d\u00e9tails minutieux. En parall\u00e8le, elle suit des cours de c\u00e9ramique d\u2019art contemporain aupr\u00e8s de Sol\u00e8ne Dumas.<br><br>\u200b<br><br>En 2016, des bouleversements dans sa vie personnelle r\u00e9volutionnent son processus cr\u00e9atif. D\u00e9sormais, elle peint en ext\u00e9rieur et c\u2019est lors d\u2019une de ces s\u00e9ances qu\u2019un \u00e9v\u00e9nement inattendu survient qui sera \u00e0 l\u2019origine de son style actuel. Dans les lumi\u00e8res mouvantes du soleil couchant, une feuille d\u2019eucalyptus s\u2019invite sur sa toile et son ombre, \u00e9tir\u00e9e et d\u00e9form\u00e9e, dessine dans les masses abstraites ses motifs naturels. C\u2019est une r\u00e9v\u00e9lation. D\u00e9bute alors sa recherche d\u2019un mim\u00e9tisme imparfait o\u00f9 se rencontrent les motifs abstraits de ses textures de fond et les arabesques v\u00e9g\u00e9tales des ombres port\u00e9es.<br><br>\u200b<br><br>L\u2019ouverture de son atelier galerie ATELIER 3C en 2019 au c\u0153ur du village de potiers de Saint Jean-de-Fos est la concr\u00e9tisation de son cheminement artistique. Son travail quotidien navigue entre la c\u00e9ramique utilitaire ou d\u00e9corative et la peinture sur toile. La cr\u00e9ativit\u00e9 de Carole s\u2019exprime autant dans la recherche de textures que dans les harmonies de couleurs. Tandis que l\u2019argile est surtout un support d\u2019exp\u00e9rimentation plastique, la peinture repr\u00e9sente une expression libre c\u00e9l\u00e9brant et magnifiant l\u2019environnement naturel des gorges de l\u2019H\u00e9rault.<br><br>\u00a0<br><br><strong>Retrouvez mes productions et mon espace de vente<\/strong><br><br>Retrouvez l\u2019ensemble de mes collections sur mes points de ventes, et un plus grand choix dans mon atelier. Pour toute commande particuli\u00e8re n\u2019h\u00e9sitez pas \u00e0 me contacter, je vous accompagnerais dans vos choix pour \u00eatre au plus pr\u00e8s de vos envies.<br><br>\u00a0<br><br>POINTS DE VENTE:<br><br>\u200b<br><br><strong>Atelier 3C<\/strong><br><br>Changement d&rsquo;adresse:<br><br>40 Ter Route d&rsquo;Aniane<br><br>34150 Saint Jean-de-Fos<br><br>Ouvert sur rendez-vous de pr\u00e9f\u00e9rence.<br><br>\u200b<br><br><strong>Argileum- La Maison de la poterie<\/strong><br><br>Avenue du Monument<br><br>34150 Saint Jean-de-Fos<br><br>\u200b<br><br><strong>Un R de r\u00eave<\/strong><br><br>10 Grande rue Jean Jaur\u00e8s<br><br>30220 Aigues-Mortes<br><br>\u200b<br><br><strong>Galerie Olympe et Demeter<\/strong><br><br>6 Place de Monaco<br><br>12600 Mur-de-Barrez<br><br>\u200b<br><br><strong>Galerie Sigrid Chevalier<\/strong><br><br>2 Grand Rue<br><br>34800 Villeneuvette<br><br>\u200b<br><br><strong>Galerie Piou-piou<\/strong><br><br>5 quai Adolphe Merle<br><br>34200 S\u00e8te<br><br>\u00a0<\/p>","protected":false},"author":27,"featured_media":20718,"comment_status":"open","ping_status":"closed","template":"","meta":[],"listing_category":[165],"event_category":[],"service_category":[],"rental_category":[],"classifieds_category":[],"listing_feature":[],"region":[126],"_links":{"self":[{"href":"https:\/\/www.grintoura.fr\/en\/wp-json\/wp\/v2\/listing\/5104"}],"collection":[{"href":"https:\/\/www.grintoura.fr\/en\/wp-json\/wp\/v2\/listing"}],"about":[{"href":"https:\/\/www.grintoura.fr\/en\/wp-json\/wp\/v2\/types\/listing"}],"author":[{"embeddable":true,"href":"https:\/\/www.grintoura.fr\/en\/wp-json\/wp\/v2\/users\/27"}],"replies":[{"embeddable":true,"href":"https:\/\/www.grintoura.fr\/en\/wp-json\/wp\/v2\/comments?post=5104"}],"wp:featuredmedia":[{"embeddable":true,"href":"https:\/\/www.grintoura.fr\/en\/wp-json\/wp\/v2\/media\/20718"}],"wp:attachment":[{"href":"https:\/\/www.grintoura.fr\/en\/wp-json\/wp\/v2\/media?parent=5104"}],"wp:term":[{"taxonomy":"listing_category","embeddable":true,"href":"https:\/\/www.grintoura.fr\/en\/wp-json\/wp\/v2\/listing_category?post=5104"},{"taxonomy":"event_category","embeddable":true,"href":"https:\/\/www.grintoura.fr\/en\/wp-json\/wp\/v2\/event_category?post=5104"},{"taxonomy":"service_category","embeddable":true,"href":"https:\/\/www.grintoura.fr\/en\/wp-json\/wp\/v2\/service_category?post=5104"},{"taxonomy":"rental_category","embeddable":true,"href":"https:\/\/www.grintoura.fr\/en\/wp-json\/wp\/v2\/rental_category?post=5104"},{"taxonomy":"classifieds_category","embeddable":true,"href":"https:\/\/www.grintoura.fr\/en\/wp-json\/wp\/v2\/classifieds_category?post=5104"},{"taxonomy":"listing_feature","embeddable":true,"href":"https:\/\/www.grintoura.fr\/en\/wp-json\/wp\/v2\/listing_feature?post=5104"},{"taxonomy":"region","embeddable":true,"href":"https:\/\/www.grintoura.fr\/en\/wp-json\/wp\/v2\/region?post=5104"}],"curies":[{"name":"wp","href":"https:\/\/api.w.org\/{rel}","templated":true}]}}

<p><strong>Céramiques et peintures contemporaines</strong></p>



<p><strong>Atelier 3C</strong><br><br>L&rsquo;Atelier-boutique est situé au coeur des gorges de l&rsquo;Hérault dans le village pittoresque de Saint Jean-de-Fos. La poterie est l&rsquo;activité la plus importante de ce village avec pas moins de 10 Ateliers à visiter, un musée, la maison des potiers, la fabrication des oyas&#8230;<br><br>​<br><br>L&rsquo;environnement est propice à la création, à la culture et au ressourcement, vous aurez l&rsquo;occasion de visiter « La grotte de Clamouse », le « site du pont du diable », le « village de Saint Guilhem-le-désert » et d&rsquo;arpenter les rives des gorges de l&rsquo;Hérault entre baignade et randonnée.</p>



<p><br><br> <br><br><a href="https://www.grinmarket.fr/vendeurs/atelier-3c/" target="_blank" rel="noopener"><em><strong>-> Ma Boutique sur GrinMarket:</strong></em></a></p>



<figure class="wp-block-image size-large is-resized"><img fetchpriority="high" decoding="async" width="792" height="1024" src="https://www.grintoura.fr/wp-content/uploads/2026/03/Capture-decran-2026-03-20-a-22.16.29-792x1024.png" alt="" class="wp-image-20732" style="width:302px;height:auto" title="" srcset="https://www.grintoura.fr/wp-content/uploads/2026/03/Capture-decran-2026-03-20-a-22.16.29-792x1024.png 792w, https://www.grintoura.fr/wp-content/uploads/2026/03/Capture-decran-2026-03-20-a-22.16.29-232x300.png 232w, https://www.grintoura.fr/wp-content/uploads/2026/03/Capture-decran-2026-03-20-a-22.16.29-768x993.png 768w, https://www.grintoura.fr/wp-content/uploads/2026/03/Capture-decran-2026-03-20-a-22.16.29-9x12.png 9w, https://www.grintoura.fr/wp-content/uploads/2026/03/Capture-decran-2026-03-20-a-22.16.29-456x590.png 456w, https://www.grintoura.fr/wp-content/uploads/2026/03/Capture-decran-2026-03-20-a-22.16.29-518x670.png 518w, https://www.grintoura.fr/wp-content/uploads/2026/03/Capture-decran-2026-03-20-a-22.16.29-577x746.png 577w, https://www.grintoura.fr/wp-content/uploads/2026/03/Capture-decran-2026-03-20-a-22.16.29-600x776.png 600w, https://www.grintoura.fr/wp-content/uploads/2026/03/Capture-decran-2026-03-20-a-22.16.29.png 976w" sizes="(max-width: 792px) 100vw, 792px" /><figcaption></figcaption></figure>



<p></p>



<p><br><br> <br><br> <br><br><strong>Carole Meyer,</strong><em><strong> artiste peintre et céramiste </strong></em><br><br>​<br><br>Carole a développé sa passion pour la peinture et le design d’objet lors de sa formation initiale en arts appliqués à Strasbourg, sa ville natale. De 2004 à 2018, elle perfectionne sa maîtrise des matériaux, notamment la porcelaine, et développe son sens du détail et de la précision en exerçant le métier de prothésiste dentaire en sus de ses activités de création.<br><br>Les savoir-faire techniques acquis en cette période ont permis d’apporter à ses peintures un graphisme singulier et des détails minutieux. En parallèle, elle suit des cours de céramique d’art contemporain auprès de Solène Dumas.<br><br>​<br><br>En 2016, des bouleversements dans sa vie personnelle révolutionnent son processus créatif. Désormais, elle peint en extérieur et c’est lors d’une de ces séances qu’un événement inattendu survient qui sera à l’origine de son style actuel. Dans les lumières mouvantes du soleil couchant, une feuille d’eucalyptus s’invite sur sa toile et son ombre, étirée et déformée, dessine dans les masses abstraites ses motifs naturels. C’est une révélation. Débute alors sa recherche d’un mimétisme imparfait où se rencontrent les motifs abstraits de ses textures de fond et les arabesques végétales des ombres portées.<br><br>​<br><br>L’ouverture de son atelier galerie ATELIER 3C en 2019 au cœur du village de potiers de Saint Jean-de-Fos est la concrétisation de son cheminement artistique. Son travail quotidien navigue entre la céramique utilitaire ou décorative et la peinture sur toile. La créativité de Carole s’exprime autant dans la recherche de textures que dans les harmonies de couleurs. Tandis que l’argile est surtout un support d’expérimentation plastique, la peinture représente une expression libre célébrant et magnifiant l’environnement naturel des gorges de l’Hérault.<br><br> <br><br><strong>Retrouvez mes productions et mon espace de vente</strong><br><br>Retrouvez l’ensemble de mes collections sur mes points de ventes, et un plus grand choix dans mon atelier. Pour toute commande particulière n’hésitez pas à me contacter, je vous accompagnerais dans vos choix pour être au plus près de vos envies.<br><br> <br><br>POINTS DE VENTE:<br><br>​<br><br><strong>Atelier 3C</strong><br><br>Changement d&rsquo;adresse:<br><br>40 Ter Route d&rsquo;Aniane<br><br>34150 Saint Jean-de-Fos<br><br>Ouvert sur rendez-vous de préférence.<br><br>​<br><br><strong>Argileum- La Maison de la poterie</strong><br><br>Avenue du Monument<br><br>34150 Saint Jean-de-Fos<br><br>​<br><br><strong>Un R de rêve</strong><br><br>10 Grande rue Jean Jaurès<br><br>30220 Aigues-Mortes<br><br>​<br><br><strong>Galerie Olympe et Demeter</strong><br><br>6 Place de Monaco<br><br>12600 Mur-de-Barrez<br><br>​<br><br><strong>Galerie Sigrid Chevalier</strong><br><br>2 Grand Rue<br><br>34800 Villeneuvette<br><br>​<br><br><strong>Galerie Piou-piou</strong><br><br>5 quai Adolphe Merle<br><br>34200 Sète<br><br> </p>
