	
	
	
	
{"id":19965,"date":"2026-01-19T10:09:58","date_gmt":"2026-01-19T09:09:58","guid":{"rendered":"https:\/\/www.grintoura.fr\/?post_type=listing&#038;p=19965"},"modified":"2026-01-19T15:03:41","modified_gmt":"2026-01-19T14:03:41","slug":"domaine-christophe-richard","status":"publish","type":"listing","link":"https:\/\/www.grintoura.fr\/en\/hebergement\/bourgogne-franche-comte\/alimentation-bio-restaurants-bars\/domaine-christophe-richard\/","title":{"rendered":"Domaine Christophe Richard"},"content":{"rendered":"<p><strong>Le domaine Christophe Richard<\/strong><\/p>\n<p>Nous exploitons actuellement 7,30 hectares de vigne, r\u00e9partis entre cinq c\u00e9pages : Chardonnay et Savagnin pour les blancs, Pinot noir, Poulsard et Trousseau pour les rouges.<\/p>\n<p>Nous produisons ainsi toute la palette des vins du Jura de l\u2019AOC C\u00f4tes du Jura : blanc, rouge, Cr\u00e9mant, Macvin, Vin jaune et Vin de paille.<\/p>\n<p>Notre exploitation familiale est implant\u00e9e au centre du Revermont \u00e0 Le Vernois, depuis 1824.<\/p>\n<p>Vous serez le plus souvent accueilli au caveau par Odette, qui aura le plaisir de vous faire d\u00e9guster le fruit de notre travail.<\/p>\n<p>&nbsp;<\/p>\n<p><strong>Notre philosophie<\/strong><br \/>\nLa certification en <em>Agriculture Biologique obtenue en 2021<\/em> est la concr\u00e9tisation d\u2019un engagement et d\u2019une prise de conscience environnementale depuis de nombreuses ann\u00e9es.<\/p>\n<p>Depuis 2010, tous les traitements se font uniquement \u00e0 base de soufre et de cuivre. Le travail du sol et le respect du terroir ont \u00e9t\u00e9 g\u00e9n\u00e9ralis\u00e9s au fil des ann\u00e9es.<\/p>\n<p>La qualit\u00e9 et la pr\u00e9servation de notre environnement \u00e9tant notre fil conducteur permanent, toutes les \u00e9tapes \u00e0 la vigne comme \u00e0 la cave sont abord\u00e9s dans cet esprit.<br \/>\nNotre principal souhait est que vous partagiez de bons moments autour de nos vins, que vous preniez plaisir \u00e0 les d\u00e9guster.<\/p>\n<p>&nbsp;<\/p>\n<p>&nbsp;<\/p>\n<p>Nous contacter<\/p>\n<p>03 84 25 31 44<\/p>\n<p>06 86 56 88 97<\/p>\n<p>&nbsp;<\/p>","protected":false},"author":1166,"featured_media":19957,"comment_status":"open","ping_status":"closed","template":"","meta":[],"listing_category":[167],"event_category":[],"service_category":[],"rental_category":[],"classifieds_category":[],"listing_feature":[],"region":[67],"_links":{"self":[{"href":"https:\/\/www.grintoura.fr\/en\/wp-json\/wp\/v2\/listing\/19965"}],"collection":[{"href":"https:\/\/www.grintoura.fr\/en\/wp-json\/wp\/v2\/listing"}],"about":[{"href":"https:\/\/www.grintoura.fr\/en\/wp-json\/wp\/v2\/types\/listing"}],"author":[{"embeddable":true,"href":"https:\/\/www.grintoura.fr\/en\/wp-json\/wp\/v2\/users\/1166"}],"replies":[{"embeddable":true,"href":"https:\/\/www.grintoura.fr\/en\/wp-json\/wp\/v2\/comments?post=19965"}],"wp:featuredmedia":[{"embeddable":true,"href":"https:\/\/www.grintoura.fr\/en\/wp-json\/wp\/v2\/media\/19957"}],"wp:attachment":[{"href":"https:\/\/www.grintoura.fr\/en\/wp-json\/wp\/v2\/media?parent=19965"}],"wp:term":[{"taxonomy":"listing_category","embeddable":true,"href":"https:\/\/www.grintoura.fr\/en\/wp-json\/wp\/v2\/listing_category?post=19965"},{"taxonomy":"event_category","embeddable":true,"href":"https:\/\/www.grintoura.fr\/en\/wp-json\/wp\/v2\/event_category?post=19965"},{"taxonomy":"service_category","embeddable":true,"href":"https:\/\/www.grintoura.fr\/en\/wp-json\/wp\/v2\/service_category?post=19965"},{"taxonomy":"rental_category","embeddable":true,"href":"https:\/\/www.grintoura.fr\/en\/wp-json\/wp\/v2\/rental_category?post=19965"},{"taxonomy":"classifieds_category","embeddable":true,"href":"https:\/\/www.grintoura.fr\/en\/wp-json\/wp\/v2\/classifieds_category?post=19965"},{"taxonomy":"listing_feature","embeddable":true,"href":"https:\/\/www.grintoura.fr\/en\/wp-json\/wp\/v2\/listing_feature?post=19965"},{"taxonomy":"region","embeddable":true,"href":"https:\/\/www.grintoura.fr\/en\/wp-json\/wp\/v2\/region?post=19965"}],"curies":[{"name":"wp","href":"https:\/\/api.w.org\/{rel}","templated":true}]}}

<p><strong>Le domaine Christophe Richard</strong></p>
<p>Nous exploitons actuellement 7,30 hectares de vigne, répartis entre cinq cépages : Chardonnay et Savagnin pour les blancs, Pinot noir, Poulsard et Trousseau pour les rouges.</p>
<p>Nous produisons ainsi toute la palette des vins du Jura de l’AOC Côtes du Jura : blanc, rouge, Crémant, Macvin, Vin jaune et Vin de paille.</p>
<p>Notre exploitation familiale est implantée au centre du Revermont à Le Vernois, depuis 1824.</p>
<p>Vous serez le plus souvent accueilli au caveau par Odette, qui aura le plaisir de vous faire déguster le fruit de notre travail.</p>
<p>&nbsp;</p>
<p><strong>Notre philosophie</strong><br />
La certification en <em>Agriculture Biologique obtenue en 2021</em> est la concrétisation d’un engagement et d’une prise de conscience environnementale depuis de nombreuses années.</p>
<p>Depuis 2010, tous les traitements se font uniquement à base de soufre et de cuivre. Le travail du sol et le respect du terroir ont été généralisés au fil des années.</p>
<p>La qualité et la préservation de notre environnement étant notre fil conducteur permanent, toutes les étapes à la vigne comme à la cave sont abordés dans cet esprit.<br />
Notre principal souhait est que vous partagiez de bons moments autour de nos vins, que vous preniez plaisir à les déguster.</p>
<p>&nbsp;</p>
<p>&nbsp;</p>
<p>Nous contacter</p>
<p>03 84 25 31 44</p>
<p>06 86 56 88 97</p>
<p>&nbsp;</p>
