	
	
	
	
{"id":18033,"date":"2025-08-17T07:20:55","date_gmt":"2025-08-17T05:20:55","guid":{"rendered":"https:\/\/www.grintoura.fr\/?post_type=listing&#038;p=18033"},"modified":"2025-08-17T07:20:55","modified_gmt":"2025-08-17T05:20:55","slug":"la-foret-animee","status":"publish","type":"listing","link":"https:\/\/www.grintoura.fr\/en\/hebergement\/grand-est\/sports-nature-decouverte-du-pays\/la-foret-animee\/","title":{"rendered":"La for\u00eat \u00e2n\u2019im\u00e9e"},"content":{"rendered":"<p><strong>La For\u00eat \u00e2n&rsquo;im\u00e9e<\/strong><\/p>\n<p>&nbsp;<\/p>\n<p>La for\u00eat \u00e2n&rsquo;im\u00e9e est une association localis\u00e9e dans le massif du Donon qui propose diverses activit\u00e9s de plein air, pour toute la famille, en compagnie de nos animaux, dans un environnement naturel.<\/p>\n<p>Nous proposons notamment des balades p\u00e9destres, en autonomie, accompagn\u00e9es d&rsquo;un \u00e2ne.<\/p>\n<p>&nbsp;<\/p>\n<p>\u201cdes \u00e2nes, la for\u00eat mais pas que &#8230;.\u201d<\/p>\n<p>Nous proposons, \u00e0 la demande, diff\u00e9rentes prestations pour les particuliers, associations et professionnels :<\/p>\n<p>-accompagnement de randonn\u00e9es<br \/>\n-m\u00e9diation animale<br \/>\n-accueil p\u00e9dagogique<br \/>\n-\u00e9ducation \u00e0 la nature et \u00e0 l\u2019environnement<br \/>\n-balades \u00e9ducatives<br \/>\n-\u00e9v\u00e8nements<br \/>\n-accueil de groupes<br \/>\nNous offrons \u00e9galement la possibilit\u00e9 aux particuliers et aux professionnels de d\u00e9couvrir notre mobilier en bois sculpt\u00e9 sur place.<\/p>\n<p>&nbsp;<\/p>\n<p>&nbsp;<\/p>\n<p><strong>Qu&rsquo;est ce que la rando&rsquo; \u00e2ne ?<\/strong><\/p>\n<p>Envie d\u2019une aventure inoubliable en famille ? Partez \u00e0 la d\u00e9couverte des sentiers cach\u00e9s du massif du Donon en compagnie d\u2019un \u00e2ne ! Nous vous proposons une vari\u00e9t\u00e9 de parcours pour tous les niveaux, allant de la balade d\u2019une heure pour les plus jeunes \u00e0 une journ\u00e9e compl\u00e8te de randonn\u00e9e.<\/p>\n<p>Situ\u00e9e en lisi\u00e8re de for\u00eat, la For\u00eat \u00e2n\u2019im\u00e9e se trouve \u00e0 proximit\u00e9 des plus beaux sites du massif du Donon, tels que le lac de la Maix, le dolmen de la Hazelle et le rocher des Hauts-Champs. Choisissez votre itin\u00e9raire accompagn\u00e9 d\u2019un \u00e2ne en fonction de vos capacit\u00e9s physiques et du temps dont vous disposez. Louer un \u00e2ne pour une balade est une exp\u00e9rience enrichissante, combinant libert\u00e9 et aventure. Les enfants adorent la compagnie de ces animaux doux, dociles et rassurants ! Vous n\u2019aurez pas \u00e0 suivre un itin\u00e9raire pr\u00e9cis ni \u00e0 respecter un programme strict car la balade se fera en autonomie.<\/p>\n<p>Lors de cette exp\u00e9rience, vous aurez la chance de partir en balade avec un \u00e2ne avec tout son mat\u00e9riel : un b\u00e2t, une paire de sacoches et 2 longes. Vous recevrez une carte IGN du massif et un kit de premiers secours. L\u2019\u00e2ne portera vos bagages, ce qui vous permettra de voyager l\u00e9ger !<\/p>\n<p>Alors, pr\u00eats pour l\u2019aventure ? Lancez-vous dans cette exp\u00e9rience unique avec un \u00e2ne et vivez des moments m\u00e9morables en famille. R\u00e9servez d\u00e8s maintenant !<\/p>\n<p>&nbsp;<\/p>\n<p><strong>ATTENTION :\u00a0<\/strong><\/p>\n<p><em>Notre activit\u00e9 n\u2019est pas de l\u2019\u00e9quitation mais du transport : Il s\u2019agit de randonn\u00e9e p\u00e9destre : Nous mettons \u00e0 votre disposition des \u00e2nes de b\u00e2t pour le transport du mat\u00e9riel par cons\u00e9quent le transport des enfants sur l&rsquo;\u00e2ne ne rentre pas dans ce cadre.\u00a0<\/em><br \/>\n<em>Il appartient aux randonneurs de s\u2019assurer qu\u2019ils savent lire une carte de randonn\u00e9e type IGN TOP 25, que l\u2019itin\u00e9raire est en rapport avec leurs capacit\u00e9s physiques et que leur \u00e9quipement personnel est suffisant (chaussures ferm\u00e9es conseill\u00e9es).\u00a0<\/em><\/p>\n<p>&nbsp;<\/p>\n<p><strong>Parcours:<\/strong><\/p>\n<p>T\u00e9l\u00e9chargez nos parcours et ouvrez les dans votre application de randonn\u00e9e habituelle (IGN rando, visorando, GPX, D\u00e9cathlon Outdoor, sity trail &#8230;..), celle-ci vous servira de GPS pour suivre le parcours.<\/p>\n<ul>\n<li><a href=\"https:\/\/www.google.com\/url?q=https%3A%2F%2Fignrando.fr%2Ffr%2Fparcours%2Ffiche%2Fdetails%2Fid%2F2326567&amp;sa=D&amp;sntz=1&amp;usg=AOvVaw0N70IEYIwxB84r_xGXs0tz\" target=\"_blank\" rel=\"noopener\">Petit tour du Taurupt<\/a><\/li>\n<li><a href=\"https:\/\/www.google.com\/url?q=https%3A%2F%2Fignrando.fr%2Ffr%2Fparcours%2Ffiche%2Fdetails%2Fid%2F2191388&amp;sa=D&amp;sntz=1&amp;usg=AOvVaw21cfDCJYHaOIiyWAatsXhC\" target=\"_blank\" rel=\"noopener\">Rochers des hauts champs &#8211; Col d&rsquo;Asson<\/a><\/li>\n<li><a href=\"https:\/\/www.google.com\/url?q=https%3A%2F%2Fignrando.fr%2Ffr%2Fparcours%2Ffiche%2Fdetails%2Fid%2F2192402&amp;sa=D&amp;sntz=1&amp;usg=AOvVaw0F8Zz-iSdeeM7VRfMzHqGT\" target=\"_blank\" rel=\"noopener\">Lac de la Maix<\/a><\/li>\n<li><a href=\"https:\/\/www.google.com\/url?q=https%3A%2F%2Fignrando.fr%2Ffr%2Fparcours%2Ffiche%2Fdetails%2Fid%2F2192278&amp;sa=D&amp;sntz=1&amp;usg=AOvVaw20NaV2LQLW7NPAqaktjL6d\" target=\"_blank\" rel=\"noopener\">Dolmen et rocher de la Hazelle<\/a><\/li>\n<li><a href=\"https:\/\/www.google.com\/url?q=https%3A%2F%2Fignrando.fr%2Ffr%2Fparcours%2Ffiche%2Fdetails%2Fid%2F2442299&amp;sa=D&amp;sntz=1&amp;usg=AOvVaw34KljEkfw6Xkkb82fol0Yt\" target=\"_blank\" rel=\"noopener\">Lac de la Maix via le col d&rsquo;Asson &#8211; parcours long<\/a><\/li>\n<li><a href=\"https:\/\/www.google.com\/url?q=https%3A%2F%2Fignrando.fr%2Ffr%2Fparcours%2Ffiche%2Fdetails%2Fid%2F2436428&amp;sa=D&amp;sntz=1&amp;usg=AOvVaw2pYzHFqwZrqQvUC-RTsOde\" target=\"_blank\" rel=\"noopener\">Circuit court des tables de pierre<\/a><\/li>\n<\/ul>\n<p>&nbsp;<\/p>\n<p>D&rsquo;autres parcours, plus ou moins longs sont possibles ; n&rsquo;h\u00e9sitez pas \u00e0 nous consulter<\/p>\n<p>Nous vous conseillerons le parcours le plus adapt\u00e9 aussi bien au temps que vous disposez, \u00e0 vos envies ou vos capacit\u00e9s.<\/p>\n<p>&nbsp;<\/p>\n<p>&nbsp;<\/p>\n<p>\ud83d\uddfa\ufe0f rue de la basse des loges<\/p>\n<p>88110 Luvigny<\/p>\n<p>Marion :\u00a0\u260e\ufe0f 06.70.54.04.86.<\/p>\n<p>\ud83d\udce9 laforetanimee@laposte.net<\/p>","protected":false},"author":832,"featured_media":18017,"comment_status":"open","ping_status":"closed","template":"","meta":[],"listing_category":[164],"event_category":[],"service_category":[],"rental_category":[],"classifieds_category":[],"listing_feature":[],"region":[65],"_links":{"self":[{"href":"https:\/\/www.grintoura.fr\/en\/wp-json\/wp\/v2\/listing\/18033"}],"collection":[{"href":"https:\/\/www.grintoura.fr\/en\/wp-json\/wp\/v2\/listing"}],"about":[{"href":"https:\/\/www.grintoura.fr\/en\/wp-json\/wp\/v2\/types\/listing"}],"author":[{"embeddable":true,"href":"https:\/\/www.grintoura.fr\/en\/wp-json\/wp\/v2\/users\/832"}],"replies":[{"embeddable":true,"href":"https:\/\/www.grintoura.fr\/en\/wp-json\/wp\/v2\/comments?post=18033"}],"wp:featuredmedia":[{"embeddable":true,"href":"https:\/\/www.grintoura.fr\/en\/wp-json\/wp\/v2\/media\/18017"}],"wp:attachment":[{"href":"https:\/\/www.grintoura.fr\/en\/wp-json\/wp\/v2\/media?parent=18033"}],"wp:term":[{"taxonomy":"listing_category","embeddable":true,"href":"https:\/\/www.grintoura.fr\/en\/wp-json\/wp\/v2\/listing_category?post=18033"},{"taxonomy":"event_category","embeddable":true,"href":"https:\/\/www.grintoura.fr\/en\/wp-json\/wp\/v2\/event_category?post=18033"},{"taxonomy":"service_category","embeddable":true,"href":"https:\/\/www.grintoura.fr\/en\/wp-json\/wp\/v2\/service_category?post=18033"},{"taxonomy":"rental_category","embeddable":true,"href":"https:\/\/www.grintoura.fr\/en\/wp-json\/wp\/v2\/rental_category?post=18033"},{"taxonomy":"classifieds_category","embeddable":true,"href":"https:\/\/www.grintoura.fr\/en\/wp-json\/wp\/v2\/classifieds_category?post=18033"},{"taxonomy":"listing_feature","embeddable":true,"href":"https:\/\/www.grintoura.fr\/en\/wp-json\/wp\/v2\/listing_feature?post=18033"},{"taxonomy":"region","embeddable":true,"href":"https:\/\/www.grintoura.fr\/en\/wp-json\/wp\/v2\/region?post=18033"}],"curies":[{"name":"wp","href":"https:\/\/api.w.org\/{rel}","templated":true}]}}

La forêt ân’imée

<p><strong>La Forêt ân&rsquo;imée</strong></p>
<p>&nbsp;</p>
<p>La forêt ân&rsquo;imée est une association localisée dans le massif du Donon qui propose diverses activités de plein air, pour toute la famille, en compagnie de nos animaux, dans un environnement naturel.</p>
<p>Nous proposons notamment des balades pédestres, en autonomie, accompagnées d&rsquo;un âne.</p>
<p>&nbsp;</p>
<p>“des ânes, la forêt mais pas que &#8230;.”</p>
<p>Nous proposons, à la demande, différentes prestations pour les particuliers, associations et professionnels :</p>
<p>-accompagnement de randonnées<br />
-médiation animale<br />
-accueil pédagogique<br />
-éducation à la nature et à l’environnement<br />
-balades éducatives<br />
-évènements<br />
-accueil de groupes<br />
Nous offrons également la possibilité aux particuliers et aux professionnels de découvrir notre mobilier en bois sculpté sur place.</p>
<p>&nbsp;</p>
<p>&nbsp;</p>
<p><strong>Qu&rsquo;est ce que la rando&rsquo; âne ?</strong></p>
<p>Envie d’une aventure inoubliable en famille ? Partez à la découverte des sentiers cachés du massif du Donon en compagnie d’un âne ! Nous vous proposons une variété de parcours pour tous les niveaux, allant de la balade d’une heure pour les plus jeunes à une journée complète de randonnée.</p>
<p>Située en lisière de forêt, la Forêt ân’imée se trouve à proximité des plus beaux sites du massif du Donon, tels que le lac de la Maix, le dolmen de la Hazelle et le rocher des Hauts-Champs. Choisissez votre itinéraire accompagné d’un âne en fonction de vos capacités physiques et du temps dont vous disposez. Louer un âne pour une balade est une expérience enrichissante, combinant liberté et aventure. Les enfants adorent la compagnie de ces animaux doux, dociles et rassurants ! Vous n’aurez pas à suivre un itinéraire précis ni à respecter un programme strict car la balade se fera en autonomie.</p>
<p>Lors de cette expérience, vous aurez la chance de partir en balade avec un âne avec tout son matériel : un bât, une paire de sacoches et 2 longes. Vous recevrez une carte IGN du massif et un kit de premiers secours. L’âne portera vos bagages, ce qui vous permettra de voyager léger !</p>
<p>Alors, prêts pour l’aventure ? Lancez-vous dans cette expérience unique avec un âne et vivez des moments mémorables en famille. Réservez dès maintenant !</p>
<p>&nbsp;</p>
<p><strong>ATTENTION : </strong></p>
<p><em>Notre activité n’est pas de l’équitation mais du transport : Il s’agit de randonnée pédestre : Nous mettons à votre disposition des ânes de bât pour le transport du matériel par conséquent le transport des enfants sur l&rsquo;âne ne rentre pas dans ce cadre. </em><br />
<em>Il appartient aux randonneurs de s’assurer qu’ils savent lire une carte de randonnée type IGN TOP 25, que l’itinéraire est en rapport avec leurs capacités physiques et que leur équipement personnel est suffisant (chaussures fermées conseillées). </em></p>
<p>&nbsp;</p>
<p><strong>Parcours:</strong></p>
<p>Téléchargez nos parcours et ouvrez les dans votre application de randonnée habituelle (IGN rando, visorando, GPX, Décathlon Outdoor, sity trail &#8230;..), celle-ci vous servira de GPS pour suivre le parcours.</p>
<ul>
<li><a href="https://www.google.com/url?q=https%3A%2F%2Fignrando.fr%2Ffr%2Fparcours%2Ffiche%2Fdetails%2Fid%2F2326567&amp;sa=D&amp;sntz=1&amp;usg=AOvVaw0N70IEYIwxB84r_xGXs0tz" target="_blank" rel="noopener">Petit tour du Taurupt</a></li>
<li><a href="https://www.google.com/url?q=https%3A%2F%2Fignrando.fr%2Ffr%2Fparcours%2Ffiche%2Fdetails%2Fid%2F2191388&amp;sa=D&amp;sntz=1&amp;usg=AOvVaw21cfDCJYHaOIiyWAatsXhC" target="_blank" rel="noopener">Rochers des hauts champs &#8211; Col d&rsquo;Asson</a></li>
<li><a href="https://www.google.com/url?q=https%3A%2F%2Fignrando.fr%2Ffr%2Fparcours%2Ffiche%2Fdetails%2Fid%2F2192402&amp;sa=D&amp;sntz=1&amp;usg=AOvVaw0F8Zz-iSdeeM7VRfMzHqGT" target="_blank" rel="noopener">Lac de la Maix</a></li>
<li><a href="https://www.google.com/url?q=https%3A%2F%2Fignrando.fr%2Ffr%2Fparcours%2Ffiche%2Fdetails%2Fid%2F2192278&amp;sa=D&amp;sntz=1&amp;usg=AOvVaw20NaV2LQLW7NPAqaktjL6d" target="_blank" rel="noopener">Dolmen et rocher de la Hazelle</a></li>
<li><a href="https://www.google.com/url?q=https%3A%2F%2Fignrando.fr%2Ffr%2Fparcours%2Ffiche%2Fdetails%2Fid%2F2442299&amp;sa=D&amp;sntz=1&amp;usg=AOvVaw34KljEkfw6Xkkb82fol0Yt" target="_blank" rel="noopener">Lac de la Maix via le col d&rsquo;Asson &#8211; parcours long</a></li>
<li><a href="https://www.google.com/url?q=https%3A%2F%2Fignrando.fr%2Ffr%2Fparcours%2Ffiche%2Fdetails%2Fid%2F2436428&amp;sa=D&amp;sntz=1&amp;usg=AOvVaw2pYzHFqwZrqQvUC-RTsOde" target="_blank" rel="noopener">Circuit court des tables de pierre</a></li>
</ul>
<p>&nbsp;</p>
<p>D&rsquo;autres parcours, plus ou moins longs sont possibles ; n&rsquo;hésitez pas à nous consulter</p>
<p>Nous vous conseillerons le parcours le plus adapté aussi bien au temps que vous disposez, à vos envies ou vos capacités.</p>
<p>&nbsp;</p>
<p>&nbsp;</p>
<p>🗺️ rue de la basse des loges</p>
<p>88110 Luvigny</p>
<p>Marion : ☎️ 06.70.54.04.86.</p>
<p>📩 laforetanimee@laposte.net</p>
