	
	
	
	
{"id":15514,"date":"2025-02-23T19:35:56","date_gmt":"2025-02-23T18:35:56","guid":{"rendered":"https:\/\/www.grintoura.fr\/?post_type=listing&#038;p=15514"},"modified":"2025-04-02T15:51:49","modified_gmt":"2025-04-02T13:51:49","slug":"le-refuge-des-vaures-le-gite-dans-les-pres-vichy","status":"publish","type":"listing","link":"https:\/\/www.grintoura.fr\/en\/hebergement\/auvergne-rhone-alpes\/hebergements\/le-refuge-des-vaures-le-gite-dans-les-pres-vichy\/","title":{"rendered":"Le refuge des Vaures \u2013 le g\u00eete dans les pr\u00e9s \u2013 Vichy"},"content":{"rendered":"<p>Le g\u00eete Le refuge des Vaures accueille toute l&rsquo;ann\u00e9e les familles, petites ou grandes, et les groupes d&rsquo;amis, qui cherchent un lieu de vacances accueillant et pens\u00e9 pour eux !<\/p>\n<p>Le g\u00eete est r\u00e9parti sur deux niveaux, mais pas d&rsquo;inqui\u00e9tude, j&rsquo;ai pens\u00e9 \u00e0 faciliter le s\u00e9jour de ceux qui ne souhaitent pas trop utiliser les escaliers \ud83d\ude09<\/p>\n<p>Toutes les pi\u00e8ces de vie principales sont accessibles de plain pied. Vous trouverez donc au RDC la cuisine et l&rsquo;espace repas ouverts sur le salon, ainsi qu&rsquo;une chambre avec salle de bain privative. A l&rsquo;\u00e9tage se trouvent deux chambres totalement modulables gr\u00e2ce aux lits jumeaux, ainsi qu&rsquo;une sdb lumineuse et spacieuse avec douche de plain-pied.<\/p>\n<p>Deux terrasses en bois vous permettront de profiter des ext\u00e9rieurs aux diff\u00e9rentes heures de la journ\u00e9e \ud83d\ude42 N&rsquo;h\u00e9sitez pas \u00e0 vous y \u00ab\u00a0poser\u00a0\u00bb en fin de journ\u00e9e pour guetter les chevreuils dans le pr\u00e9 d&rsquo;en face, ou \u00e9couter les oiseaux autour de vous&#8230;<\/p>\n<p>Le Refuge des Vaures est un g\u00eete 3 \u00e9toiles, pens\u00e9 pour la d\u00e9tente et la d\u00e9connexion. Il est situ\u00e9 dans un environnement pr\u00e9serv\u00e9 et calme, au milieu des pr\u00e9s. Pourtant Vichy est \u00e0 peine \u00e0 10 minutes ; ne manquez surtout pas d&rsquo;aller d\u00e9couvrir Vichy, reine des villes d&rsquo;eau, inscrite au patrimoine de l&rsquo;Unesco.<\/p>\n<p>Je prend soin et veille \u00e0 all\u00e9ger au fur et \u00e0 mesure l&rsquo;impact du g\u00eete sur son environnement. Par ailleurs, le g\u00eete est engag\u00e9 dans un programme visant \u00e0 prot\u00e9ger nature qui l&rsquo;entoure, puisqu&rsquo;il est \u00ab\u00a0Refuge LPO\u00a0\u00bb dans le cadre d&rsquo;une convention sign\u00e9e avec la LPO AURA (Auvergne Rhone Alpes) jusqu&rsquo;en 2027.<\/p>\n<p>Je partage sur nos r\u00e9seaux les solutions que je mets en place pour r\u00e9duire les consommations de ressources et d&rsquo;objets \/ mat\u00e9riaux.<\/p>\n<p>Si vous souhaitez, le temps d&rsquo;un s\u00e9jour, exp\u00e9rimenter cette d\u00e9marche, n&rsquo;h\u00e9sitez pas \u00e0 me demander les kits d&rsquo;activit\u00e9s \u00ab\u00a0nature\u00a0\u00bb ou \u00ab\u00a0\u00e9co-responsables\u00a0\u00bb que j&rsquo;ai cr\u00e9\u00e9 !<\/p>\n<p>Bienvenue chez nous, en Allier !!<\/p>","protected":false},"author":647,"featured_media":15507,"comment_status":"open","ping_status":"closed","template":"","meta":[],"listing_category":[163],"event_category":[],"service_category":[],"rental_category":[],"classifieds_category":[],"listing_feature":[193,203,122,189,196,188,187,218,146,115,210,138,140,181,184,191,136,219,274,133,130,34,110,215,142,177,179,214,186,204,134,185,202,213,132,74,206,232,217,129,123,201,199,222,220,137],"region":[69],"_links":{"self":[{"href":"https:\/\/www.grintoura.fr\/en\/wp-json\/wp\/v2\/listing\/15514"}],"collection":[{"href":"https:\/\/www.grintoura.fr\/en\/wp-json\/wp\/v2\/listing"}],"about":[{"href":"https:\/\/www.grintoura.fr\/en\/wp-json\/wp\/v2\/types\/listing"}],"author":[{"embeddable":true,"href":"https:\/\/www.grintoura.fr\/en\/wp-json\/wp\/v2\/users\/647"}],"replies":[{"embeddable":true,"href":"https:\/\/www.grintoura.fr\/en\/wp-json\/wp\/v2\/comments?post=15514"}],"wp:featuredmedia":[{"embeddable":true,"href":"https:\/\/www.grintoura.fr\/en\/wp-json\/wp\/v2\/media\/15507"}],"wp:attachment":[{"href":"https:\/\/www.grintoura.fr\/en\/wp-json\/wp\/v2\/media?parent=15514"}],"wp:term":[{"taxonomy":"listing_category","embeddable":true,"href":"https:\/\/www.grintoura.fr\/en\/wp-json\/wp\/v2\/listing_category?post=15514"},{"taxonomy":"event_category","embeddable":true,"href":"https:\/\/www.grintoura.fr\/en\/wp-json\/wp\/v2\/event_category?post=15514"},{"taxonomy":"service_category","embeddable":true,"href":"https:\/\/www.grintoura.fr\/en\/wp-json\/wp\/v2\/service_category?post=15514"},{"taxonomy":"rental_category","embeddable":true,"href":"https:\/\/www.grintoura.fr\/en\/wp-json\/wp\/v2\/rental_category?post=15514"},{"taxonomy":"classifieds_category","embeddable":true,"href":"https:\/\/www.grintoura.fr\/en\/wp-json\/wp\/v2\/classifieds_category?post=15514"},{"taxonomy":"listing_feature","embeddable":true,"href":"https:\/\/www.grintoura.fr\/en\/wp-json\/wp\/v2\/listing_feature?post=15514"},{"taxonomy":"region","embeddable":true,"href":"https:\/\/www.grintoura.fr\/en\/wp-json\/wp\/v2\/region?post=15514"}],"curies":[{"name":"wp","href":"https:\/\/api.w.org\/{rel}","templated":true}]}}

Le refuge des Vaures – le gîte dans les prés – Vichy

<p>Le gîte Le refuge des Vaures accueille toute l&rsquo;année les familles, petites ou grandes, et les groupes d&rsquo;amis, qui cherchent un lieu de vacances accueillant et pensé pour eux !</p>
<p>Le gîte est réparti sur deux niveaux, mais pas d&rsquo;inquiétude, j&rsquo;ai pensé à faciliter le séjour de ceux qui ne souhaitent pas trop utiliser les escaliers 😉</p>
<p>Toutes les pièces de vie principales sont accessibles de plain pied. Vous trouverez donc au RDC la cuisine et l&rsquo;espace repas ouverts sur le salon, ainsi qu&rsquo;une chambre avec salle de bain privative. A l&rsquo;étage se trouvent deux chambres totalement modulables grâce aux lits jumeaux, ainsi qu&rsquo;une sdb lumineuse et spacieuse avec douche de plain-pied.</p>
<p>Deux terrasses en bois vous permettront de profiter des extérieurs aux différentes heures de la journée 🙂 N&rsquo;hésitez pas à vous y « poser » en fin de journée pour guetter les chevreuils dans le pré d&rsquo;en face, ou écouter les oiseaux autour de vous&#8230;</p>
<p>Le Refuge des Vaures est un gîte 3 étoiles, pensé pour la détente et la déconnexion. Il est situé dans un environnement préservé et calme, au milieu des prés. Pourtant Vichy est à peine à 10 minutes ; ne manquez surtout pas d&rsquo;aller découvrir Vichy, reine des villes d&rsquo;eau, inscrite au patrimoine de l&rsquo;Unesco.</p>
<p>Je prend soin et veille à alléger au fur et à mesure l&rsquo;impact du gîte sur son environnement. Par ailleurs, le gîte est engagé dans un programme visant à protéger nature qui l&rsquo;entoure, puisqu&rsquo;il est « Refuge LPO » dans le cadre d&rsquo;une convention signée avec la LPO AURA (Auvergne Rhone Alpes) jusqu&rsquo;en 2027.</p>
<p>Je partage sur nos réseaux les solutions que je mets en place pour réduire les consommations de ressources et d&rsquo;objets / matériaux.</p>
<p>Si vous souhaitez, le temps d&rsquo;un séjour, expérimenter cette démarche, n&rsquo;hésitez pas à me demander les kits d&rsquo;activités « nature » ou « éco-responsables » que j&rsquo;ai créé !</p>
<p>Bienvenue chez nous, en Allier !!</p>
