	
	
	
	
{"id":13882,"date":"2025-01-24T11:22:13","date_gmt":"2025-01-24T10:22:13","guid":{"rendered":"https:\/\/www.grintoura.fr\/?post_type=listing&#038;p=13882"},"modified":"2025-01-24T11:22:13","modified_gmt":"2025-01-24T10:22:13","slug":"atelier-du-bois-au-mobilier-abm","status":"publish","type":"listing","link":"https:\/\/www.grintoura.fr\/en\/hebergement\/bourgogne-franche-comte\/artisanat-local\/atelier-du-bois-au-mobilier-abm\/","title":{"rendered":"Atelier du Bois au Mobilier \u2013 ABM"},"content":{"rendered":"<p><strong>A propos<\/strong><\/p>\n<p><strong>Atelier du Bois au Mobilier\u00a0:<\/strong> atelier\u00a0de\u00a0cr\u00e9ation de mobilier contemporain en bois massif<\/p>\n<p><strong>L&rsquo;atelier a \u00e9t\u00e9 cr\u00e9\u00e9 en Alsace en 2021.<\/strong> D\u00e8s le d\u00e9but le souhait est de produire du beau meuble, uniquement en bois massif et \u00e0 l&rsquo;identit\u00e9 affirm\u00e9e. Les valeurs fondamentales sont le respect des personnes et l&rsquo;honn\u00eatet\u00e9, la transparence, la pr\u00e9servation de l&rsquo;environnement, la production d&rsquo;un produit non polluant.<\/p>\n<p><strong>En 2022<\/strong> l&rsquo;atelier devient membre de la FREMAA (F\u00e9d\u00e9ration des m\u00e9tiers d&rsquo;art d&rsquo;Alsace et du Grand Est) et participe au salon R\u00e9sonance(s) en 2023.<\/p>\n<p><strong>A la fin de l&rsquo;ann\u00e9e 2024<\/strong> il d\u00e9m\u00e9nage dans le Morvan afin de se reconnecter \u00e0 l&rsquo;environnement et \u00e0 la nature qui nous entoure. Les liens Humains s&rsquo;en retrouvent enrichis et directs, sans inertie. La zone de chalandise se d\u00e9veloppe de Paris \u00e0 Lyon et de Strasbourg \u00e0 Bordeaux. Malgr\u00e9 tout, les liens familiaux et amicaux le ram\u00e8nent r\u00e9guli\u00e8rement en Alsace !<\/p>\n<p>Les meubles propos\u00e9s sont issus des collections du catalogue. Ceux qui n&rsquo;existent pas encore le seront pour vous.\u00a0Votre meuble sera ainsi configur\u00e9 et am\u00e9nag\u00e9 selon vos souhaits.\u00a0Chaque pi\u00e8ce cr\u00e9\u00e9e est unique, dessin\u00e9e et fabriqu\u00e9e par les soins de l&rsquo;artisan.<\/p>\n<p>L&rsquo;approche environnementale est essentielle et pour cette raison il se fournit uniquement en bois massif local. Il cherche donc ses plateaux de bois au plus pr\u00e8s possible de l\u2019atelier. Aucune importation n&rsquo;est accept\u00e9e. Consommer une ressource lointaine est pour le cr\u00e9ateur tout simplement absurde.<\/p>\n<p>Toutes les finitions sont \u00e0 base d&rsquo;huile de lin. Elles ne produisent aucune \u00e9manation de COV et elles sont sans solvants. L\u2019objectif est de supprimer toute source de pollution.<\/p>\n<p>&nbsp;<\/p>\n<p><strong>Contact :<\/strong><\/p>\n<p><em><strong>Tel :<\/strong> <\/em>06 73 90 78 62<\/p>","protected":false},"author":532,"featured_media":13880,"comment_status":"open","ping_status":"closed","template":"","meta":[],"listing_category":[166],"event_category":[],"service_category":[],"rental_category":[],"classifieds_category":[],"listing_feature":[],"region":[67],"_links":{"self":[{"href":"https:\/\/www.grintoura.fr\/en\/wp-json\/wp\/v2\/listing\/13882"}],"collection":[{"href":"https:\/\/www.grintoura.fr\/en\/wp-json\/wp\/v2\/listing"}],"about":[{"href":"https:\/\/www.grintoura.fr\/en\/wp-json\/wp\/v2\/types\/listing"}],"author":[{"embeddable":true,"href":"https:\/\/www.grintoura.fr\/en\/wp-json\/wp\/v2\/users\/532"}],"replies":[{"embeddable":true,"href":"https:\/\/www.grintoura.fr\/en\/wp-json\/wp\/v2\/comments?post=13882"}],"wp:featuredmedia":[{"embeddable":true,"href":"https:\/\/www.grintoura.fr\/en\/wp-json\/wp\/v2\/media\/13880"}],"wp:attachment":[{"href":"https:\/\/www.grintoura.fr\/en\/wp-json\/wp\/v2\/media?parent=13882"}],"wp:term":[{"taxonomy":"listing_category","embeddable":true,"href":"https:\/\/www.grintoura.fr\/en\/wp-json\/wp\/v2\/listing_category?post=13882"},{"taxonomy":"event_category","embeddable":true,"href":"https:\/\/www.grintoura.fr\/en\/wp-json\/wp\/v2\/event_category?post=13882"},{"taxonomy":"service_category","embeddable":true,"href":"https:\/\/www.grintoura.fr\/en\/wp-json\/wp\/v2\/service_category?post=13882"},{"taxonomy":"rental_category","embeddable":true,"href":"https:\/\/www.grintoura.fr\/en\/wp-json\/wp\/v2\/rental_category?post=13882"},{"taxonomy":"classifieds_category","embeddable":true,"href":"https:\/\/www.grintoura.fr\/en\/wp-json\/wp\/v2\/classifieds_category?post=13882"},{"taxonomy":"listing_feature","embeddable":true,"href":"https:\/\/www.grintoura.fr\/en\/wp-json\/wp\/v2\/listing_feature?post=13882"},{"taxonomy":"region","embeddable":true,"href":"https:\/\/www.grintoura.fr\/en\/wp-json\/wp\/v2\/region?post=13882"}],"curies":[{"name":"wp","href":"https:\/\/api.w.org\/{rel}","templated":true}]}}

<p><strong>A propos</strong></p>
<p><strong>Atelier du Bois au Mobilier :</strong> atelier de création de mobilier contemporain en bois massif</p>
<p><strong>L&rsquo;atelier a été créé en Alsace en 2021.</strong> Dès le début le souhait est de produire du beau meuble, uniquement en bois massif et à l&rsquo;identité affirmée. Les valeurs fondamentales sont le respect des personnes et l&rsquo;honnêteté, la transparence, la préservation de l&rsquo;environnement, la production d&rsquo;un produit non polluant.</p>
<p><strong>En 2022</strong> l&rsquo;atelier devient membre de la FREMAA (Fédération des métiers d&rsquo;art d&rsquo;Alsace et du Grand Est) et participe au salon Résonance(s) en 2023.</p>
<p><strong>A la fin de l&rsquo;année 2024</strong> il déménage dans le Morvan afin de se reconnecter à l&rsquo;environnement et à la nature qui nous entoure. Les liens Humains s&rsquo;en retrouvent enrichis et directs, sans inertie. La zone de chalandise se développe de Paris à Lyon et de Strasbourg à Bordeaux. Malgré tout, les liens familiaux et amicaux le ramènent régulièrement en Alsace !</p>
<p>Les meubles proposés sont issus des collections du catalogue. Ceux qui n&rsquo;existent pas encore le seront pour vous. Votre meuble sera ainsi configuré et aménagé selon vos souhaits. Chaque pièce créée est unique, dessinée et fabriquée par les soins de l&rsquo;artisan.</p>
<p>L&rsquo;approche environnementale est essentielle et pour cette raison il se fournit uniquement en bois massif local. Il cherche donc ses plateaux de bois au plus près possible de l’atelier. Aucune importation n&rsquo;est acceptée. Consommer une ressource lointaine est pour le créateur tout simplement absurde.</p>
<p>Toutes les finitions sont à base d&rsquo;huile de lin. Elles ne produisent aucune émanation de COV et elles sont sans solvants. L’objectif est de supprimer toute source de pollution.</p>
<p>&nbsp;</p>
<p><strong>Contact :</strong></p>
<p><em><strong>Tel :</strong> </em>06 73 90 78 62</p>
