	
	
	
	
{"id":13664,"date":"2025-01-23T14:05:11","date_gmt":"2025-01-23T13:05:11","guid":{"rendered":"https:\/\/www.grintoura.fr\/?post_type=listing&#038;p=13664"},"modified":"2025-01-23T14:07:13","modified_gmt":"2025-01-23T13:07:13","slug":"parc-naturel-regional-du-luberon","status":"publish","type":"listing","link":"https:\/\/www.grintoura.fr\/en\/hebergement\/provence-alpes-cote-dazur\/sports-nature-decouverte-du-pays\/parc-naturel-regional-du-luberon\/","title":{"rendered":"Parc naturel r\u00e9gional du Luberon"},"content":{"rendered":"<p>Le territoire du <a href=\"https:\/\/www.parcs-naturels-regionaux.fr\/les-parcs\/decouvrir-les-58-parcs\/parc-naturel-regional-du-luberon\" target=\"_blank\" rel=\"noopener\"><strong>parc naturel r\u00e9gional du Luberon<\/strong><\/a> s\u2019\u00e9tend sur 185\u00a0000 hectares, de Cavaillon (Vaucluse) \u00e0 Lurs (Alpes-de-Haute-Provence), de part et d\u2019autre du massif du Luberon (1,125 m\u00a0au sommet du Mourre N\u00e8gre). Au carrefour des influences climatiques des Alpes et de la M\u00e9diterran\u00e9e, il abrite une faune et une flore d\u2019une exceptionnelle diversit\u00e9, ainsi qu\u2019un patrimoine architectural et paysager de grande valeur.<\/p>\n<p><strong>Le parc naturel r\u00e9gional du Luberon,<\/strong> c\u2019est aussi un territoire vivant peupl\u00e9 de 174\u00a0500 habitants, r\u00e9sidant dans 77 communes, dont les quatre villes d\u2019Apt, Cavaillon, Manosque et Pertuis.<\/p>\n<p><strong>En d\u00e9cembre 1997, l\u2019UNESCO<\/strong> a officiellement admis le Luberon dans le r\u00e9seau mondial des r\u00e9serves de biosph\u00e8re, reconnaissant le r\u00f4le essentiel du Luberon dans l\u2019\u00e9quilibre \u00e9cologique r\u00e9gional et la valeur patrimoniale de ce territoire au plan international. Le Parc du Luberon fait \u00e9galement partie du r\u00e9seau des G\u00e9oparcs mondiaux de l&rsquo;Unesco.<\/p>\n<p>S\u2019appliquant sur un territoire assez dens\u00e9ment peupl\u00e9, de notori\u00e9t\u00e9 d\u00e9j\u00e0 ancienne, et proche de l\u2019aire m\u00e9tropolitaine Aix-Marseille, la charte du Parc du Luberon met au premier plan les questions d&rsquo;urbanisme et d&rsquo;occupation des sols, le conseil architectural, l&rsquo;am\u00e9lioration du cadre de vie,\u00a0la protection des paysages, de la for\u00eat, de la faune et de la flore, mais aussi la restauration et l&rsquo;entretien des rivi\u00e8res, la protection, la r\u00e9habilitation et la mise en valeur du patrimoine culturel\u00a0et l&rsquo;action p\u00e9dagogique en direction des scolaires.<\/p>\n<p><strong>Le Parc vous accueille et vous informe :<\/strong><\/p>\n<p>\u00c0 la Maison du Parc, \u00e0 Apt (exposition permanente pr\u00e9sentant diff\u00e9rents aspects g\u00e9ographiques et humains du Luberon ainsi que les missions du Parc, mus\u00e9e de g\u00e9ologie, expositions temporaires, boutique et point info : excellente introduction pour une premi\u00e8re approche avant de partir \u00e0 la d\u00e9couverte de la r\u00e9gion\u2026)<\/p>\n<p>\u00c0 la Maison de la Biodiversit\u00e9 \u00e0 Manosque (verger conservatoire de pr\u00e8s de 400 vari\u00e9t\u00e9s fruiti\u00e8res anciennes dans une ferme proven\u00e7ale qui accueille le grand public et les scolaires)<\/p>\n<p>Sur les sentiers de d\u00e9couverte de la nature et du patrimoine, jalonn\u00e9s de panneaux d&rsquo;information pour des promenades d&rsquo;une \u00e0 deux heures accessibles \u00e0 tous<\/p>\n<p>Sur l\u2019itin\u00e9raire touristique \u00ab Autour du Luberon \u00e0 v\u00e9lo \u00bb (235 km), par des petites routes tranquilles, balis\u00e9es dans les deux sens, au c\u0153ur des plus beaux paysages du Luberon<\/p>\n<p>Par ses publications, il vous fait partager ses connaissances dans des ouvrages \u00ab\u00a0grand public\u00a0\u00bb, pour une d\u00e9couverte en libert\u00e9, \u00e0 votre rythme.<\/p>\n<p><strong>Contact<\/strong><\/p>\n<p><strong>Courriel :<\/strong>\u00a0accueil@parcduluberon.fr<br \/>\n<strong>T\u00e9l. :<\/strong> 04 90 04 42 00<br \/>\n<strong>Fax:<\/strong> 04 90 04 81 15<\/p>","protected":false},"author":528,"featured_media":13662,"comment_status":"open","ping_status":"closed","template":"","meta":[],"listing_category":[164],"event_category":[],"service_category":[],"rental_category":[],"classifieds_category":[],"listing_feature":[],"region":[244],"_links":{"self":[{"href":"https:\/\/www.grintoura.fr\/en\/wp-json\/wp\/v2\/listing\/13664"}],"collection":[{"href":"https:\/\/www.grintoura.fr\/en\/wp-json\/wp\/v2\/listing"}],"about":[{"href":"https:\/\/www.grintoura.fr\/en\/wp-json\/wp\/v2\/types\/listing"}],"author":[{"embeddable":true,"href":"https:\/\/www.grintoura.fr\/en\/wp-json\/wp\/v2\/users\/528"}],"replies":[{"embeddable":true,"href":"https:\/\/www.grintoura.fr\/en\/wp-json\/wp\/v2\/comments?post=13664"}],"wp:featuredmedia":[{"embeddable":true,"href":"https:\/\/www.grintoura.fr\/en\/wp-json\/wp\/v2\/media\/13662"}],"wp:attachment":[{"href":"https:\/\/www.grintoura.fr\/en\/wp-json\/wp\/v2\/media?parent=13664"}],"wp:term":[{"taxonomy":"listing_category","embeddable":true,"href":"https:\/\/www.grintoura.fr\/en\/wp-json\/wp\/v2\/listing_category?post=13664"},{"taxonomy":"event_category","embeddable":true,"href":"https:\/\/www.grintoura.fr\/en\/wp-json\/wp\/v2\/event_category?post=13664"},{"taxonomy":"service_category","embeddable":true,"href":"https:\/\/www.grintoura.fr\/en\/wp-json\/wp\/v2\/service_category?post=13664"},{"taxonomy":"rental_category","embeddable":true,"href":"https:\/\/www.grintoura.fr\/en\/wp-json\/wp\/v2\/rental_category?post=13664"},{"taxonomy":"classifieds_category","embeddable":true,"href":"https:\/\/www.grintoura.fr\/en\/wp-json\/wp\/v2\/classifieds_category?post=13664"},{"taxonomy":"listing_feature","embeddable":true,"href":"https:\/\/www.grintoura.fr\/en\/wp-json\/wp\/v2\/listing_feature?post=13664"},{"taxonomy":"region","embeddable":true,"href":"https:\/\/www.grintoura.fr\/en\/wp-json\/wp\/v2\/region?post=13664"}],"curies":[{"name":"wp","href":"https:\/\/api.w.org\/{rel}","templated":true}]}}

Parc naturel régional du Luberon

<p>Le territoire du <a href="https://www.parcs-naturels-regionaux.fr/les-parcs/decouvrir-les-58-parcs/parc-naturel-regional-du-luberon" target="_blank" rel="noopener"><strong>parc naturel régional du Luberon</strong></a> s’étend sur 185 000 hectares, de Cavaillon (Vaucluse) à Lurs (Alpes-de-Haute-Provence), de part et d’autre du massif du Luberon (1,125 m au sommet du Mourre Nègre). Au carrefour des influences climatiques des Alpes et de la Méditerranée, il abrite une faune et une flore d’une exceptionnelle diversité, ainsi qu’un patrimoine architectural et paysager de grande valeur.</p>
<p><strong>Le parc naturel régional du Luberon,</strong> c’est aussi un territoire vivant peuplé de 174 500 habitants, résidant dans 77 communes, dont les quatre villes d’Apt, Cavaillon, Manosque et Pertuis.</p>
<p><strong>En décembre 1997, l’UNESCO</strong> a officiellement admis le Luberon dans le réseau mondial des réserves de biosphère, reconnaissant le rôle essentiel du Luberon dans l’équilibre écologique régional et la valeur patrimoniale de ce territoire au plan international. Le Parc du Luberon fait également partie du réseau des Géoparcs mondiaux de l&rsquo;Unesco.</p>
<p>S’appliquant sur un territoire assez densément peuplé, de notoriété déjà ancienne, et proche de l’aire métropolitaine Aix-Marseille, la charte du Parc du Luberon met au premier plan les questions d&rsquo;urbanisme et d&rsquo;occupation des sols, le conseil architectural, l&rsquo;amélioration du cadre de vie, la protection des paysages, de la forêt, de la faune et de la flore, mais aussi la restauration et l&rsquo;entretien des rivières, la protection, la réhabilitation et la mise en valeur du patrimoine culturel et l&rsquo;action pédagogique en direction des scolaires.</p>
<p><strong>Le Parc vous accueille et vous informe :</strong></p>
<p>À la Maison du Parc, à Apt (exposition permanente présentant différents aspects géographiques et humains du Luberon ainsi que les missions du Parc, musée de géologie, expositions temporaires, boutique et point info : excellente introduction pour une première approche avant de partir à la découverte de la région…)</p>
<p>À la Maison de la Biodiversité à Manosque (verger conservatoire de près de 400 variétés fruitières anciennes dans une ferme provençale qui accueille le grand public et les scolaires)</p>
<p>Sur les sentiers de découverte de la nature et du patrimoine, jalonnés de panneaux d&rsquo;information pour des promenades d&rsquo;une à deux heures accessibles à tous</p>
<p>Sur l’itinéraire touristique « Autour du Luberon à vélo » (235 km), par des petites routes tranquilles, balisées dans les deux sens, au cœur des plus beaux paysages du Luberon</p>
<p>Par ses publications, il vous fait partager ses connaissances dans des ouvrages « grand public », pour une découverte en liberté, à votre rythme.</p>
<p><strong>Contact</strong></p>
<p><strong>Courriel :</strong> accueil@parcduluberon.fr<br />
<strong>Tél. :</strong> 04 90 04 42 00<br />
<strong>Fax:</strong> 04 90 04 81 15</p>
