	
	
	
	
{"id":13289,"date":"2025-01-20T14:01:13","date_gmt":"2025-01-20T13:01:13","guid":{"rendered":"https:\/\/www.grintoura.fr\/?post_type=listing&#038;p=13289"},"modified":"2025-01-20T14:01:13","modified_gmt":"2025-01-20T13:01:13","slug":"chateau-de-pourcheyrolles","status":"publish","type":"listing","link":"https:\/\/www.grintoura.fr\/en\/hebergement\/auvergne-rhone-alpes\/sports-nature-decouverte-du-pays\/chateau-de-pourcheyrolles\/","title":{"rendered":"Ch\u00e2teau de Pourcheyrolles"},"content":{"rendered":"<p><strong>Ce manoir gothique,<\/strong> dont la construction est commenc\u00e9e vers 1360-70, est l\u2019\u0153uvre des cardinaux Flandin. De nos jours, les ruines, bien visibles depuis un belv\u00e9d\u00e8re situ\u00e9 en bordure de la RD 536, appartiennent \u00e0 un propri\u00e9taire priv\u00e9 et ne se visitent pas.<\/p>\n<p><strong>Le site de Pourcheyrolles<\/strong> \u00e9tait consid\u00e9r\u00e9 au XIX\u00e8me si\u00e8cle comme un des sites les plus extraordinaires du Vivarais ; il est malheureusement m\u00e9connu aujourd\u2019hui. Les deux rivi\u00e8res de Montpezat, Fontauli\u00e8re et Pourseille, ont taill\u00e9 des gorges dans le plateau basaltique laissant \u00e0 leur confluent un \u00e9peron \u00e9troit, bord\u00e9 de tr\u00e8s belles orgues, qui \u00ab offre la configuration d\u2019un vaisseau se terminant par une large proue \u00bb (A. du Boys, Album du Vivarais, 1842) et sur lequel se dressent les ruines du ch\u00e2teau.<br \/>\nCe manoir gothique, dont la construction est commenc\u00e9e vers 1360\/70, est l\u2019\u0153uvre des cardinaux Flandin, enfants du pays. Le cardinal Pierre Flandin, n\u00e9 entre 1310 et 1320, meurt en 1380. Il a occup\u00e9 de hautes fonctions eccl\u00e9siastiques aupr\u00e8s des papes d\u2019Avignon et il fera cr\u00e9er \u00e0 Pourcheyrolles un \u00e9difice s\u2019inspirant des m\u00eames r\u00e8gles architecturales que le Palais des Papes.<\/p>\n<p>La maison forte d\u00e9note un grand souci de l\u2019apparat. La distribution interne comporte deux tours, deux blocs desservis par une galerie et un troisi\u00e8me bloc pour les communs. On peut encore y voir une large fen\u00eatre \u00e0 meneaux surmont\u00e9e du blason des Flandin, les traces d\u2019une chemin\u00e9e et des coussi\u00e8ges.<br \/>\nLe ch\u00e2teau n\u2019\u00e9tait accessible que d\u2019un c\u00f4t\u00e9 et un fort d\u00e9tach\u00e9 de la construction principale en d\u00e9fendait l\u2019entr\u00e9e. Le d\u00e9mant\u00e8lement des fortifications du site commen\u00e7a d\u00e8s les premi\u00e8res guerres de religion. Il \u00e9tait encore habit\u00e9 au XIX\u00b0 si\u00e8cle.<\/p>\n<p>De nos jours, les ruines, bien visibles depuis un belv\u00e9d\u00e8re situ\u00e9 en bordure de la RD 536 et sur lesquelles on peut avoir une vue plongeante depuis la petite route de Bouteille sous Notre-Dame de Pr\u00e9vench\u00e8res, gardent fi\u00e8re allure sur leur vertigineux promontoire.<\/p>","protected":false},"author":512,"featured_media":13286,"comment_status":"open","ping_status":"closed","template":"","meta":[],"listing_category":[164],"event_category":[],"service_category":[],"rental_category":[],"classifieds_category":[],"listing_feature":[],"region":[69],"_links":{"self":[{"href":"https:\/\/www.grintoura.fr\/en\/wp-json\/wp\/v2\/listing\/13289"}],"collection":[{"href":"https:\/\/www.grintoura.fr\/en\/wp-json\/wp\/v2\/listing"}],"about":[{"href":"https:\/\/www.grintoura.fr\/en\/wp-json\/wp\/v2\/types\/listing"}],"author":[{"embeddable":true,"href":"https:\/\/www.grintoura.fr\/en\/wp-json\/wp\/v2\/users\/512"}],"replies":[{"embeddable":true,"href":"https:\/\/www.grintoura.fr\/en\/wp-json\/wp\/v2\/comments?post=13289"}],"wp:featuredmedia":[{"embeddable":true,"href":"https:\/\/www.grintoura.fr\/en\/wp-json\/wp\/v2\/media\/13286"}],"wp:attachment":[{"href":"https:\/\/www.grintoura.fr\/en\/wp-json\/wp\/v2\/media?parent=13289"}],"wp:term":[{"taxonomy":"listing_category","embeddable":true,"href":"https:\/\/www.grintoura.fr\/en\/wp-json\/wp\/v2\/listing_category?post=13289"},{"taxonomy":"event_category","embeddable":true,"href":"https:\/\/www.grintoura.fr\/en\/wp-json\/wp\/v2\/event_category?post=13289"},{"taxonomy":"service_category","embeddable":true,"href":"https:\/\/www.grintoura.fr\/en\/wp-json\/wp\/v2\/service_category?post=13289"},{"taxonomy":"rental_category","embeddable":true,"href":"https:\/\/www.grintoura.fr\/en\/wp-json\/wp\/v2\/rental_category?post=13289"},{"taxonomy":"classifieds_category","embeddable":true,"href":"https:\/\/www.grintoura.fr\/en\/wp-json\/wp\/v2\/classifieds_category?post=13289"},{"taxonomy":"listing_feature","embeddable":true,"href":"https:\/\/www.grintoura.fr\/en\/wp-json\/wp\/v2\/listing_feature?post=13289"},{"taxonomy":"region","embeddable":true,"href":"https:\/\/www.grintoura.fr\/en\/wp-json\/wp\/v2\/region?post=13289"}],"curies":[{"name":"wp","href":"https:\/\/api.w.org\/{rel}","templated":true}]}}

Château de Pourcheyrolles

<p><strong>Ce manoir gothique,</strong> dont la construction est commencée vers 1360-70, est l’œuvre des cardinaux Flandin. De nos jours, les ruines, bien visibles depuis un belvédère situé en bordure de la RD 536, appartiennent à un propriétaire privé et ne se visitent pas.</p>
<p><strong>Le site de Pourcheyrolles</strong> était considéré au XIXème siècle comme un des sites les plus extraordinaires du Vivarais ; il est malheureusement méconnu aujourd’hui. Les deux rivières de Montpezat, Fontaulière et Pourseille, ont taillé des gorges dans le plateau basaltique laissant à leur confluent un éperon étroit, bordé de très belles orgues, qui « offre la configuration d’un vaisseau se terminant par une large proue » (A. du Boys, Album du Vivarais, 1842) et sur lequel se dressent les ruines du château.<br />
Ce manoir gothique, dont la construction est commencée vers 1360/70, est l’œuvre des cardinaux Flandin, enfants du pays. Le cardinal Pierre Flandin, né entre 1310 et 1320, meurt en 1380. Il a occupé de hautes fonctions ecclésiastiques auprès des papes d’Avignon et il fera créer à Pourcheyrolles un édifice s’inspirant des mêmes règles architecturales que le Palais des Papes.</p>
<p>La maison forte dénote un grand souci de l’apparat. La distribution interne comporte deux tours, deux blocs desservis par une galerie et un troisième bloc pour les communs. On peut encore y voir une large fenêtre à meneaux surmontée du blason des Flandin, les traces d’une cheminée et des coussièges.<br />
Le château n’était accessible que d’un côté et un fort détaché de la construction principale en défendait l’entrée. Le démantèlement des fortifications du site commença dès les premières guerres de religion. Il était encore habité au XIX° siècle.</p>
<p>De nos jours, les ruines, bien visibles depuis un belvédère situé en bordure de la RD 536 et sur lesquelles on peut avoir une vue plongeante depuis la petite route de Bouteille sous Notre-Dame de Prévenchères, gardent fière allure sur leur vertigineux promontoire.</p>
