	
	
	
	
{"id":12806,"date":"2025-01-13T22:22:19","date_gmt":"2025-01-13T21:22:19","guid":{"rendered":"https:\/\/www.grintoura.fr\/?post_type=listing&#038;p=12806"},"modified":"2025-01-13T22:22:19","modified_gmt":"2025-01-13T21:22:19","slug":"musee-du-sabotier","status":"publish","type":"listing","link":"https:\/\/www.grintoura.fr\/en\/hebergement\/grand-est\/sports-nature-decouverte-du-pays\/musee-du-sabotier\/","title":{"rendered":"Mus\u00e9e du Sabotier"},"content":{"rendered":"<p><strong>Le Mus\u00e9e du Sabotier<\/strong><\/p>\n<p>&nbsp;<\/p>\n<p>Le Mus\u00e9e du Sabotier est un lieu de partage et d\u2019histoire qui permet \u00e0 tous les publics de d\u00e9couvrir l\u2019univers du sabot. De la for\u00eat \u00e0 l\u2019atelier, de l\u2019arbre au pied, les b\u00e9n\u00e9voles se proposent de vous faire conna\u00eetre cet objet du quotidien d\u2019antan.<\/p>\n<p>Ainsi, le parcours de visite se compose de plusieurs points incontournables de votre visite :<\/p>\n<p>la reconstitution d\u2019un atelier manuel<br \/>\nun atelier m\u00e9canique de pr\u00e8s de 90 ans encore fonctionnel<br \/>\nune collection riche et diversifi\u00e9e de mod\u00e8les de sabots du monde entier<br \/>\nLe mus\u00e9e a \u00e9t\u00e9 ouvert initialement en 1985 dans un ancien atelier. Depuis 2010, il est dor\u00e9navant install\u00e9 quelques m\u00e8tres plus loin. Ce b\u00e2timent en ossature bois \u00e9tait le premier mus\u00e9e \u00e0 \u00e9nergie passive du Grand Est. Son puit canadien permet ainsi de garantir la fra\u00eecheur en \u00e9t\u00e9 et une certaine douceur en hiver.<\/p>\n<p>De ce fait, en plus du cadre naturel appr\u00e9ciable, des jeux, objets \u00e0 manipuler et films compl\u00e8tement le parcours.<\/p>\n<p>Le mus\u00e9e et sa visite sont destin\u00e9s \u00e0 tous les publics. Petits et grands y trouveront de quoi nourrir leur curiosit\u00e9\u2026 et pourquoi pas sabots aux pieds !<\/p>\n<p>&nbsp;<\/p>\n<p>&nbsp;<\/p>\n<p><em>Heures d\u2019ouverture\u00a0:<\/em><\/p>\n<p>Du 12 avril au 31 Octobre, tous les jours de 14h00 \u00e0 18h00 sauf le mardi.<\/p>\n<p>Pour les groupes, ouverture toute l\u2019ann\u00e9e sur rendez-vous, y compris le matin.<\/p>\n<p>Pour celles et ceux qui le souhaitent, il est possible de d\u00e9couvrir le Mus\u00e9e du Sabotier sabots aux pieds. Sabots et chaussons sont pr\u00eat\u00e9s gratuitement le temps de la visite.<\/p>\n<p><em>R\u00e9servations :<\/em><\/p>\n<p>Les r\u00e9servations sont possibles pour les groupes \u00e0 partir de 10 personnes (application du tarif de groupe). Les visites sont alors alors possible tous les jours de l\u2019ann\u00e9e, y compris le matin. Visites en langue fran\u00e7aise ou allemande possible.<\/p>\n<p>L\u2019aire de pique-nique ou la salle d\u2019activit\u00e9s peut \u00eatre mise \u00e0 disposition.<\/p>\n<p>Les r\u00e9servations sont \u00e0 faire par t\u00e9l\u00e9phone, par mail ou via la rubrique \u2018Contact\u2019.<\/p>\n<p><em>Tarifs :<\/em><\/p>\n<p>Plein : 5 \u20ac<\/p>\n<p>R\u00e9duit : 4 \u20ac<\/p>\n<p>&nbsp;<\/p>\n<p>R\u00e9servations \/ Renseignements(+33) 3 87 96 25 58<br \/>\nmusee.sabotier@gmail.com<br \/>\nOffice du tourisme Pays de Bitche\u00a0<em><a href=\"http:\/\/www.ot-paysdebitche.com\" target=\"_blank\" rel=\"noopener\">Site internet<\/a><\/em><\/p>\n<p><strong>R\u00e9seau de mus\u00e9es et expositions de sites dans le Parc Naturel R\u00e9gional des Vosges du Nord.<\/strong><\/p>\n<p>Dans le Parc Naturel R\u00e9gional des Vosges du Nord, 16 mus\u00e9es historiques, techniques et d\u2019arts et traditions populaires ont tiss\u00e9 un r\u00e9seau. Il mobilise des centaines de b\u00e9n\u00e9voles et de professionnels d\u00e9di\u00e9s \u00e0 vous faire d\u00e9couvrir le patrimoine d\u2019un territoire riche, s\u00e9duisant et surprenant.<\/p>\n<p>&nbsp;<\/p>\n<p>La Conservation des mus\u00e9es, l\u2019outil indispensable du fonctionnement du r\u00e9seau.<\/p>\n<p>Ce service du Parc permet de garantir la qualit\u00e9 des projets mus\u00e9ographiques et d\u2019avancer ensemble sur des probl\u00e9matiques communes (pr\u00e9servation, gestion et valorisation des collections). Elle est compos\u00e9e de 3 conservatrices, de 2 charg\u00e9es des inventaires et d\u20191 charg\u00e9e des publics employ\u00e9es par le SYCOPARC (Syndicat mixte de coop\u00e9ration pour le Parc).<\/p>\n<p>Tout savoir sur le Parc Naturel R\u00e9gional des Vosges du Nord : <a href=\"https:\/\/www.parc-vosges-nord.fr\" target=\"_blank\" rel=\"noopener\"><em>leur site internet.<\/em><\/a><\/p>\n<p>D\u00e9couvrez tous les mus\u00e9es du r\u00e9seau et leurs collections en lignes : <em><a href=\"https:\/\/webmuseo.com\/ws\/musees-parc-vosges-nord\/app\/report\/index.html\" target=\"_blank\" rel=\"noopener\">leur site internet.<\/a><\/em><\/p>\n<p>Tel : +33 (0) 3 88 01 49 59<br \/>\nMail : contact@parc-vosges-nord.fr<\/p>\n<p>Conservation des Mus\u00e9es<br \/>\nSYCOPARC<br \/>\nLe ch\u00e2teau\/Maison du Parc<br \/>\nBP 24 67290 La Petite Pierre<\/p>","protected":false},"author":496,"featured_media":12797,"comment_status":"open","ping_status":"closed","template":"","meta":[],"listing_category":[164],"event_category":[],"service_category":[],"rental_category":[],"classifieds_category":[],"listing_feature":[],"region":[65],"_links":{"self":[{"href":"https:\/\/www.grintoura.fr\/en\/wp-json\/wp\/v2\/listing\/12806"}],"collection":[{"href":"https:\/\/www.grintoura.fr\/en\/wp-json\/wp\/v2\/listing"}],"about":[{"href":"https:\/\/www.grintoura.fr\/en\/wp-json\/wp\/v2\/types\/listing"}],"author":[{"embeddable":true,"href":"https:\/\/www.grintoura.fr\/en\/wp-json\/wp\/v2\/users\/496"}],"replies":[{"embeddable":true,"href":"https:\/\/www.grintoura.fr\/en\/wp-json\/wp\/v2\/comments?post=12806"}],"wp:featuredmedia":[{"embeddable":true,"href":"https:\/\/www.grintoura.fr\/en\/wp-json\/wp\/v2\/media\/12797"}],"wp:attachment":[{"href":"https:\/\/www.grintoura.fr\/en\/wp-json\/wp\/v2\/media?parent=12806"}],"wp:term":[{"taxonomy":"listing_category","embeddable":true,"href":"https:\/\/www.grintoura.fr\/en\/wp-json\/wp\/v2\/listing_category?post=12806"},{"taxonomy":"event_category","embeddable":true,"href":"https:\/\/www.grintoura.fr\/en\/wp-json\/wp\/v2\/event_category?post=12806"},{"taxonomy":"service_category","embeddable":true,"href":"https:\/\/www.grintoura.fr\/en\/wp-json\/wp\/v2\/service_category?post=12806"},{"taxonomy":"rental_category","embeddable":true,"href":"https:\/\/www.grintoura.fr\/en\/wp-json\/wp\/v2\/rental_category?post=12806"},{"taxonomy":"classifieds_category","embeddable":true,"href":"https:\/\/www.grintoura.fr\/en\/wp-json\/wp\/v2\/classifieds_category?post=12806"},{"taxonomy":"listing_feature","embeddable":true,"href":"https:\/\/www.grintoura.fr\/en\/wp-json\/wp\/v2\/listing_feature?post=12806"},{"taxonomy":"region","embeddable":true,"href":"https:\/\/www.grintoura.fr\/en\/wp-json\/wp\/v2\/region?post=12806"}],"curies":[{"name":"wp","href":"https:\/\/api.w.org\/{rel}","templated":true}]}}

Musée du Sabotier

<p><strong>Le Musée du Sabotier</strong></p>
<p>&nbsp;</p>
<p>Le Musée du Sabotier est un lieu de partage et d’histoire qui permet à tous les publics de découvrir l’univers du sabot. De la forêt à l’atelier, de l’arbre au pied, les bénévoles se proposent de vous faire connaître cet objet du quotidien d’antan.</p>
<p>Ainsi, le parcours de visite se compose de plusieurs points incontournables de votre visite :</p>
<p>la reconstitution d’un atelier manuel<br />
un atelier mécanique de près de 90 ans encore fonctionnel<br />
une collection riche et diversifiée de modèles de sabots du monde entier<br />
Le musée a été ouvert initialement en 1985 dans un ancien atelier. Depuis 2010, il est dorénavant installé quelques mètres plus loin. Ce bâtiment en ossature bois était le premier musée à énergie passive du Grand Est. Son puit canadien permet ainsi de garantir la fraîcheur en été et une certaine douceur en hiver.</p>
<p>De ce fait, en plus du cadre naturel appréciable, des jeux, objets à manipuler et films complètement le parcours.</p>
<p>Le musée et sa visite sont destinés à tous les publics. Petits et grands y trouveront de quoi nourrir leur curiosité… et pourquoi pas sabots aux pieds !</p>
<p>&nbsp;</p>
<p>&nbsp;</p>
<p><em>Heures d’ouverture :</em></p>
<p>Du 12 avril au 31 Octobre, tous les jours de 14h00 à 18h00 sauf le mardi.</p>
<p>Pour les groupes, ouverture toute l’année sur rendez-vous, y compris le matin.</p>
<p>Pour celles et ceux qui le souhaitent, il est possible de découvrir le Musée du Sabotier sabots aux pieds. Sabots et chaussons sont prêtés gratuitement le temps de la visite.</p>
<p><em>Réservations :</em></p>
<p>Les réservations sont possibles pour les groupes à partir de 10 personnes (application du tarif de groupe). Les visites sont alors alors possible tous les jours de l’année, y compris le matin. Visites en langue française ou allemande possible.</p>
<p>L’aire de pique-nique ou la salle d’activités peut être mise à disposition.</p>
<p>Les réservations sont à faire par téléphone, par mail ou via la rubrique ‘Contact’.</p>
<p><em>Tarifs :</em></p>
<p>Plein : 5 €</p>
<p>Réduit : 4 €</p>
<p>&nbsp;</p>
<p>Réservations / Renseignements(+33) 3 87 96 25 58<br />
musee.sabotier@gmail.com<br />
Office du tourisme Pays de Bitche <em><a href="http://www.ot-paysdebitche.com" target="_blank" rel="noopener">Site internet</a></em></p>
<p><strong>Réseau de musées et expositions de sites dans le Parc Naturel Régional des Vosges du Nord.</strong></p>
<p>Dans le Parc Naturel Régional des Vosges du Nord, 16 musées historiques, techniques et d’arts et traditions populaires ont tissé un réseau. Il mobilise des centaines de bénévoles et de professionnels dédiés à vous faire découvrir le patrimoine d’un territoire riche, séduisant et surprenant.</p>
<p>&nbsp;</p>
<p>La Conservation des musées, l’outil indispensable du fonctionnement du réseau.</p>
<p>Ce service du Parc permet de garantir la qualité des projets muséographiques et d’avancer ensemble sur des problématiques communes (préservation, gestion et valorisation des collections). Elle est composée de 3 conservatrices, de 2 chargées des inventaires et d’1 chargée des publics employées par le SYCOPARC (Syndicat mixte de coopération pour le Parc).</p>
<p>Tout savoir sur le Parc Naturel Régional des Vosges du Nord : <a href="https://www.parc-vosges-nord.fr" target="_blank" rel="noopener"><em>leur site internet.</em></a></p>
<p>Découvrez tous les musées du réseau et leurs collections en lignes : <em><a href="https://webmuseo.com/ws/musees-parc-vosges-nord/app/report/index.html" target="_blank" rel="noopener">leur site internet.</a></em></p>
<p>Tel : +33 (0) 3 88 01 49 59<br />
Mail : contact@parc-vosges-nord.fr</p>
<p>Conservation des Musées<br />
SYCOPARC<br />
Le château/Maison du Parc<br />
BP 24 67290 La Petite Pierre</p>
