	
	
	
	
{"id":12775,"date":"2025-01-11T07:29:14","date_gmt":"2025-01-11T06:29:14","guid":{"rendered":"https:\/\/www.grintoura.fr\/?post_type=listing&#038;p=12775"},"modified":"2025-01-13T15:15:40","modified_gmt":"2025-01-13T14:15:40","slug":"mon-savoureux-jardin-le-gite-aneth-112m2-4-8-p","status":"publish","type":"listing","link":"https:\/\/www.grintoura.fr\/en\/hebergement\/pays-de-la-loire\/hebergements\/mon-savoureux-jardin-le-gite-aneth-112m2-4-8-p\/","title":{"rendered":"Mon Savoureux Jardin \u2013 Le g\u00eete Aneth \u2013 112m2 (4\/8 p)"},"content":{"rendered":"<p><strong>Le g\u00eete Aneth<\/strong> : 112 m\u00b2 pour 4 ou 8 personnes<\/p>\n<p>Le g\u00eete Aneth de \u00ab\u00a0Mon Savoureux Jardin\u00a0\u00bb vous accueille pour un s\u00e9jour au calme dans la campagne angevine, au carrefour d&rsquo;Angers, Rennes et Nantes.<br \/>\nL&rsquo;ancienne \u00e9table, nich\u00e9e dans un domaine de pr\u00e8s de 7 hectares, a \u00e9t\u00e9 r\u00e9nov\u00e9e en 2016 pour vous accueillir dans un confort moderne et accessible de plain pied.<\/p>\n<p>Une fois les valises pos\u00e9es, vous pourrez profiter des jardins, des pr\u00e9s et des \u00e9tangs, pour la cueillette, la p\u00eache ou c\u00e2liner les \u00e2nes et les ch\u00e8vres.<\/p>\n<p><em>Le logement<\/em><\/p>\n<p>Le g\u00eete, labellis\u00e9 tourisme et handicap pour les 4 handicaps, offre un int\u00e9rieur spacieux et tr\u00e8s confortable offrant une totale accessibilit\u00e9.\u00a0Ce g\u00eete est totalement accessible PMR.<\/p>\n<p>Am\u00e9nag\u00e9e de plain-pied, la b\u00e2tisse comprend un espace cuisine ouvert sur le s\u00e9jour, 2 chambres avec chacune sa salle d&rsquo;eau (douche \u00e0 l&rsquo;italienne et un WC), ainsi qu&rsquo;un\u00a0WC s\u00e9par\u00e9.<\/p>\n<p>La terrasse donne acc\u00e8s \u00e0 un jardin privatif.<\/p>\n<p>Le s\u00e9jour dispose de 2 canap\u00e9s convertibles \u00e9quip\u00e9s de vrais matelas (couchage 1,40 x 1,90 m).<br \/>\nLes chambres sont \u00e9quip\u00e9es de 4 lits (2 x 0,90 m), qui peuvent \u00eatre r\u00e9unis \u00e0 la demande (surmatelas).<br \/>\nLa capacit\u00e9 d&rsquo;accueil est de 4 \u00e0 8 personnes.<\/p>\n<p><em>Vous souhaitez vous d\u00e9tendre et vous reposer ?<\/em><br \/>\nProfitez du domaine et installez vous sous un arbre \u00e0 proximit\u00e9 d&rsquo;une des mares ou de l&rsquo;\u00e9tang.<\/p>\n<p><em>Vous avez l\u2019\u00e2me curieuse ou cr\u00e9ative ?<\/em><br \/>\nIsabelle vous propose des ateliers d\u2019initiations selon vos envies :<br \/>\n&#8211; atelier nature : cueillette et cuisine des bonnes et mauvaises herbes du jardin<br \/>\n&#8211; ateliers cr\u00e9atifs : enluminure, calligraphie, cartonnage ou peinture sur bois<\/p>\n<p><em>Vous aimez les animaux ?\u00a0<\/em><br \/>\nLes \u00e2nes, ch\u00e8vres, moutons, canards, poules, lapins et paons n&rsquo;attendent que vous.<\/p>\n<p><em>Vous \u00eates gourmands ?<\/em><br \/>\nGo\u00fbtez le miel maison, b\u00e9n\u00e9ficiez des fruits et l\u00e9gumes du jardin ou encore p\u00eachez votre repas.<\/p>\n<p>Mon Savoureux Jardin a obtenu le label environnemental \u00ab\u00a0clef verte\u00a0\u00bb en 2020. Le g\u00eete Aneth est class\u00e9 4 \u00e9toiles et labellis\u00e9 tourisme &amp; handicaps .<\/p>\n<p><u>Acc\u00e8s des voyageurs<\/u><br \/>\nLe g\u00eete est enti\u00e8rement disponible pour les voyageurs.<br \/>\nLa dur\u00e9e de r\u00e9servation minimale est de 2 jours hors vacances scolaires et de 7 jours pendant les vacances scolaires<br \/>\n<u>Autres remarques<\/u><br \/>\nLe forfait m\u00e9nage comprend le nettoyage des surfaces et l&rsquo;entretien du linge de lit.<br \/>\nIl ne comprend pas: la vaisselle (toute vaisselle usag\u00e9e devra \u00eatre lav\u00e9e). Les d\u00e9chets devront \u00eatre mis dans les poubelles mises \u00e0 disposition.<br \/>\nLe petit-d\u00e9jeuner n&rsquo;est pas inclus.<\/p>\n<p>&nbsp;<\/p>","protected":false},"author":494,"featured_media":12747,"comment_status":"open","ping_status":"closed","template":"","meta":[],"listing_category":[163],"event_category":[],"service_category":[],"rental_category":[],"classifieds_category":[],"listing_feature":[27,203,207,122,189,196,187,153,115,233,209,210,138,140,181,184,191,78,136,219,274,133,130,34,215,142,177,180,179,186,204,154,134,185,198,202,229,213,132,74,145,206,232,217,129,135,123,201,222,220,137],"region":[256],"_links":{"self":[{"href":"https:\/\/www.grintoura.fr\/en\/wp-json\/wp\/v2\/listing\/12775"}],"collection":[{"href":"https:\/\/www.grintoura.fr\/en\/wp-json\/wp\/v2\/listing"}],"about":[{"href":"https:\/\/www.grintoura.fr\/en\/wp-json\/wp\/v2\/types\/listing"}],"author":[{"embeddable":true,"href":"https:\/\/www.grintoura.fr\/en\/wp-json\/wp\/v2\/users\/494"}],"replies":[{"embeddable":true,"href":"https:\/\/www.grintoura.fr\/en\/wp-json\/wp\/v2\/comments?post=12775"}],"wp:featuredmedia":[{"embeddable":true,"href":"https:\/\/www.grintoura.fr\/en\/wp-json\/wp\/v2\/media\/12747"}],"wp:attachment":[{"href":"https:\/\/www.grintoura.fr\/en\/wp-json\/wp\/v2\/media?parent=12775"}],"wp:term":[{"taxonomy":"listing_category","embeddable":true,"href":"https:\/\/www.grintoura.fr\/en\/wp-json\/wp\/v2\/listing_category?post=12775"},{"taxonomy":"event_category","embeddable":true,"href":"https:\/\/www.grintoura.fr\/en\/wp-json\/wp\/v2\/event_category?post=12775"},{"taxonomy":"service_category","embeddable":true,"href":"https:\/\/www.grintoura.fr\/en\/wp-json\/wp\/v2\/service_category?post=12775"},{"taxonomy":"rental_category","embeddable":true,"href":"https:\/\/www.grintoura.fr\/en\/wp-json\/wp\/v2\/rental_category?post=12775"},{"taxonomy":"classifieds_category","embeddable":true,"href":"https:\/\/www.grintoura.fr\/en\/wp-json\/wp\/v2\/classifieds_category?post=12775"},{"taxonomy":"listing_feature","embeddable":true,"href":"https:\/\/www.grintoura.fr\/en\/wp-json\/wp\/v2\/listing_feature?post=12775"},{"taxonomy":"region","embeddable":true,"href":"https:\/\/www.grintoura.fr\/en\/wp-json\/wp\/v2\/region?post=12775"}],"curies":[{"name":"wp","href":"https:\/\/api.w.org\/{rel}","templated":true}]}}

Mon Savoureux Jardin – Le gîte Aneth – 112m2 (4/8 p)

<p><strong>Le gîte Aneth</strong> : 112 m² pour 4 ou 8 personnes</p>
<p>Le gîte Aneth de « Mon Savoureux Jardin » vous accueille pour un séjour au calme dans la campagne angevine, au carrefour d&rsquo;Angers, Rennes et Nantes.<br />
L&rsquo;ancienne étable, nichée dans un domaine de près de 7 hectares, a été rénovée en 2016 pour vous accueillir dans un confort moderne et accessible de plain pied.</p>
<p>Une fois les valises posées, vous pourrez profiter des jardins, des prés et des étangs, pour la cueillette, la pêche ou câliner les ânes et les chèvres.</p>
<p><em>Le logement</em></p>
<p>Le gîte, labellisé tourisme et handicap pour les 4 handicaps, offre un intérieur spacieux et très confortable offrant une totale accessibilité. Ce gîte est totalement accessible PMR.</p>
<p>Aménagée de plain-pied, la bâtisse comprend un espace cuisine ouvert sur le séjour, 2 chambres avec chacune sa salle d&rsquo;eau (douche à l&rsquo;italienne et un WC), ainsi qu&rsquo;un WC séparé.</p>
<p>La terrasse donne accès à un jardin privatif.</p>
<p>Le séjour dispose de 2 canapés convertibles équipés de vrais matelas (couchage 1,40 x 1,90 m).<br />
Les chambres sont équipées de 4 lits (2 x 0,90 m), qui peuvent être réunis à la demande (surmatelas).<br />
La capacité d&rsquo;accueil est de 4 à 8 personnes.</p>
<p><em>Vous souhaitez vous détendre et vous reposer ?</em><br />
Profitez du domaine et installez vous sous un arbre à proximité d&rsquo;une des mares ou de l&rsquo;étang.</p>
<p><em>Vous avez l’âme curieuse ou créative ?</em><br />
Isabelle vous propose des ateliers d’initiations selon vos envies :<br />
&#8211; atelier nature : cueillette et cuisine des bonnes et mauvaises herbes du jardin<br />
&#8211; ateliers créatifs : enluminure, calligraphie, cartonnage ou peinture sur bois</p>
<p><em>Vous aimez les animaux ? </em><br />
Les ânes, chèvres, moutons, canards, poules, lapins et paons n&rsquo;attendent que vous.</p>
<p><em>Vous êtes gourmands ?</em><br />
Goûtez le miel maison, bénéficiez des fruits et légumes du jardin ou encore pêchez votre repas.</p>
<p>Mon Savoureux Jardin a obtenu le label environnemental « clef verte » en 2020. Le gîte Aneth est classé 4 étoiles et labellisé tourisme &amp; handicaps .</p>
<p><u>Accès des voyageurs</u><br />
Le gîte est entièrement disponible pour les voyageurs.<br />
La durée de réservation minimale est de 2 jours hors vacances scolaires et de 7 jours pendant les vacances scolaires<br />
<u>Autres remarques</u><br />
Le forfait ménage comprend le nettoyage des surfaces et l&rsquo;entretien du linge de lit.<br />
Il ne comprend pas: la vaisselle (toute vaisselle usagée devra être lavée). Les déchets devront être mis dans les poubelles mises à disposition.<br />
Le petit-déjeuner n&rsquo;est pas inclus.</p>
<p>&nbsp;</p>
