	
	
	
	
{"id":12073,"date":"2024-12-07T16:27:12","date_gmt":"2024-12-07T15:27:12","guid":{"rendered":"https:\/\/www.grintoura.fr\/?post_type=listing&#038;p=12073"},"modified":"2024-12-07T16:27:12","modified_gmt":"2024-12-07T15:27:12","slug":"salsa-lolitas","status":"publish","type":"listing","link":"https:\/\/www.grintoura.fr\/en\/hebergement\/corse\/alimentation-bio-restaurants-bars\/salsa-lolitas\/","title":{"rendered":"Salsa Lolita\u2019s"},"content":{"rendered":"<p><strong>Mon histoire:<\/strong><\/p>\n<p>Le piment \u00e0 toujours \u00e9t\u00e9 un \u00e9l\u00e9ment important et pr\u00e9sent dans la cuisine de ma famille, je l\u2019ai re-d\u00e9couvert plus tard en voyageant un peu partout dans le monde, d\u00e9couvrant toutes ces nuances et devenant accro au piment !<\/p>\n<p>C&rsquo;est naturellement que je me suis mis a faire mes propres recettes d\u2019abord pour moi et mes amis.<br \/>\nTrouvant beaucoup de plaisir dans la cr\u00e9ation et issue des m\u00e9tiers de bouches traditionnels,\u00a0 j\u2019ai voulu mettre mon savoir faire acquis en 25 ann\u00e9es de restauration dans le concept LOLITA&rsquo;S<\/p>\n<p>\u200b<\/p>\n<p>Ma femme qui se pr\u00e9nomme Lola a inspir\u00e9 la charte graphique et l\u2019univers LOLITA\u2019S, c\u2019est donc un hommage \u00e0 celle qui pimente ma vie!<\/p>\n<p>Notre atelier se situe \u00e0 Porto-Vecchio en Corse du Sud. Nos sauces sont artisanales et r\u00e9alis\u00e9es \u00e0 partir de produits frais, cuisin\u00e9es avec amour, sans ajout de colorant ni de conservateur artificiel.<br \/>\n\u200bNous s\u00e9lectionnons nos produits le plus localement possible et cultivons une partie des piments que nous utilisons \u00e0 Porto-Vecchio<\/p>\n<p>(Habanero, Carolina Reaper, Da-Dog, Cayenne&#8230;) et l\u2019autre partie vient principalement de l\u2019\u00eele de la R\u00e9union.<\/p>\n<p>Nous aimerions \u00e0 terme pouvoir produire l\u2019ensemble des piments localement.<\/p>\n<p>&nbsp;<\/p>\n<p>Adresse: Chemin de benciugno, 20137 Porto-Vecchio Corse (France)<\/p>\n<p>Tel: 06 06 51 63 33<\/p>\n<p>&nbsp;<\/p>\n<p><strong>Posts:<\/strong><\/p>\n<p><em>R\u00e9colte d&rsquo;arbouses et myrtes en famille! <\/em>19\/01\/22<\/p>\n<p>C&rsquo;est en famille avec n\u00f4tre fille de 7 mois que nous sommes partis cueillir l&rsquo;or rouge (l&rsquo;arbouse) ainsi que quelques baies de myrte pour nos sauces piquantes&#8230;<\/p>\n<p>Une belle journ\u00e9e du mois de d\u00e9cembre, il en faut pas plus pour nous motiver de chercher nos fruits (arbouses et myrte)<\/p>\n<p>Cette ann\u00e9e les arbouses se font timides et il faut donc n&rsquo;en rater aucune&#8230; Nous s\u00e9lectionnons uniquement les fruits m\u00fbrs les r\u00e9coltons \u00e0 la main.<\/p>\n<p>L&rsquo;Arbousier ou Arbousier commun(Arbutus unedo), parfois appel\u00e9 Arbre \u00e0 fraises, est une esp\u00e8ce d&rsquo;arbustes ou de petits arbres, qui pousse sur l&rsquo;ensemble du pourtour m\u00e9diterran\u00e9en occidental mais aussi dans le nord du pourtour oriental. Son fruit est appel\u00e9 Arbouse.<br \/>\nEt comme nous vivons sur une \u00eele magique, nous avons la chance de rendre visite pendant cette journ\u00e9e \u00e0 un arbre surnomm\u00e9 \u00ab\u00a0l&rsquo;arbre oiseau\u00a0\u00bb, un ch\u00eane-li\u00e8ge de Ghisonaccia, en Haute-Corse, qui \u00e0 particip\u00e9 au concours de l&rsquo;arbre europ\u00e9en de l&rsquo;ann\u00e9e 2019. D\u00e9couvert par hasard, cette \u0153uvre de la nature vieille de 200 ans a \u00e9t\u00e9 \u00e9lue en d\u00e9cembre 2018 pour repr\u00e9senter le pays. Son profil laisse penser \u00e0 un aigle sculpt\u00e9 \u00e0 m\u00eame le bois&#8230;.<br \/>\n<em>Testing recettes de Piments lacto-ferment\u00e9s&#8230;<\/em>22\/01\/22<\/p>\n<p>C&rsquo;est l&rsquo;hiver, p\u00e9riode un peu plus calme pour nous, alors je profite pour tester de nouvelles recettes et je me lance dans une potion de Piments lacto-ferment\u00e9s&#8230; ici avec des carottes, ail, tomates, et l&rsquo;autre aux herbes du maquis que j&rsquo;ai ramass\u00e9 hier. (romarin, thym, n\u00e9pita, myrte) R\u00e9sultat dans trois semaines!!<\/p>\n<p>La lacto-fermentation ne fait pas r\u00e9f\u00e9rence au lait ni au lactose mais elle ne concerne pas non plus uniquement la choucroute. En effet, g\u00e9n\u00e9ralement, la conservation du chou par lacto-fermentation reste l&rsquo;exemple le plus connu. Cependant, peu d&rsquo;entre nous savent que cette technique de conservation aux bienfaits nutritionnels confirm\u00e9s, peut \u00e9galement s&rsquo;appliquer \u00e0 d&rsquo;autres l\u00e9gumes.<\/p>\n<p>C&rsquo;est donc parfait pour \u00e9laborer des recettes de sauces piment\u00e9es, pour ma part j&rsquo;aime \u00e9galement les recettes cuisin\u00e9s non ferment\u00e9s, ceci est une question de go\u00fbt.. Il y a deux \u00e9coles.. et je ne suis pas sectaire!<\/p>\n<p>Qu&rsquo;est-ce que la lacto-fermentation ?<\/p>\n<p>La lacto-fermentation est appel\u00e9e \u00e9galement fermentation lactique pour la simple raison qu&rsquo;elle fait intervenir des bact\u00e9ries lactiques (Streptococcus, Lactobacillus, Bacillus). Ces derni\u00e8res aux noms savants ne vous sont peut-\u00eatre pas \u00e9trang\u00e8res puisque ces micro-organismes font partie des probiotiques, de plus en plus pl\u00e9biscit\u00e9s pour r\u00e9tablir l&rsquo;\u00e9quilibre de la flore intestinale et renforcer le syst\u00e8me immunitaire. Et comme on l&rsquo;entend dire de plus en plus, \u00ab\u00a0notre intestin est notre second cerveau\u00a0\u00bb, mieux vaut en prendre soin.<\/p>\n<p>Depuis des si\u00e8cles, cette technique de conservation qui n\u00e9cessite ni cuisson ni surg\u00e9lation a d\u00e9montr\u00e9 ses nombreuses vertus. Le principe repose sur la fermentation, c\u2019est-\u00e0-dire la transformation du glucose contenu dans les l\u00e9gumes en acide lactique gr\u00e2ce \u00e0 l&rsquo;action des bact\u00e9ries lactiques, dans un milieu ana\u00e9robie. L&rsquo;acide lactique permet d&rsquo;inhiber tous les autres micro-organismes \u00e0 l&rsquo;origine de la putr\u00e9faction des l\u00e9gumes, ce qui assure une bonne conservation.<\/p>\n<p>Les bienfaits nutritionnels de la lacto-fermentation<\/p>\n<p>Les l\u00e9gumes conserv\u00e9s par lacto-fermentation gardent leurs qualit\u00e9s nutritionnelles, ce qui n&rsquo;est pas toujours le cas avec les conserves st\u00e9rilis\u00e9es pour lesquelles une alt\u00e9ration est due \u00e0 la chaleur. Ici, enzymes, nutriments, dont vitamine C, B, PP et K sont pr\u00e9serv\u00e9s, tout en permettant une meilleure digestibilit\u00e9 notamment des nutriments, ce qui entraine un r\u00e9ensemencement de la flore intestinale et un r\u00e9\u00e9quilibrage de l&rsquo;acidit\u00e9 de l&rsquo;estomac.<\/p>\n<p>&nbsp;<\/p>\n<p><strong>Instagram:<\/strong>\u00a0<a href=\"https:\/\/www.instagram.com\/salsalolitas\/\" target=\"_blank\" rel=\"noopener\">https:\/\/www.instagram.com\/salsalolitas\/<\/a><\/p>","protected":false},"author":430,"featured_media":12071,"comment_status":"open","ping_status":"closed","template":"","meta":[],"listing_category":[167],"event_category":[],"service_category":[],"rental_category":[],"classifieds_category":[],"listing_feature":[],"region":[241],"_links":{"self":[{"href":"https:\/\/www.grintoura.fr\/en\/wp-json\/wp\/v2\/listing\/12073"}],"collection":[{"href":"https:\/\/www.grintoura.fr\/en\/wp-json\/wp\/v2\/listing"}],"about":[{"href":"https:\/\/www.grintoura.fr\/en\/wp-json\/wp\/v2\/types\/listing"}],"author":[{"embeddable":true,"href":"https:\/\/www.grintoura.fr\/en\/wp-json\/wp\/v2\/users\/430"}],"replies":[{"embeddable":true,"href":"https:\/\/www.grintoura.fr\/en\/wp-json\/wp\/v2\/comments?post=12073"}],"wp:featuredmedia":[{"embeddable":true,"href":"https:\/\/www.grintoura.fr\/en\/wp-json\/wp\/v2\/media\/12071"}],"wp:attachment":[{"href":"https:\/\/www.grintoura.fr\/en\/wp-json\/wp\/v2\/media?parent=12073"}],"wp:term":[{"taxonomy":"listing_category","embeddable":true,"href":"https:\/\/www.grintoura.fr\/en\/wp-json\/wp\/v2\/listing_category?post=12073"},{"taxonomy":"event_category","embeddable":true,"href":"https:\/\/www.grintoura.fr\/en\/wp-json\/wp\/v2\/event_category?post=12073"},{"taxonomy":"service_category","embeddable":true,"href":"https:\/\/www.grintoura.fr\/en\/wp-json\/wp\/v2\/service_category?post=12073"},{"taxonomy":"rental_category","embeddable":true,"href":"https:\/\/www.grintoura.fr\/en\/wp-json\/wp\/v2\/rental_category?post=12073"},{"taxonomy":"classifieds_category","embeddable":true,"href":"https:\/\/www.grintoura.fr\/en\/wp-json\/wp\/v2\/classifieds_category?post=12073"},{"taxonomy":"listing_feature","embeddable":true,"href":"https:\/\/www.grintoura.fr\/en\/wp-json\/wp\/v2\/listing_feature?post=12073"},{"taxonomy":"region","embeddable":true,"href":"https:\/\/www.grintoura.fr\/en\/wp-json\/wp\/v2\/region?post=12073"}],"curies":[{"name":"wp","href":"https:\/\/api.w.org\/{rel}","templated":true}]}}

<p><strong>Mon histoire:</strong></p>
<p>Le piment à toujours été un élément important et présent dans la cuisine de ma famille, je l’ai re-découvert plus tard en voyageant un peu partout dans le monde, découvrant toutes ces nuances et devenant accro au piment !</p>
<p>C&rsquo;est naturellement que je me suis mis a faire mes propres recettes d’abord pour moi et mes amis.<br />
Trouvant beaucoup de plaisir dans la création et issue des métiers de bouches traditionnels,  j’ai voulu mettre mon savoir faire acquis en 25 années de restauration dans le concept LOLITA&rsquo;S</p>
<p>​</p>
<p>Ma femme qui se prénomme Lola a inspiré la charte graphique et l’univers LOLITA’S, c’est donc un hommage à celle qui pimente ma vie!</p>
<p>Notre atelier se situe à Porto-Vecchio en Corse du Sud. Nos sauces sont artisanales et réalisées à partir de produits frais, cuisinées avec amour, sans ajout de colorant ni de conservateur artificiel.<br />
​Nous sélectionnons nos produits le plus localement possible et cultivons une partie des piments que nous utilisons à Porto-Vecchio</p>
<p>(Habanero, Carolina Reaper, Da-Dog, Cayenne&#8230;) et l’autre partie vient principalement de l’île de la Réunion.</p>
<p>Nous aimerions à terme pouvoir produire l’ensemble des piments localement.</p>
<p>&nbsp;</p>
<p>Adresse: Chemin de benciugno, 20137 Porto-Vecchio Corse (France)</p>
<p>Tel: 06 06 51 63 33</p>
<p>&nbsp;</p>
<p><strong>Posts:</strong></p>
<p><em>Récolte d&rsquo;arbouses et myrtes en famille! </em>19/01/22</p>
<p>C&rsquo;est en famille avec nôtre fille de 7 mois que nous sommes partis cueillir l&rsquo;or rouge (l&rsquo;arbouse) ainsi que quelques baies de myrte pour nos sauces piquantes&#8230;</p>
<p>Une belle journée du mois de décembre, il en faut pas plus pour nous motiver de chercher nos fruits (arbouses et myrte)</p>
<p>Cette année les arbouses se font timides et il faut donc n&rsquo;en rater aucune&#8230; Nous sélectionnons uniquement les fruits mûrs les récoltons à la main.</p>
<p>L&rsquo;Arbousier ou Arbousier commun(Arbutus unedo), parfois appelé Arbre à fraises, est une espèce d&rsquo;arbustes ou de petits arbres, qui pousse sur l&rsquo;ensemble du pourtour méditerranéen occidental mais aussi dans le nord du pourtour oriental. Son fruit est appelé Arbouse.<br />
Et comme nous vivons sur une île magique, nous avons la chance de rendre visite pendant cette journée à un arbre surnommé « l&rsquo;arbre oiseau », un chêne-liège de Ghisonaccia, en Haute-Corse, qui à participé au concours de l&rsquo;arbre européen de l&rsquo;année 2019. Découvert par hasard, cette œuvre de la nature vieille de 200 ans a été élue en décembre 2018 pour représenter le pays. Son profil laisse penser à un aigle sculpté à même le bois&#8230;.<br />
<em>Testing recettes de Piments lacto-fermentés&#8230;</em>22/01/22</p>
<p>C&rsquo;est l&rsquo;hiver, période un peu plus calme pour nous, alors je profite pour tester de nouvelles recettes et je me lance dans une potion de Piments lacto-fermentés&#8230; ici avec des carottes, ail, tomates, et l&rsquo;autre aux herbes du maquis que j&rsquo;ai ramassé hier. (romarin, thym, népita, myrte) Résultat dans trois semaines!!</p>
<p>La lacto-fermentation ne fait pas référence au lait ni au lactose mais elle ne concerne pas non plus uniquement la choucroute. En effet, généralement, la conservation du chou par lacto-fermentation reste l&rsquo;exemple le plus connu. Cependant, peu d&rsquo;entre nous savent que cette technique de conservation aux bienfaits nutritionnels confirmés, peut également s&rsquo;appliquer à d&rsquo;autres légumes.</p>
<p>C&rsquo;est donc parfait pour élaborer des recettes de sauces pimentées, pour ma part j&rsquo;aime également les recettes cuisinés non fermentés, ceci est une question de goût.. Il y a deux écoles.. et je ne suis pas sectaire!</p>
<p>Qu&rsquo;est-ce que la lacto-fermentation ?</p>
<p>La lacto-fermentation est appelée également fermentation lactique pour la simple raison qu&rsquo;elle fait intervenir des bactéries lactiques (Streptococcus, Lactobacillus, Bacillus). Ces dernières aux noms savants ne vous sont peut-être pas étrangères puisque ces micro-organismes font partie des probiotiques, de plus en plus plébiscités pour rétablir l&rsquo;équilibre de la flore intestinale et renforcer le système immunitaire. Et comme on l&rsquo;entend dire de plus en plus, « notre intestin est notre second cerveau », mieux vaut en prendre soin.</p>
<p>Depuis des siècles, cette technique de conservation qui nécessite ni cuisson ni surgélation a démontré ses nombreuses vertus. Le principe repose sur la fermentation, c’est-à-dire la transformation du glucose contenu dans les légumes en acide lactique grâce à l&rsquo;action des bactéries lactiques, dans un milieu anaérobie. L&rsquo;acide lactique permet d&rsquo;inhiber tous les autres micro-organismes à l&rsquo;origine de la putréfaction des légumes, ce qui assure une bonne conservation.</p>
<p>Les bienfaits nutritionnels de la lacto-fermentation</p>
<p>Les légumes conservés par lacto-fermentation gardent leurs qualités nutritionnelles, ce qui n&rsquo;est pas toujours le cas avec les conserves stérilisées pour lesquelles une altération est due à la chaleur. Ici, enzymes, nutriments, dont vitamine C, B, PP et K sont préservés, tout en permettant une meilleure digestibilité notamment des nutriments, ce qui entraine un réensemencement de la flore intestinale et un rééquilibrage de l&rsquo;acidité de l&rsquo;estomac.</p>
<p>&nbsp;</p>
<p><strong>Instagram:</strong> <a href="https://www.instagram.com/salsalolitas/" target="_blank" rel="noopener">https://www.instagram.com/salsalolitas/</a></p>
