	
	
	
	
{"id":11630,"date":"2024-09-21T22:41:45","date_gmt":"2024-09-21T20:41:45","guid":{"rendered":"https:\/\/www.grintoura.fr\/?post_type=listing&#038;p=11630"},"modified":"2026-04-24T21:42:40","modified_gmt":"2026-04-24T19:42:40","slug":"ledelweiss-tignes-val-claret-2","status":"publish","type":"listing","link":"https:\/\/www.grintoura.fr\/en\/hebergement\/auvergne-rhone-alpes\/hebergements\/ledelweiss-tignes-val-claret-2\/","title":{"rendered":"L\u2019Edelweiss, Tignes Val Claret"},"content":{"rendered":"<p><strong>L&rsquo;Edelweiss: \u2744\ufe0f<\/strong><\/p>\n<p>Du nom de ces fleurs que nous avons vu en montant vers Tichots, nous louons notre appartement T2, 33m2 au 5\u00e8me et dernier \u00e9tage du Sefcotel avec ascenseur, refait \u00e0 neuf en 2016, id\u00e9alement situ\u00e9 en plein centre du Val Claret.<\/p>\n<p>D\u00e9part et retour ski aux pieds en sortant du Sefcotel, le t\u00e9l\u00e9si\u00e8ge des Tufs est \u00e0 1mn ainsi que l&rsquo;ESF et autres \u00e9coles de ski.<br \/>\nTous les autres commerces se situent \u00e0 moins de 5mn. (Sherpa, boulangerie, resto divers (d&rsquo;hiver et d&rsquo;\u00e9t\u00e9 \ud83d\ude09 ), locations.<\/p>\n<p>&nbsp;<\/p>\n<p>Orient\u00e9 plein sud avec une grande terrasse accessible \u00e0 partir du salon. Il y a un\u00a0canap\u00e9-lit grand confort de 140&#215;190 et 2 lits superpos\u00e9s rabattables de 80&#215;190.<\/p>\n<p>Une table avec rallonges, une grande tv avec c\u00e2ble hdmi, une box wifi, une armoire de vaisselle et couverts et d&rsquo;appareils de cuisson (fondue, raclette)<\/p>\n<p>La chambre ind\u00e9pendante pour 2 personnes est \u00e9quip\u00e9 avec un lit 140&#215;190, des rangements, une petite Tv.<\/p>\n<p>&nbsp;<\/p>\n<p>La cuisine tout confort est ind\u00e9pendante (plaque, four, hotte, lave-vaisselle, micro-onde, Nespresso et cafeti\u00e8re, bouilloire, frigo-cong\u00e9lateur).<\/p>\n<p><em>Ne jetez pas vos restes de repas ou de cuisine<\/em>, il y a une Poubelle alimentaire avec sachets kraft pour le compost\u00a0que vous trouverez \u00a0Avenue de Grande Motte, devant la r\u00e9sidence du Bois de la Laye, \u00e0 5mn \u00e0 pieds en descendant vers le Club Med.<\/p>\n<p>La salle-de-bain est avec une baignoire-douche, une lave-linge\/s\u00e8che-linge combin\u00e9, un s\u00e8che-cheveux.<\/p>\n<p>Le WC est ind\u00e9pendant.<\/p>\n<p>&nbsp;<\/p>\n<p>&nbsp;<\/p>\n<p><u>Voyage:<\/u><\/p>\n<p>Tignes est accessible via le train jusqu&rsquo;\u00e0 Bourg St Maurice puis en navette jusqu&rsquo;\u00e0 Tignes.\u00a0<a href=\"https:\/\/www.tictactrip.eu\" target=\"_blank\" rel=\"noopener\">https:\/\/www.tictactrip.eu<\/a><\/p>\n<p>Location de v\u00e9lo ou ski sur de nombreux sites sur place.<\/p>\n<p>&nbsp;<\/p>\n<p>Notre parking priv\u00e9 est situ\u00e9 au sous-sol de l&rsquo;immeuble.<\/p>\n<p>&nbsp;<\/p>\n<p><em>Conditions d&rsquo;annulation:<\/em><\/p>\n<p>-Retenue de 25% pour une annulation de 30 jours \u00e0 48heures avant le d\u00e9but de la location. \u00a0 \u00a0 \u00a0 \u00a0 \u00a0 \u00a0 \u00a0 \u00a0 \u00a0 \u00a0 \u00a0 \u00a0 \u00a0 \u00a0 \u00a0 \u00a0 \u00a0 \u00a0 \u00a0 \u00a0 \u00a0 \u00a0 \u00a0 \u00a0 \u00a0 \u00a0 \u00a0 \u00a0 \u00a0 \u00a0 \u00a0 \u00a0 \u00a0 \u00a0 \u00a0 \u00a0-Retenue de 50% si annulation moins de 48heures avant le d\u00e9but de la location<\/p>\n<p>&nbsp;<\/p>\n<p>&nbsp;<\/p>\n<p><strong>Agence du Glacier:<\/strong> ( C&rsquo;est cette agence que vous pourrez contacter et qui vous remettra les cl\u00e9s. Un probl\u00e8me, une question ? &#8230;Vous pouvez les joindre)<\/p>\n<p>Rue du Front de neige R\u00e9sidence Curling A1, 73320 Tignes<br \/>\n04.79.07.19.66<\/p>\n<p>&nbsp;<\/p>\n<p><strong>Onglet vacances \u00e9co-responsables Tignes<\/strong><\/p>\n<p>https:\/\/www.tignes.net\/magazine\/artice\/vacances-ecoresponsables<\/p>\n<p><u>Compost Tignes:<\/u> Avenue de Grande Motte, devant la r\u00e9sidence du Bois de la Laye<\/p>\n<p>&nbsp;<\/p>\n<p><strong>La R\u00e9serve naturelle nationale de Tignes-Champagny<\/strong><\/p>\n<p>Elle est situ\u00e9e en Haute-Tarentaise sur les communes de Tignes et de Champagny-en-Vanoise en rive gauche de l&rsquo;Is\u00e8re. Sa superficie totale est de 13,21 km\u00b2. Elle est scind\u00e9e en deux parties. La premi\u00e8re, enti\u00e8rement sur la commune de Tignes, s\u2019\u00e9tend au-dessus du hameau des Boisses \u00e0 partir de 2150 m d\u2019altitude, dans les vallons de la Sache et de la Sachette jusqu\u2019au d\u00f4me de la Sache \u00e0 3855 m d\u2019altitude. La seconde correspond \u00e0 l\u2019emplacement des glaciers de la Grande Motte et concerne les territoires communaux de Tignes et de Champagny-en-Vanoise, elle culmine \u00e0 3653 m d\u2019altitude au sommet de la Grande Motte. Ces deux territoires prot\u00e9g\u00e9s sont contigu\u00ebs au c\u0153ur du Parc national de la Vanoise.<\/p>\n<p>En \u00e9t\u00e9, la R\u00e9serve naturelle de Tignes-Champagny est un site privil\u00e9gi\u00e9 pour d\u00e9couvrir la flore et la faune alpine au cours de randonn\u00e9es dans un paysage grandiose. Situ\u00e9e en partie sur le domaine skiable de Tignes, la pratique du ski alpin est possible dans la r\u00e9serve\u00a0; le t\u00e9l\u00e9ph\u00e9rique de la Grande Motte permet m\u00eame une activit\u00e9 estivale du ski\u00a0!<\/p>\n<p>&nbsp;<\/p>\n<p><u>Activit\u00e9s:<\/u><\/p>\n<p>Des animations estivales de d\u00e9couverte du patrimoine naturel sont propos\u00e9es par le gestionnaire. Elles permettent notamment de valoriser les \u00e9tudes scientifiques en cours sur la r\u00e9serve comme le suivi des marais d&rsquo;altitude riches en esp\u00e8ces arctico-alpines. La r\u00e9serve est un territoire de r\u00e9f\u00e9rence pour ce suivi pratiqu\u00e9 sur l&rsquo;ensemble des Alpes fran\u00e7aises\u00a0; il vise \u00e0 mieux documenter les effets du r\u00e9chauffement climatique sur les communaut\u00e9s v\u00e9g\u00e9tales \u00e0 l&rsquo;\u00e9tage alpin.<\/p>\n<p>&nbsp;<\/p>\n<p><u>VisoRando:<\/u><\/p>\n<p>Retrouvez quelques randonn\u00e9es propos\u00e9es par Visorando en bas de cette annonce.<\/p>\n<p>&nbsp;<\/p>\n<p><u>Patrimoines:<\/u><\/p>\n<p>C&rsquo;est dans la partie nord, autour du vallon de la Sache que sont connus les \u00e9l\u00e9ments les plus remarquables du patrimoine naturel. Les milieux forment une mosa\u00efque classique \u00e0 l&rsquo;\u00e9tage alpin compos\u00e9e de glaciers, de falaises, d&rsquo;\u00e9boulis, de pelouses alpines o\u00f9 s&rsquo;intercalent torrents, marais et lacs.<\/p>\n<p>Ces biotopes accueillent une flore o\u00f9 se c\u00f4toient des esp\u00e8ces end\u00e9miques de la cha\u00eene alpine comme la cr\u00e9pide des Alpes Rh\u00e9tiques, le saule glauque, l&rsquo;androsace alpine, etc. et des reliques glaciaires exceptionnelles comme le jonc arctique et la roripe d&rsquo;Islande. L&rsquo;inventaire des plantes \u00e0 fleurs et des foug\u00e8res de la r\u00e9serve est relativement complet, mais de belles d\u00e9couvertes restent possibles comme celle effectu\u00e9e en 2014 par la garde-animatrice d&rsquo;une population d&rsquo;astragale de Lienz. La quasi totalit\u00e9 des populations fran\u00e7aise de cette esp\u00e8ce est localis\u00e9e en Vanoise dans le c\u0153ur du Parc national et les r\u00e9serves naturelles nationales de Haute-Tarentaise. Par contre d&rsquo;importantes \u00e9tudes restent \u00e0 effectuer pour mieux conna\u00eetre ces plantes plus discr\u00e8tes que sont les mousses et ces organismes si particuliers que sont les champignons.<\/p>\n<p>En ce qui concerne la faune, il est possible d&rsquo;observer une grande partie de la faune alpine dans la R\u00e9serve naturelle de Tignes-Champagny. Parmi les animaux les mieux adapt\u00e9s \u00e0 ces hautes altitudes nous retrouvons ceux qui muent enti\u00e8rement en hiver pour rev\u00eatir un plumage ou un pelage presque enti\u00e8rement blanc et mim\u00e9tique sur la neige\u00a0: le lagop\u00e8de alpin, l&rsquo;hermine, le li\u00e8vre variable.<\/p>\n<p>&nbsp;<\/p>","protected":false},"author":394,"featured_media":11611,"comment_status":"open","ping_status":"closed","template":"","meta":[],"listing_category":[163],"event_category":[],"service_category":[],"rental_category":[],"classifieds_category":[],"listing_feature":[27,194,193,203,211,189,196,188,187,146,115,233,205,181,184,191,130,34,177,214,186,204,154,134,185,202,213,74,145,232,217,129,123,201,231,199,221,117,220,137],"region":[69],"_links":{"self":[{"href":"https:\/\/www.grintoura.fr\/en\/wp-json\/wp\/v2\/listing\/11630"}],"collection":[{"href":"https:\/\/www.grintoura.fr\/en\/wp-json\/wp\/v2\/listing"}],"about":[{"href":"https:\/\/www.grintoura.fr\/en\/wp-json\/wp\/v2\/types\/listing"}],"author":[{"embeddable":true,"href":"https:\/\/www.grintoura.fr\/en\/wp-json\/wp\/v2\/users\/394"}],"replies":[{"embeddable":true,"href":"https:\/\/www.grintoura.fr\/en\/wp-json\/wp\/v2\/comments?post=11630"}],"wp:featuredmedia":[{"embeddable":true,"href":"https:\/\/www.grintoura.fr\/en\/wp-json\/wp\/v2\/media\/11611"}],"wp:attachment":[{"href":"https:\/\/www.grintoura.fr\/en\/wp-json\/wp\/v2\/media?parent=11630"}],"wp:term":[{"taxonomy":"listing_category","embeddable":true,"href":"https:\/\/www.grintoura.fr\/en\/wp-json\/wp\/v2\/listing_category?post=11630"},{"taxonomy":"event_category","embeddable":true,"href":"https:\/\/www.grintoura.fr\/en\/wp-json\/wp\/v2\/event_category?post=11630"},{"taxonomy":"service_category","embeddable":true,"href":"https:\/\/www.grintoura.fr\/en\/wp-json\/wp\/v2\/service_category?post=11630"},{"taxonomy":"rental_category","embeddable":true,"href":"https:\/\/www.grintoura.fr\/en\/wp-json\/wp\/v2\/rental_category?post=11630"},{"taxonomy":"classifieds_category","embeddable":true,"href":"https:\/\/www.grintoura.fr\/en\/wp-json\/wp\/v2\/classifieds_category?post=11630"},{"taxonomy":"listing_feature","embeddable":true,"href":"https:\/\/www.grintoura.fr\/en\/wp-json\/wp\/v2\/listing_feature?post=11630"},{"taxonomy":"region","embeddable":true,"href":"https:\/\/www.grintoura.fr\/en\/wp-json\/wp\/v2\/region?post=11630"}],"curies":[{"name":"wp","href":"https:\/\/api.w.org\/{rel}","templated":true}]}}

<p><strong>L&rsquo;Edelweiss: ❄️</strong></p>
<p>Du nom de ces fleurs que nous avons vu en montant vers Tichots, nous louons notre appartement T2, 33m2 au 5ème et dernier étage du Sefcotel avec ascenseur, refait à neuf en 2016, idéalement situé en plein centre du Val Claret.</p>
<p>Départ et retour ski aux pieds en sortant du Sefcotel, le télésiège des Tufs est à 1mn ainsi que l&rsquo;ESF et autres écoles de ski.<br />
Tous les autres commerces se situent à moins de 5mn. (Sherpa, boulangerie, resto divers (d&rsquo;hiver et d&rsquo;été 😉 ), locations.</p>
<p>&nbsp;</p>
<p>Orienté plein sud avec une grande terrasse accessible à partir du salon. Il y a un canapé-lit grand confort de 140&#215;190 et 2 lits superposés rabattables de 80&#215;190.</p>
<p>Une table avec rallonges, une grande tv avec câble hdmi, une box wifi, une armoire de vaisselle et couverts et d&rsquo;appareils de cuisson (fondue, raclette)</p>
<p>La chambre indépendante pour 2 personnes est équipé avec un lit 140&#215;190, des rangements, une petite Tv.</p>
<p>&nbsp;</p>
<p>La cuisine tout confort est indépendante (plaque, four, hotte, lave-vaisselle, micro-onde, Nespresso et cafetière, bouilloire, frigo-congélateur).</p>
<p><em>Ne jetez pas vos restes de repas ou de cuisine</em>, il y a une Poubelle alimentaire avec sachets kraft pour le compost que vous trouverez  Avenue de Grande Motte, devant la résidence du Bois de la Laye, à 5mn à pieds en descendant vers le Club Med.</p>
<p>La salle-de-bain est avec une baignoire-douche, une lave-linge/sèche-linge combiné, un sèche-cheveux.</p>
<p>Le WC est indépendant.</p>
<p>&nbsp;</p>
<p>&nbsp;</p>
<p><u>Voyage:</u></p>
<p>Tignes est accessible via le train jusqu&rsquo;à Bourg St Maurice puis en navette jusqu&rsquo;à Tignes. <a href="https://www.tictactrip.eu" target="_blank" rel="noopener">https://www.tictactrip.eu</a></p>
<p>Location de vélo ou ski sur de nombreux sites sur place.</p>
<p>&nbsp;</p>
<p>Notre parking privé est situé au sous-sol de l&rsquo;immeuble.</p>
<p>&nbsp;</p>
<p><em>Conditions d&rsquo;annulation:</em></p>
<p>-Retenue de 25% pour une annulation de 30 jours à 48heures avant le début de la location.                                                                        -Retenue de 50% si annulation moins de 48heures avant le début de la location</p>
<p>&nbsp;</p>
<p>&nbsp;</p>
<p><strong>Agence du Glacier:</strong> ( C&rsquo;est cette agence que vous pourrez contacter et qui vous remettra les clés. Un problème, une question ? &#8230;Vous pouvez les joindre)</p>
<p>Rue du Front de neige Résidence Curling A1, 73320 Tignes<br />
04.79.07.19.66</p>
<p>&nbsp;</p>
<p><strong>Onglet vacances éco-responsables Tignes</strong></p>
<p>https://www.tignes.net/magazine/artice/vacances-ecoresponsables</p>
<p><u>Compost Tignes:</u> Avenue de Grande Motte, devant la résidence du Bois de la Laye</p>
<p>&nbsp;</p>
<p><strong>La Réserve naturelle nationale de Tignes-Champagny</strong></p>
<p>Elle est située en Haute-Tarentaise sur les communes de Tignes et de Champagny-en-Vanoise en rive gauche de l&rsquo;Isère. Sa superficie totale est de 13,21 km². Elle est scindée en deux parties. La première, entièrement sur la commune de Tignes, s’étend au-dessus du hameau des Boisses à partir de 2150 m d’altitude, dans les vallons de la Sache et de la Sachette jusqu’au dôme de la Sache à 3855 m d’altitude. La seconde correspond à l’emplacement des glaciers de la Grande Motte et concerne les territoires communaux de Tignes et de Champagny-en-Vanoise, elle culmine à 3653 m d’altitude au sommet de la Grande Motte. Ces deux territoires protégés sont contiguës au cœur du Parc national de la Vanoise.</p>
<p>En été, la Réserve naturelle de Tignes-Champagny est un site privilégié pour découvrir la flore et la faune alpine au cours de randonnées dans un paysage grandiose. Située en partie sur le domaine skiable de Tignes, la pratique du ski alpin est possible dans la réserve ; le téléphérique de la Grande Motte permet même une activité estivale du ski !</p>
<p>&nbsp;</p>
<p><u>Activités:</u></p>
<p>Des animations estivales de découverte du patrimoine naturel sont proposées par le gestionnaire. Elles permettent notamment de valoriser les études scientifiques en cours sur la réserve comme le suivi des marais d&rsquo;altitude riches en espèces arctico-alpines. La réserve est un territoire de référence pour ce suivi pratiqué sur l&rsquo;ensemble des Alpes françaises ; il vise à mieux documenter les effets du réchauffement climatique sur les communautés végétales à l&rsquo;étage alpin.</p>
<p>&nbsp;</p>
<p><u>VisoRando:</u></p>
<p>Retrouvez quelques randonnées proposées par Visorando en bas de cette annonce.</p>
<p>&nbsp;</p>
<p><u>Patrimoines:</u></p>
<p>C&rsquo;est dans la partie nord, autour du vallon de la Sache que sont connus les éléments les plus remarquables du patrimoine naturel. Les milieux forment une mosaïque classique à l&rsquo;étage alpin composée de glaciers, de falaises, d&rsquo;éboulis, de pelouses alpines où s&rsquo;intercalent torrents, marais et lacs.</p>
<p>Ces biotopes accueillent une flore où se côtoient des espèces endémiques de la chaîne alpine comme la crépide des Alpes Rhétiques, le saule glauque, l&rsquo;androsace alpine, etc. et des reliques glaciaires exceptionnelles comme le jonc arctique et la roripe d&rsquo;Islande. L&rsquo;inventaire des plantes à fleurs et des fougères de la réserve est relativement complet, mais de belles découvertes restent possibles comme celle effectuée en 2014 par la garde-animatrice d&rsquo;une population d&rsquo;astragale de Lienz. La quasi totalité des populations française de cette espèce est localisée en Vanoise dans le cœur du Parc national et les réserves naturelles nationales de Haute-Tarentaise. Par contre d&rsquo;importantes études restent à effectuer pour mieux connaître ces plantes plus discrètes que sont les mousses et ces organismes si particuliers que sont les champignons.</p>
<p>En ce qui concerne la faune, il est possible d&rsquo;observer une grande partie de la faune alpine dans la Réserve naturelle de Tignes-Champagny. Parmi les animaux les mieux adaptés à ces hautes altitudes nous retrouvons ceux qui muent entièrement en hiver pour revêtir un plumage ou un pelage presque entièrement blanc et mimétique sur la neige : le lagopède alpin, l&rsquo;hermine, le lièvre variable.</p>
<p>&nbsp;</p>
